000
CXUS54 KFWD 230730
CF6TRL
PRELIMINARY LOCAL CLIMATOLOGICAL DATA (WS FORM: F-6)

                                          STATION:   TERRELL
                                          MONTH:     AUGUST
                                          YEAR:      2014
                                          LATITUDE:   32 42 N
                                          LONGITUDE:  96 16 W

  TEMPERATURE IN F:       :PCPN:    SNOW:  WIND      :SUNSHINE: SKY     :PK WND
================================================================================
1   2   3   4   5  6A  6B    7    8   9   10  11  12  13   14  15   16   17  18
                                     12Z  AVG MX 2MIN
DY MAX MIN AVG DEP HDD CDD  WTR  SNW DPTH SPD SPD DIR MIN PSBL S-S WX    SPD DR
================================================================================

 1  80  69  75 -10   0  10    T  0.0    0  7.9 15  30   M    M  10 1      19  10
 2  88  68  78  -7   0  13    T  0.0    0  6.5 16  50   M    M   5 1      20  50
 3  92  72  82  -3   0  17 0.00  0.0    0  7.8 20  20   M    M   3 1      23  20
 4  93  73  83  -2   0  18 0.00  0.0    0  6.2 15  30   M    M   1 18     22  10
 5  96  73  85   0   0  20 0.00  0.0    0  5.1 12  90   M    M   1 18     15 120
 6  97  77  87   2   0  22 0.00  0.0    0  7.4 15 140   M    M   0        21 130
 7  99  78  89   4   0  24 0.00  0.0    0  9.3 17 160   M    M   1        25 170
 8 102  79  91   6   0  26 0.00  0.0    0  9.7 18 180   M    M   1        24 220
 9 100  78  89   4   0  24 0.00  0.0    0  8.1 16 180   M    M   0        21 160
10 102  76  89   4   0  24 0.00  0.0    0  5.0 14  80   M    M   1 3      18 250
11  97  77  87   2   0  22 0.00  0.0    0  5.6 20  30   M    M   0        24  30
12  95  68  82  -3   0  17 0.00  0.0    0  7.5 21  30   M    M   0        27 350
13  92  65  79  -6   0  14 0.00  0.0    0  4.8 13  30   M    M   0        16 100
14  94  66  80  -5   0  15 0.00  0.0    0  4.9 13 100   M    M   0        18 110
15  97  71  84  -1   0  19 0.00  0.0    0  6.8 16 180   M    M   1        20 140
16 101  78  90   5   0  25 0.02  0.0    0  9.3 22 320   M    M   2 3      28 320
17  82  75  79  -6   0  14 0.22  0.0    0  4.5 13 150   M    M   3 13     16 140
18  93  75  84  -1   0  19    T  0.0    0  6.3 16 230   M    M   1        20 230
19  96  78  87   2   0  22    T  0.0    0  9.2 26 150   M    M   1        37 130
20  98  77  88   3   0  23 0.00  0.0    0 11.5 21 190   M    M   1        25 190
21 101  78  90   5   0  25 0.00  0.0    0 12.3 23 190   M    M   1        31 190
22 101  78  90   6   0  25 0.00  0.0    0 10.2 17 190   M    M   0        24 220
================================================================================
SM 2096 1629         0 438  0.24     0.0 165.9          M       33
================================================================================
AV 95.3 74.0                               7.5 FASTST   M    M   2    MAX(MPH)
                                 MISC ---->  # 26 150               # 37  130
================================================================================
NOTES:
# LAST OF SEVERAL OCCURRENCES

COLUMN 17 PEAK WIND IN M.P.H.

PRELIMINARY LOCAL CLIMATOLOGICAL DATA (WS FORM: F-6) , PAGE 2

                                          STATION:  TERRELL
                                          MONTH:    AUGUST
                                          YEAR:     2014
                                          LATITUDE:   32 42 N
                                          LONGITUDE:  96 16 W

[TEMPERATURE DATA]      [PRECIPITATION DATA]       SYMBOLS USED IN COLUMN 16

AVERAGE MONTHLY: 84.7   TOTAL FOR MONTH:   0.24    1 = FOG OR MIST
DPTR FM NORMAL:  -0.3   DPTR FM NORMAL:   -0.97    2 = FOG REDUCING VISIBILITY
HIGHEST:   102 ON 10, 8 GRTST 24HR  2.80 ON 31- 1      TO 1/4 MILE OR LESS
LOWEST:     65 ON 13                               3 = THUNDER
                        SNOW, ICE PELLETS, HAIL    4 = ICE PELLETS
                        TOTAL MONTH:   0.0 INCH    5 = HAIL
                        GRTST 24HR     0.0         6 = FREEZING RAIN OR DRIZZLE
                        GRTST DEPTH:   0           7 = DUSTSTORM OR SANDSTORM:
                                                       VSBY 1/2 MILE OR LESS
                                                   8 = SMOKE OR HAZE
[NO. OF DAYS WITH]      [WEATHER - DAYS WITH]      9 = BLOWING SNOW
                                                   X = TORNADO
MAX 32 OR BELOW:   0    0.01 INCH OR MORE:   2
MAX 90 OR ABOVE:  19    0.10 INCH OR MORE:   1
MIN 32 OR BELOW:   0    0.50 INCH OR MORE:   0
MIN  0 OR BELOW:   0    1.00 INCH OR MORE:   0

[HDD (BASE 65) ]
TOTAL THIS MO.     0    CLEAR  (SCALE 0-3)  19
DPTR FM NORMAL     0    PTCLDY (SCALE 4-7)   2
TOTAL FM JUL 1     0    CLOUDY (SCALE 8-10)  1
DPTR FM NORMAL     0

[CDD (BASE 65) ]
TOTAL THIS MO.   438
DPTR FM NORMAL    -2    [PRESSURE DATA]
TOTAL FM JAN 1  1976    HIGHEST SLP M ON M
DPTR FM NORMAL   114    LOWEST  SLP 29.75 ON  7

[REMARKS]
