000
CXUS51 KPHI 011252
CF6TTN
PRELIMINARY LOCAL CLIMATOLOGICAL DATA (WS FORM: F-6)

                                          STATION:   TRENTON NJ
                                          MONTH:     AUGUST
                                          YEAR:      2014
                                          LATITUDE:   40 16 N
                                          LONGITUDE:  74 49 W

  TEMPERATURE IN F:       :PCPN:    SNOW:  WIND      :SUNSHINE: SKY     :PK WND
================================================================================
1   2   3   4   5  6A  6B    7    8   9   10  11  12  13   14  15   16   17  18
                                     12Z  AVG MX 2MIN
DY MAX MIN AVG DEP HDD CDD  WTR  SNW DPTH SPD SPD DIR MIN PSBL S-S WX    SPD DR
================================================================================

 1  81  67  74  -2   0   9 0.37    M    M  4.6 22 170   M    M   4 138    26 160
 2  76  64  70  -6   0   5 0.25    M    M  5.8 14  60   M    M   7 1      19  50
 3  75  65  70  -5   0   5 0.15    M    M  4.1 10 180   M    M   8 1      13 190
 4  83  68  76   1   0  11 0.00    M    M  4.1 13 280   M    M   4 18     15 280
 5  88  65  77   2   0  12 0.00    M    M  2.7 10 360   M    M   1        14 310
 6  81  66  74  -1   0   9    T    M    M  5.3 10  10   M    M   3        15 320
 7  82  61  72  -3   0   7 0.00    M    M  6.7 15 350   M    M   1        25 330
 8  81  59  70  -5   0   5 0.00    M    M  5.6 13 350   M    M   0        17 350
 9  85  60  73  -2   0   8 0.00    M    M  4.0 10 340   M    M   1        12 330
10  87  60  74  -1   0   9 0.00    M    M  3.9 13 170   M    M   2        17 170
11  84  63  74  -1   0   9 0.00    M    M  6.0 16 170   M    M   2        21 200
12  78  67  73  -2   0   8 0.41    M    M  9.4 21 140   M    M   7 1      26 160
13  83  67  75   1   0  10 0.10    M    M  7.5 17 300   M    M   6 1      24 320
14  78  59  69  -5   0   4    T    M    M  6.4 15 270   M    M   3 1      20 270
15  74  56  65  -9   0   0 0.00    M    M  5.6 20 280   M    M   4        29 280
16  80  53  67  -7   0   2 0.00    M    M  4.6 15 260   M    M   0        20 220
17  83  61  72  -2   0   7 0.01    M    M  4.6 15 290   M    M   5 1      20 290
18  82  58  70  -4   0   5 0.00    M    M  4.7 14 320   M    M   1        19 330
19  84  59  72  -2   0   7 0.00    M    M  5.7 12 170   M    M   2        17  70
20  84  66  75   1   0  10 0.00    M    M  5.3 15 150   M    M   7        17 140
21  85  66  76   3   0  11 1.26    M    M  7.6 17 170   M    M   6 13     22 200
22  76  65  71  -2   0   6 0.75    M    M  5.8 14  90   M    M   9 13     18 160
23  73  63  68  -5   0   3 0.10    M    M  6.5 14  80   M    M   8 1      17  60
24  81  60  71  -2   0   6 0.00    M    M  5.6 13 100   M    M   4        18  60
25  84  57  71  -2   0   6 0.00    M    M  3.8 12 120   M    M   0        16 110
26  86  62  74   1   0   9 0.00    M    M  4.8 14 150   M    M   1        16 150
27  89  62  76   4   0  11 0.00    M    M  4.0  9 220   M    M   0 1      16 210
28  79  61  70  -2   0   5 0.00    M    M  9.4 17 310   M    M   1        25 320
29  79  56  68  -4   0   3 0.00    M    M  5.5 14 160   M    M   0        17 160
30  77  56  67  -5   0   2 0.00    M    M  5.9 14 180   M    M   6        17 150
31  89  70  80   8   0  15 0.06    M    M  8.0 20 210   M    M   7 1      24 220
================================================================================
SM 2527 1922         0 219  3.46    M    173.5          M      110
================================================================================
AV 81.5 62.0                               5.6 FASTST   M    M   4    MAX(MPH)
                                 MISC ---->  # 22 170               # 29  280
================================================================================
NOTES:
# LAST OF SEVERAL OCCURRENCES

COLUMN 17 PEAK WIND IN M.P.H.

PRELIMINARY LOCAL CLIMATOLOGICAL DATA (WS FORM: F-6) , PAGE 2

                                          STATION:  TRENTON NJ
                                          MONTH:    AUGUST
                                          YEAR:     2014
                                          LATITUDE:   40 16 N
                                          LONGITUDE:  74 49 W

[TEMPERATURE DATA]      [PRECIPITATION DATA]       SYMBOLS USED IN COLUMN 16

AVERAGE MONTHLY: 71.8   TOTAL FOR MONTH:   3.46    1 = FOG OR MIST
DPTR FM NORMAL:  -2.1   DPTR FM NORMAL:   -0.64    2 = FOG REDUCING VISIBILITY
HIGHEST:    89 ON 31,27 GRTST 24HR  2.01 ON 21-22      TO 1/4 MILE OR LESS
LOWEST:     53 ON 16                               3 = THUNDER
                        SNOW, ICE PELLETS, HAIL    4 = ICE PELLETS
                        TOTAL MONTH:    M          5 = HAIL
                        GRTST 24HR    M  ON   M    6 = FREEZING RAIN OR DRIZZLE
                        GRTST DEPTH:  M  ON   M    7 = DUSTSTORM OR SANDSTORM:
                                                       VSBY 1/2 MILE OR LESS
                                                   8 = SMOKE OR HAZE
[NO. OF DAYS WITH]      [WEATHER - DAYS WITH]      9 = BLOWING SNOW
                                                   X = TORNADO
MAX 32 OR BELOW:   0    0.01 INCH OR MORE:  10
MAX 90 OR ABOVE:   0    0.10 INCH OR MORE:   8
MIN 32 OR BELOW:   0    0.50 INCH OR MORE:   2
MIN  0 OR BELOW:   0    1.00 INCH OR MORE:   1

[HDD (BASE 65) ]
TOTAL THIS MO.     0    CLEAR  (SCALE 0-3)  16
DPTR FM NORMAL    -3    PTCLDY (SCALE 4-7)  14
TOTAL FM JUL 1     0    CLOUDY (SCALE 8-10)  1
DPTR FM NORMAL    -3

[CDD (BASE 65) ]
TOTAL THIS MO.   219
DPTR FM NORMAL   -60    [PRESSURE DATA]
TOTAL FM JAN 1   783    HIGHEST SLP 30.25 ON 30
DPTR FM NORMAL   -73    LOWEST  SLP 29.66 ON 13

[REMARKS]
#FINAL-08-14#
