000
CXUS51 KPHI 260800
CF6TTN
PRELIMINARY LOCAL CLIMATOLOGICAL DATA (WS FORM: F-6)

                                          STATION:   TRENTON NJ
                                          MONTH:     APRIL
                                          YEAR:      2017
                                          LATITUDE:   40 16 N
                                          LONGITUDE:  74 49 W

  TEMPERATURE IN F:       :PCPN:    SNOW:  WIND      :SUNSHINE: SKY     :PK WND
================================================================================
1   2   3   4   5  6A  6B    7    8   9   10  11  12  13   14  15   16   17  18
                                     12Z  AVG MX 2MIN
DY MAX MIN AVG DEP HDD CDD  WTR  SNW DPTH SPD SPD DIR MIN PSBL S-S WX    SPD DR
================================================================================

 1  51  37  44  -2  21   0    T    M    M 10.9 21 360   M    M   9 1      27 350
 2  62  39  51   4  14   0 0.00    M    M  8.0 17 280   M    M   1        24 280
 3  67  38  53   6  12   0 0.16    M    M  7.8 21 170   M    M   6 1      25 170
 4  67  49  58  11   7   0 0.60    M    M  5.2 16 160   M    M   9 128    20 150
 5  66  44  55   7  10   0 0.00    M    M  6.4 20 140   M    M   4 12     24 140
 6  53  42  48   0  17   0 0.99    M    M 12.3 23 100   M    M   9 13     34 140
 7  50  40  45  -3  20   0 0.01    M    M 12.4 23 270   M    M   8        32 300
 8  60  37  49   0  16   0 0.00    M    M  9.9 22 310   M    M   2        32 320
 9  69  34  52   3  13   0 0.00    M    M  5.7 14 220   M    M   0        20 220
10  79  43  61  12   4   0 0.00    M    M  7.9 20 210   M    M   0        25 210
11  82  52  67  17   0   2 0.00    M    M  6.1 13 200   M    M   0        17 220
12  76  56  66  16   0   1 0.00    M    M  6.0 15 260   M    M   2        22 260
13  65  46  56   6   9   0 0.00    M    M 10.1 18 350   M    M   1        27 350
14  68  43  56   5   9   0 0.00    M    M  5.8 17 130   M    M   3        21 140
15  66  41  54   3  11   0 0.00    M    M  5.5 17 170   M    M   7        21 200
16  86  55  71  20   0   6    T    M    M  8.7 26 260   M    M   5 1      35 270
17  73  58  66  14   0   1 0.03    M    M  7.2 16 360   M    M   6        23  10
18  67  44  56   4   9   0 0.00    M    M  7.6 20 140   M    M   0        24 150
19  60  42  51  -1  14   0 0.00    M    M  8.9 18 190   M    M   7        26 150
20  72  51  62   9   3   0 0.03    M    M  5.6 18 130   M    M   8 1      22 140
21  59  49  54   1  11   0 0.01    M    M  7.4 14 130   M    M  10 18     22  10
22  57  45  51  -2  14   0 0.10    M    M  5.3 17 360   M    M   9 1      25 350
23  65  43  54   0  11   0 0.00    M    M  5.6 14 180   M    M   0        18  20
24  57  44  51  -3  14   0 0.02    M    M  6.9 14  60   M    M   8        17  60
25  56  51  54   0  11   0 0.47    M    M 16.2 24  70   M    M  10 1      34  70
================================================================================
SM 1633 1123       250  10  2.42    M    199.4          M      124
================================================================================
AV 65.3 44.9                               8.0 FASTST   M    M   5    MAX(MPH)
                                 MISC ---->  # 26 260               # 35  270
================================================================================
NOTES:
# LAST OF SEVERAL OCCURRENCES

COLUMN 17 PEAK WIND IN M.P.H.

PRELIMINARY LOCAL CLIMATOLOGICAL DATA (WS FORM: F-6) , PAGE 2

                                          STATION:  TRENTON NJ
                                          MONTH:    APRIL
                                          YEAR:     2017
                                          LATITUDE:   40 16 N
                                          LONGITUDE:  74 49 W

[TEMPERATURE DATA]      [PRECIPITATION DATA]       SYMBOLS USED IN COLUMN 16

AVERAGE MONTHLY: 55.1   TOTAL FOR MONTH:   2.42    1 = FOG OR MIST
DPTR FM NORMAL:   4.8   DPTR FM NORMAL:   -0.66    2 = FOG REDUCING VISIBILITY
HIGHEST:    86 ON 16    GRTST 24HR  1.35 ON 31- 1      TO 1/4 MILE OR LESS
LOWEST:     34 ON  9                               3 = THUNDER
                        SNOW, ICE PELLETS, HAIL    4 = ICE PELLETS
                        TOTAL MONTH:    M          5 = HAIL
                        GRTST 24HR    M  ON   M    6 = FREEZING RAIN OR DRIZZLE
                        GRTST DEPTH:  M  ON   M    7 = DUSTSTORM OR SANDSTORM:
                                                       VSBY 1/2 MILE OR LESS
                                                   8 = SMOKE OR HAZE
[NO. OF DAYS WITH]      [WEATHER - DAYS WITH]      9 = BLOWING SNOW
                                                   X = TORNADO
MAX 32 OR BELOW:   0    0.01 INCH OR MORE:  10
MAX 90 OR ABOVE:   0    0.10 INCH OR MORE:   5
MIN 32 OR BELOW:   0    0.50 INCH OR MORE:   2
MIN  0 OR BELOW:   0    1.00 INCH OR MORE:   0

[HDD (BASE 65) ]
TOTAL THIS MO.   250    CLEAR  (SCALE 0-3)  10
DPTR FM NORMAL  -119    PTCLDY (SCALE 4-7)   9
TOTAL FM JUL 1  4257    CLOUDY (SCALE 8-10)  6
DPTR FM NORMAL  -658

[CDD (BASE 65) ]
TOTAL THIS MO.    10
DPTR FM NORMAL    10    [PRESSURE DATA]
TOTAL FM JAN 1    10    HIGHEST SLP M ON M
DPTR FM NORMAL    10    LOWEST  SLP 29.21 ON  6

[REMARKS]
