000
CXUS53 KAPX 250631
CF6TVC
PRELIMINARY LOCAL CLIMATOLOGICAL DATA (WS FORM: F-6)

                                          STATION:   TRAVERSE CITY MI
                                          MONTH:     MAY
                                          YEAR:      2017
                                          LATITUDE:   44 44 N
                                          LONGITUDE:  85 34 W

  TEMPERATURE IN F:       :PCPN:    SNOW:  WIND      :SUNSHINE: SKY     :PK WND
================================================================================
1   2   3   4   5  6A  6B    7    8   9   10  11  12  13   14  15   16   17  18
                                     12Z  AVG MX 2MIN
DY MAX MIN AVG DEP HDD CDD  WTR  SNW DPTH SPD SPD DIR MIN PSBL S-S WX    SPD DR
================================================================================

 1  62  39  51   2  14   0 0.50    M    M  6.4 17 260   M    M   9 13     26 260
 2  48  40  44  -5  21   0 0.11    M    M 12.0 24 290   M    M   9 1      31 300
 3  59  34  47  -2  18   0 0.00    M    M  3.6 13  40   M    M   4        17 260
 4  65  36  51   1  14   0 0.00    M    M  5.0 14 330   M    M   5        20  20
 5  54  39  47  -3  18   0 0.00    M    M  9.3 20 320   M    M   4 18     28 340
 6  54  38  46  -4  19   0 0.00    M    M 12.6 24 340   M    M   1        36 360
 7  46  36  41 -10  24   0 0.00    M    M 12.5 21 330   M    M   1        29 330
 8  51  27  39 -12  26   0 0.00    M    M  5.3 18 330   M    M   1        23 350
 9  57  25  41 -10  24   0 0.00    M    M  3.3 13  20   M    M   6        16  20
10  67  34  51  -1  14   0 0.02    M    M  3.5 12  30   M    M   8        16 360
11  67  46  57   5   8   0 0.00    M    M  4.3 13  30   M    M   5        16  20
12  65  42  54   2  11   0 0.00    M    M  3.5 13  40   M    M   6        14  20
13  67  38  53   0  12   0 0.02    M    M  3.6 16 360   M    M   5        24 340
14  57  38  48  -5  17   0 0.00    M    M  5.3 14  40   M    M   4        17  50
15  69  34  52  -1  13   0 0.00  0.0    0  3.4 12  20   M    M   5        15  20
16  85  52  69  15   0   4 0.04    M    M  4.1 17 100   M    M   8        25 160
17  86  72  79  25   0  14 0.01    M    M  9.3 15 220   M    M   6 3      28 210
18  75  40  58   4   7   0 0.11    M    M 11.8 30 250   M    M   7 1      40 260
19  54  37  46  -9  19   0 0.00    M    M  8.5 15 360   M    M   8        20 360
20  69  30  50  -5  15   0 0.01    M    M  8.5 23 110   M    M   6        35 120
21  73  51  62   7   3   0    T    M    M  8.6 21 250   M    M  10 1      32 230
22  67  48  58   2   7   0    T    M    M  9.4 23 260   M    M   8 1      31 270
23  62  43  53  -3  12   0 0.15    M    M  3.3 12  40   M    M   8 1      13  30
24  65  50  58   2   7   0 0.12    M    M  4.1 14  30   M    M  10 18     18  30
================================================================================
SM 1524  969       323  18  1.09     0.0 161.2          M      144
================================================================================
AV 63.5 40.4                               6.7 FASTST   M    M   6    MAX(MPH)
                                 MISC ---->  # 30 250               # 40  260
================================================================================
NOTES:
# LAST OF SEVERAL OCCURRENCES

COLUMN 17 PEAK WIND IN M.P.H.

PRELIMINARY LOCAL CLIMATOLOGICAL DATA (WS FORM: F-6) , PAGE 2

                                          STATION:  TRAVERSE CITY MI
                                          MONTH:    MAY
                                          YEAR:     2017
                                          LATITUDE:   44 44 N
                                          LONGITUDE:  85 34 W

[TEMPERATURE DATA]      [PRECIPITATION DATA]       SYMBOLS USED IN COLUMN 16

AVERAGE MONTHLY: 51.9   TOTAL FOR MONTH:   1.09    1 = FOG OR MIST
DPTR FM NORMAL:  -0.6   DPTR FM NORMAL:   -0.91    2 = FOG REDUCING VISIBILITY
HIGHEST:    86 ON 17    GRTST 24HR  0.50 ON  1- 1      TO 1/4 MILE OR LESS
LOWEST:     25 ON  9                               3 = THUNDER
                        SNOW, ICE PELLETS, HAIL    4 = ICE PELLETS
                        TOTAL MONTH:   0.0 INCH    5 = HAIL
                        GRTST 24HR     0.0         6 = FREEZING RAIN OR DRIZZLE
                        GRTST DEPTH:   0           7 = DUSTSTORM OR SANDSTORM:
                                                       VSBY 1/2 MILE OR LESS
                                                   8 = SMOKE OR HAZE
[NO. OF DAYS WITH]      [WEATHER - DAYS WITH]      9 = BLOWING SNOW
                                                   X = TORNADO
MAX 32 OR BELOW:   0    0.01 INCH OR MORE:  10
MAX 90 OR ABOVE:   0    0.10 INCH OR MORE:   5
MIN 32 OR BELOW:   3    0.50 INCH OR MORE:   1
MIN  0 OR BELOW:   0    1.00 INCH OR MORE:   0

[HDD (BASE 65) ]
TOTAL THIS MO.   323    CLEAR  (SCALE 0-3)   3
DPTR FM NORMAL    11    PTCLDY (SCALE 4-7)  16
TOTAL FM JUL 1  6030    CLOUDY (SCALE 8-10)  5
DPTR FM NORMAL -1349

[CDD (BASE 65) ]
TOTAL THIS MO.    18
DPTR FM NORMAL    11    [PRESSURE DATA]
TOTAL FM JAN 1    21    HIGHEST SLP M ON M
DPTR FM NORMAL    11    LOWEST  SLP 29.35 ON M

[REMARKS]
