000
CXUS55 KBOI 181002
CF6TWF
PRELIMINARY LOCAL CLIMATOLOGICAL DATA (WS FORM: F-6)

                                          STATION:   TWIN FALLS ID
                                          MONTH:     JANUARY
                                          YEAR:      2018
                                          LATITUDE:   42 28 N
                                          LONGITUDE: 114 29 W

  TEMPERATURE IN F:       :PCPN:    SNOW:  WIND      :SUNSHINE: SKY     :PK WND
================================================================================
1   2   3   4   5  6A  6B    7    8   9   10  11  12  13   14  15   16   17  18
                                     12Z  AVG MX 2MIN
DY MAX MIN AVG DEP HDD CDD  WTR  SNW DPTH SPD SPD DIR MIN PSBL S-S WX    SPD DR
================================================================================

 1  34  15  25  -3  40   0 0.00    M    M  4.9 12 260   M    M   1        14 270
 2  30  12  21  -8  44   0 0.00    M    M  6.1 14  70   M    M   0        16  70
 3  35  16  26  -3  39   0 0.00    M    M  7.5 13 100   M    M   0        15 100
 4  37  17  27  -2  38   0 0.00    M    M  5.8 12  80   M    M   2        14  70
 5  44  23  34   5  31   0 0.00    M    M  4.8 12 190   M    M   5        14 170
 6  46  31  39  10  26   0 0.26    M    M 11.3 18 160   M    M   7 1      24 190
 7  44  29  37   8  28   0 0.00    M    M  8.1 15 180   M    M   0        21 190
 8  46  27  37   8  28   0    T    M    M  6.9 15 120   M    M   6        22 140
 9  48  35  42  13  23   0 0.33    M    M  8.3 21 160   M    M  10 1      27 160
10  44  31  38   9  27   0 0.05    M    M 16.1 26 260   M    M   7 1      33 260
11  48  32  40  11  25   0    T    M    M 10.9 33 240   M    M   9        44 230
12  49  33  41  12  24   0    T    M    M 12.1 30 250   M    M   5        39 240
13  50  28  39   9  26   0 0.00    M    M  9.0 18 190   M    M   1        22 240
14  44  25  35   5  30   0 0.00    M    M  6.5 13  70   M    M   0 8      15  70
15  44  26  35   5  30   0 0.00    M    M 11.3 21  70   M    M   0 1      27  70
16  43  27  35   5  30   0 0.00    M    M  8.6 21 260   M    M   5        24 260
17  43  24  34   4  31   0 0.00    M    M  6.9 14  70   M    M   1 12     17  80
================================================================================
SM  729  431       520   0  0.64    M    145.1          M       59
================================================================================
AV 42.9 25.4                               8.5 FASTST   M    M   3    MAX(MPH)
                                 MISC ---->  # 33 240               # 44  230
================================================================================
NOTES:
# LAST OF SEVERAL OCCURRENCES

COLUMN 17 PEAK WIND IN M.P.H.

PRELIMINARY LOCAL CLIMATOLOGICAL DATA (WS FORM: F-6) , PAGE 2

                                          STATION:  TWIN FALLS ID
                                          MONTH:    JANUARY
                                          YEAR:     2018
                                          LATITUDE:   42 28 N
                                          LONGITUDE: 114 29 W

[TEMPERATURE DATA]      [PRECIPITATION DATA]       SYMBOLS USED IN COLUMN 16

AVERAGE MONTHLY: 34.1   TOTAL FOR MONTH:   0.64    1 = FOG OR MIST
DPTR FM NORMAL:   4.9   DPTR FM NORMAL:   -0.01    2 = FOG REDUCING VISIBILITY
HIGHEST:    50 ON 13    GRTST 24HR  0.33 ON  9- 9      TO 1/4 MILE OR LESS
LOWEST:     12 ON  2                               3 = THUNDER
                        SNOW, ICE PELLETS, HAIL    4 = ICE PELLETS
                        TOTAL MONTH:    M          5 = HAIL
                        GRTST 24HR    M  ON   M    6 = FREEZING RAIN OR DRIZZLE
                        GRTST DEPTH:  M  ON   M    7 = DUSTSTORM OR SANDSTORM:
                                                       VSBY 1/2 MILE OR LESS
                                                   8 = SMOKE OR HAZE
[NO. OF DAYS WITH]      [WEATHER - DAYS WITH]      9 = BLOWING SNOW
                                                   X = TORNADO
MAX 32 OR BELOW:   1    0.01 INCH OR MORE:   3
MAX 90 OR ABOVE:   0    0.10 INCH OR MORE:   2
MIN 32 OR BELOW:  15    0.50 INCH OR MORE:   0
MIN  0 OR BELOW:   0    1.00 INCH OR MORE:   0

[HDD (BASE 65) ]
TOTAL THIS MO.   520    CLEAR  (SCALE 0-3)   9
DPTR FM NORMAL   -89    PTCLDY (SCALE 4-7)   6
TOTAL FM JUL 1  3205    CLOUDY (SCALE 8-10)  2
DPTR FM NORMAL    29

[CDD (BASE 65) ]
TOTAL THIS MO.     0
DPTR FM NORMAL     0    [PRESSURE DATA]
TOTAL FM JAN 1     0    HIGHEST SLP M ON M
DPTR FM NORMAL     0    LOWEST  SLP 29.60 ON  9

[REMARKS]
