000
CXUS56 KPQR 271230
CF6UAO
PRELIMINARY LOCAL CLIMATOLOGICAL DATA (WS FORM: F-6)

                                          STATION:   AURORA STATE OR
                                          MONTH:     AUGUST
                                          YEAR:      2014
                                          LATITUDE:   45 15 N
                                          LONGITUDE: 122 46 W

  TEMPERATURE IN F:       :PCPN:    SNOW:  WIND      :SUNSHINE: SKY     :PK WND
================================================================================
1   2   3   4   5  6A  6B    7    8   9   10  11  12  13   14  15   16   17  18
                                     12Z  AVG MX 2MIN
DY MAX MIN AVG DEP HDD CDD  WTR  SNW DPTH SPD SPD DIR MIN PSBL S-S WX    SPD DR
================================================================================

 1  91  64  78   9   0  13 0.07  0.0    0  4.6 20 230   M    M   1 3      28 230
 2  87  59  73   4   0   8 0.00  0.0    0  2.5  9 150   M    M   0        12 160
 3  91  58  75   6   0  10 0.00  0.0    0  2.8 12  10   M    M   0        15  10
 4  95  61  78   9   0  13 0.00  0.0    0  3.6 13 330   M    M   0 8      20 320
 5  85  58  72   3   0   7 0.00  0.0    0  4.9 12 350   M    M   0         M  M
 6  84  57  71   2   0   6 0.00  0.0    0  5.1 15 350   M    M   1        20  40
 7  83  54  69   0   0   4 0.00  0.0    0  5.4 14 360   M    M   0        19 350
 8  81  54  68  -1   0   3 0.00  0.0    0  6.2 15  20   M    M   0        19 350
 9  86  52  69   0   0   4 0.00  0.0    0  7.0 20  20   M    M   0        24  20
10  95  58  77   8   0  12 0.00  0.0    0  7.1 15  10   M    M   0        18 360
11  93  67  80  11   0  15 0.00  0.0    0  3.7 17 360   M    M   0        22 360
12  77  62  70   1   0   5 0.02  0.0    0  5.6 13 360   M    M   3        17 180
13  77  59  68  -1   0   3 0.00  0.0    0  5.0 13 350   M    M   7        20 330
14  80  57  69   0   0   4 0.00  0.0    0  3.1 12 150   M    M   4 1      16 140
15  80  62  71   3   0   6 0.00  0.0    0  3.6  9 350   M    M   6        21 150
16  86  60  73   5   0   8 0.00  0.0    0  5.7 12  20   M    M   1        15  50
17  89  61  75   7   0  10 0.00  0.0    0  6.1 18  10   M    M   0        23  10
18  92  59  76   8   0  11 0.00  0.0    0  4.6 13  20   M    M   0        16 350
19  88  62  75   7   0  10 0.00  0.0    0  4.3 18 350   M    M   1        23 350
20  78  57  68   0   0   3 0.00  0.0    0  3.7 13  20   M    M   4 8      16  20
21  80  50  65  -3   0   0 0.00  0.0    0  2.1  8 260   M    M   1        13 110
22  82  55  69   1   0   4 0.00  0.0    0  3.6 16  10   M    M   4        19  10
23  88  54  71   3   0   6 0.00  0.0    0  6.9 15  10   M    M   0        23  30
24  84  54  69   1   0   4 0.00  0.0    0  5.7 15  20   M    M   0        19 350
25  90  56  73   6   0   8 0.00  0.0    0  8.2 15  20   M    M   0        22  10
26  94  59  77  10   0  12 0.00  0.0    0  3.9 10 360   M    M   0        14 350
================================================================================
SM 2236 1509         0 189  0.09     0.0 125.0          M       33
================================================================================
AV 86.0 58.0                               4.8 FASTST   M    M   1    MAX(MPH)
                                 MISC ---->  # 20 230               # 28  230
================================================================================
NOTES:
# LAST OF SEVERAL OCCURRENCES

COLUMN 17 PEAK WIND IN M.P.H.

PRELIMINARY LOCAL CLIMATOLOGICAL DATA (WS FORM: F-6) , PAGE 2

                                          STATION:  AURORA STATE OR
                                          MONTH:    AUGUST
                                          YEAR:     2014
                                          LATITUDE:   45 15 N
                                          LONGITUDE: 122 46 W

[TEMPERATURE DATA]      [PRECIPITATION DATA]       SYMBOLS USED IN COLUMN 16

AVERAGE MONTHLY: 72.0   TOTAL FOR MONTH:   0.09    1 = FOG OR MIST
DPTR FM NORMAL:   3.6   DPTR FM NORMAL:   -0.41    2 = FOG REDUCING VISIBILITY
HIGHEST:    95 ON 10, 4 GRTST 24HR  0.07 ON  1- 1      TO 1/4 MILE OR LESS
LOWEST:     50 ON 21                               3 = THUNDER
                        SNOW, ICE PELLETS, HAIL    4 = ICE PELLETS
                        TOTAL MONTH:   0.0 INCH    5 = HAIL
                        GRTST 24HR     0.0         6 = FREEZING RAIN OR DRIZZLE
                        GRTST DEPTH:   0           7 = DUSTSTORM OR SANDSTORM:
                                                       VSBY 1/2 MILE OR LESS
                                                   8 = SMOKE OR HAZE
[NO. OF DAYS WITH]      [WEATHER - DAYS WITH]      9 = BLOWING SNOW
                                                   X = TORNADO
MAX 32 OR BELOW:   0    0.01 INCH OR MORE:   2
MAX 90 OR ABOVE:   8    0.10 INCH OR MORE:   0
MIN 32 OR BELOW:   0    0.50 INCH OR MORE:   0
MIN  0 OR BELOW:   0    1.00 INCH OR MORE:   0

[HDD (BASE 65) ]
TOTAL THIS MO.     0    CLEAR  (SCALE 0-3)  21
DPTR FM NORMAL   -19    PTCLDY (SCALE 4-7)   5
TOTAL FM JUL 1     5    CLOUDY (SCALE 8-10)  0
DPTR FM NORMAL   -39

[CDD (BASE 65) ]
TOTAL THIS MO.   189
DPTR FM NORMAL    79    [PRESSURE DATA]
TOTAL FM JAN 1   423    HIGHEST SLP M ON M
DPTR FM NORMAL   146    LOWEST  SLP 29.77 ON M

[REMARKS]
