000
CXUS56 KPQR 011330
CF6UAO
PRELIMINARY LOCAL CLIMATOLOGICAL DATA (WS FORM: F-6)

                                          STATION:   AURORA STATE OR
                                          MONTH:     JANUARY
                                          YEAR:      2015
                                          LATITUDE:   45 15 N
                                          LONGITUDE: 122 46 W

  TEMPERATURE IN F:       :PCPN:    SNOW:  WIND      :SUNSHINE: SKY     :PK WND
================================================================================
1   2   3   4   5  6A  6B    7    8   9   10  11  12  13   14  15   16   17  18
                                     12Z  AVG MX 2MIN
DY MAX MIN AVG DEP HDD CDD  WTR  SNW DPTH SPD SPD DIR MIN PSBL S-S WX    SPD DR
================================================================================

 1  42  25  34  -6  31   0 0.00  0.0    0  6.6 14  10   M    M   0        18  10
 2  39  23  31  -9  34   0 0.00  0.0    0  1.7  7  10   M    M   3 8       9 150
 3  41  35  38  -2  27   0 0.03    M    0  1.2  7  50   M    M  10 128     8  50
 4  52  39  46   6  19   0 0.12    M    0  9.5 24 190   M    M  10 1      37 180
 5  56  41  49   8  16   0 0.01    M    0  8.9 25 190   M    M   7 1      37 190
 6  49  39  44   3  21   0 0.00  0.0    0  0.8  6 170   M    M   7 12     10 250
 7  42  35  39  -2  26   0 0.00  0.0    0  1.4  6 160   M    M  10 12     12 220
 8  43  35  39  -2  26   0 0.00  0.0    0  0.6  6 180   M    M   9 12      7 110
 9  46  34  40  -1  25   0 0.00  0.0    0  1.2  7  30   M    M   7 12      8  90
10  43  34  39  -2  26   0 0.05    M    0  0.8  6 180   M    M  10 12      6 180
11  47  42  45   4  20   0 0.10    M    0  1.6  6  40   M    M  10 12     17 210
12  50  42  46   5  19   0 0.03    M    0  3.4  8  10   M    M  10         9 360
13  52  35  44   2  21   0 0.00  0.0    0  7.2 17  10   M    M   0        20  20
14  50  28  39  -3  26   0 0.00  0.0    0  3.8 14  30   M    M   0 8      18  30
15  50  29  40  -2  25   0 0.48    M    0  2.8 21 180   M    M   8 1      25 170
16  54  39  47   5  18   0 0.12    M    0  2.0 17 190   M    M   5 1      23 190
17  59  40  50   8  15   0 1.55    M    0  7.1 25 190   M    M   8 1      35 190
18  58  47  53  11  12   0 0.39    M    0 11.5 24 180   M    M   8 13     31 180
19  54  41  48   6  17   0 0.00  0.0    0  4.7 12 190   M    M   6 12     17 190
20  51  34  43   1  22   0 0.00  0.0    0  7.5 12  40   M    M   4 1       M  M
21  46  29  38  -4  27   0 0.00  0.0    0  1.0  7 130   M    M   5 12     11 160
22  49  40  45   3  20   0    T    M    0  1.1  7 120   M    M   8        19 140
23  50  41  46   4  19   0 0.08    M    0  0.9  7 120   M    M  10 1       9 180
24  62  45  54  12  11   0 0.00  0.0    0  1.6  8 120   M    M   4 12     12 200
25  50  42  46   4  19   0 0.00  0.0    0  2.3  8 180   M    M  10 12      9 170
26  47  41  44   2  21   0 0.00  0.0    0  1.1  8 110   M    M  10 12     10 100
27  50  42  46   3  19   0 0.02    M    0  0.9  7 150   M    M  10 12      8 140
28  57  45  51   8  14   0 0.01    M    0  2.9  7  10   M    M   6 12     14 350
29  56  39  48   5  17   0 0.00  0.0    0  6.8 15  10   M    M   1        19  10
30  55  32  44   1  21   0 0.00  0.0    0  3.5 14  20   M    M   0 1      17  10
31  53  29  41  -2  24   0 0.00  0.0    0  3.1 10 360   M    M   0 1      13  10
================================================================================
SM 1553 1142       658   0  2.99     0.0 109.5          M      196
================================================================================
AV 50.1 36.8                               3.5 FASTST   M    M   6    MAX(MPH)
                                 MISC ---->  # 25 190               # 37  180
================================================================================
NOTES:
# LAST OF SEVERAL OCCURRENCES

COLUMN 17 PEAK WIND IN M.P.H.

PRELIMINARY LOCAL CLIMATOLOGICAL DATA (WS FORM: F-6) , PAGE 2

                                          STATION:  AURORA STATE OR
                                          MONTH:    JANUARY
                                          YEAR:     2015
                                          LATITUDE:   45 15 N
                                          LONGITUDE: 122 46 W

[TEMPERATURE DATA]      [PRECIPITATION DATA]       SYMBOLS USED IN COLUMN 16

AVERAGE MONTHLY: 43.5   TOTAL FOR MONTH:   2.99    1 = FOG OR MIST
DPTR FM NORMAL:   1.9   DPTR FM NORMAL:   -2.88    2 = FOG REDUCING VISIBILITY
HIGHEST:    62 ON 24    GRTST 24HR  1.67 ON 17-18      TO 1/4 MILE OR LESS
LOWEST:     23 ON  2                               3 = THUNDER
                        SNOW, ICE PELLETS, HAIL    4 = ICE PELLETS
                        TOTAL MONTH:   0.0 INCH    5 = HAIL
                        GRTST 24HR     0.0         6 = FREEZING RAIN OR DRIZZLE
                        GRTST DEPTH:   0           7 = DUSTSTORM OR SANDSTORM:
                                                       VSBY 1/2 MILE OR LESS
                                                   8 = SMOKE OR HAZE
[NO. OF DAYS WITH]      [WEATHER - DAYS WITH]      9 = BLOWING SNOW
                                                   X = TORNADO
MAX 32 OR BELOW:   0    0.01 INCH OR MORE:  13
MAX 90 OR ABOVE:   0    0.10 INCH OR MORE:   6
MIN 32 OR BELOW:   7    0.50 INCH OR MORE:   1
MIN  0 OR BELOW:   0    1.00 INCH OR MORE:   1

[HDD (BASE 65) ]
TOTAL THIS MO.   658    CLEAR  (SCALE 0-3)   6
DPTR FM NORMAL   -66    PTCLDY (SCALE 4-7)  13
TOTAL FM JUL 1  2103    CLOUDY (SCALE 8-10) 12
DPTR FM NORMAL  -463

[CDD (BASE 65) ]
TOTAL THIS MO.     0
DPTR FM NORMAL     0    [PRESSURE DATA]
TOTAL FM JAN 1     0    HIGHEST SLP 30.48 ON 23
DPTR FM NORMAL     0    LOWEST  SLP 29.76 ON 17

[REMARKS]
#FINAL-01-15#
