000
CXUS56 KEKA 221230
CF6UKI
PRELIMINARY LOCAL CLIMATOLOGICAL DATA (WS FORM: F-6)

                                          STATION:   UKIAH CA
                                          MONTH:     MARCH
                                          YEAR:      2017
                                          LATITUDE:   39  7 N
                                          LONGITUDE: 123 12 W

  TEMPERATURE IN F:       :PCPN:    SNOW:  WIND      :SUNSHINE: SKY     :PK WND
================================================================================
1   2   3   4   5  6A  6B    7    8   9   10  11  12  13   14  15   16   17  18
                                     12Z  AVG MX 2MIN
DY MAX MIN AVG DEP HDD CDD  WTR  SNW DPTH SPD SPD DIR MIN PSBL S-S WX    SPD DR
================================================================================

 1  66  32  49  -2  16   0 0.00  0.0    0  1.3 10 320   M    M   0        13 320
 2  71  34  53   2  12   0 0.00  0.0    0  1.3 16 320   M    M   0        20 310
 3  63  35  49  -2  16   0 0.00  0.0    0  2.1 10  20   M    M   0 1      14  30
 4  57  42  50  -1  15   0 0.48    M    0  4.2 14 130   M    M   8 1      20 200
 5  43  37  40 -11  25   0 0.49    M    0  4.6 15 290   M    M  10 1      20 310
 6  52  36  44  -7  21   0 0.11    M    0  2.8 10 250   M    M   9 1      14 220
 7  55  45  50  -1  15   0 0.05    M    0  0.6  8 300   M    M  10 1      10 310
 8  70  42  56   5   9   0 0.00  0.0    0  1.5 12 300   M    M   3 1      16 310
 9  71  44  58   6   7   0 0.00  0.0    0  3.4 13 290   M    M   0        16 320
10  76  49  63  11   2   0 0.00  0.0    0  1.3 10 310   M    M   0        14 280
11  73  45  59   7   6   0 0.00  0.0    0  2.6 16 300   M    M   0        22 330
12  76  41  59   7   6   0 0.00  0.0    M  3.6 15 300   M    M   0 8      21 280
13  82  39  61   9   4   0 0.00    M    0  0.9 10 300   M    M   0 8      14 310
14  81  44  63  11   2   0 0.00  0.0    0  1.2  9 180   M    M   0 18     11 170
15  65  50  58   6   7   0    T  0.0    0  3.6 10 160   M    M   5 1      14 210
16  68  46  57   5   8   0 0.00  0.0    0  3.2 12 350   M    M   5 1      16  30
17  78  41  60   8   5   0 0.01    M    0  1.6  8 220   M    M   1        12 180
18  66  54  60   8   5   0 0.01  0.0    0  4.5 14 130   M    M   8        18 150
19  67  52  60   8   5   0 0.01  0.0    0  1.7  9 170   M    M   7 8      13 170
20  57  51  54   2  11   0 0.16  0.0    0  8.5 17 170   M    M   7 1      24 150
21  63  50  57   5   8   0 0.66  0.0    0  7.1 18 180   M    M   8 1      28 190
================================================================================
SM 1400  909       205   0  1.98     0.0  61.6          M       81
================================================================================
AV 66.7 43.3                               2.9 FASTST   M    M   4    MAX(MPH)
                                 MISC ---->  # 18 180               # 28  190
================================================================================
NOTES:
# LAST OF SEVERAL OCCURRENCES

COLUMN 17 PEAK WIND IN M.P.H.

PRELIMINARY LOCAL CLIMATOLOGICAL DATA (WS FORM: F-6) , PAGE 2

                                          STATION:  UKIAH CA
                                          MONTH:    MARCH
                                          YEAR:     2017
                                          LATITUDE:   39  7 N
                                          LONGITUDE: 123 12 W

[TEMPERATURE DATA]      [PRECIPITATION DATA]       SYMBOLS USED IN COLUMN 16

AVERAGE MONTHLY: 55.0   TOTAL FOR MONTH:   1.98    1 = FOG OR MIST
DPTR FM NORMAL:   3.4   DPTR FM NORMAL:   -1.98    2 = FOG REDUCING VISIBILITY
HIGHEST:    82 ON 13    GRTST 24HR  0.66 ON 21-21      TO 1/4 MILE OR LESS
LOWEST:     32 ON  1                               3 = THUNDER
                        SNOW, ICE PELLETS, HAIL    4 = ICE PELLETS
                        TOTAL MONTH:   0.0 INCH    5 = HAIL
                        GRTST 24HR     0.0         6 = FREEZING RAIN OR DRIZZLE
                        GRTST DEPTH:   0           7 = DUSTSTORM OR SANDSTORM:
                                                       VSBY 1/2 MILE OR LESS
                                                   8 = SMOKE OR HAZE
[NO. OF DAYS WITH]      [WEATHER - DAYS WITH]      9 = BLOWING SNOW
                                                   X = TORNADO
MAX 32 OR BELOW:   0    0.01 INCH OR MORE:   9
MAX 90 OR ABOVE:   0    0.10 INCH OR MORE:   5
MIN 32 OR BELOW:   1    0.50 INCH OR MORE:   1
MIN  0 OR BELOW:   0    1.00 INCH OR MORE:   0

[HDD (BASE 65) ]
TOTAL THIS MO.   205    CLEAR  (SCALE 0-3)  11
DPTR FM NORMAL   -79    PTCLDY (SCALE 4-7)   6
TOTAL FM JUL 1  2372    CLOUDY (SCALE 8-10)  4
DPTR FM NORMAL  -145

[CDD (BASE 65) ]
TOTAL THIS MO.     0
DPTR FM NORMAL     0    [PRESSURE DATA]
TOTAL FM JAN 1     0    HIGHEST SLP M ON M
DPTR FM NORMAL     0    LOWEST  SLP 29.62 ON  5

[REMARKS]
