000
CXUS54 KEWX 230910
CF6UVA
PRELIMINARY LOCAL CLIMATOLOGICAL DATA (WS FORM: F-6)

                                          STATION:   UVALDE
                                          MONTH:     MAY
                                          YEAR:      2015
                                          LATITUDE:   29 12 N
                                          LONGITUDE:  99 44 W

  TEMPERATURE IN F:       :PCPN:    SNOW:  WIND      :SUNSHINE: SKY     :PK WND
================================================================================
1   2   3   4   5  6A  6B    7    8   9   10  11  12  13   14  15   16   17  18
                                     12Z  AVG MX 2MIN
DY MAX MIN AVG DEP HDD CDD  WTR  SNW DPTH SPD SPD DIR MIN PSBL S-S WX    SPD DR
================================================================================

 1  82  49  66   M   0   1 0.00    M    0  5.0 14 110   M    M   0        21 110
 2  81  51  66   M   0   1 0.00  0.0    0  6.6 14 120   M    M   0        17  90
 3  84  58  71   M   0   6 0.00  0.0    0  8.3 14 110   M    M   5        20 140
 4  79  68  74   M   0   9 0.05  0.0    0 11.9 17 130   M    M   9        27 130
 5  73  68  71   M   0   6 0.00  0.0    0  9.8 12 120   M    M  10 1      21 130
 6  81  70  76   M   0  11 0.01  0.0    0  9.7 16 120   M    M   9 1      22 110
 7  88  70  79   M   0  14 0.00    M    0  9.7 16 160   M    M   7 1      22 160
 8  79  73  76   M   0  11 0.01  0.0    0  8.8 14 120   M    M   9 18     16 100
 9  91  73  82   M   0  17 0.00  0.0    0 10.5 16 100   M    M   5 138    24 120
10  85  72  79   M   0  14 0.00    M    0 10.4 16 130   M    M   4 18     23 130
11  85  64  75   M   0  10 0.63  0.0    0 10.6 17  50   M    M   7 13     23  80
12  71  64  68   M   0   3 0.08  0.0    0  8.5 16  70   M    M   9 1      22  70
13  71  65  68   M   0   3 0.87  0.0    0  9.2 18  90   M    M   9 3      24  90
14  85  63  74   M   0   9 1.33    M    0  7.5 16 340   M    M   8 13     25 340
15  78  65  72   M   0   7 1.13  0.0    0  8.1 16 100   M    M   8 3      25 350
16  85  68  77   M   0  12 0.00    M    M  8.4 12 140   M    M   7 1       M  M
17  82  66  74   M   0   9 1.03  0.0    0  7.6 13 110   M    M   8 3      21 360
18  87  74  81   M   0  16 0.00  0.0    0  8.6 16 140   M    M   5 18     23 120
19  87  73  80   M   0  15 0.00  0.0    0 10.9 18 120   M    M   7 18     24 120
20  86  69  78   M   0  13 0.40  0.0    0  6.7 10 100   M    M   8 3      12  10
21  78  65  72   M   0   7 0.41  0.0    0 10.0 27  40   M    M   6 3      36  40
22  84  65  75   M   0  10 0.00  0.0    0  8.8 13  80   M    M   8 1      21  90
================================================================================
SM 1802 1453         0 204  5.95     0.0 195.6          M      148
================================================================================
AV 81.9 66.0                               8.9 FASTST   M    M   7    MAX(MPH)
                                 MISC ---->  # 27  40                 36    M
================================================================================
NOTES:
# LAST OF SEVERAL OCCURRENCES

COLUMN 17 PEAK WIND IN M.P.H.

PRELIMINARY LOCAL CLIMATOLOGICAL DATA (WS FORM: F-6) , PAGE 2

                                          STATION:  UVALDE
                                          MONTH:    MAY
                                          YEAR:     2015
                                          LATITUDE:   29 12 N
                                          LONGITUDE:  99 44 W

[TEMPERATURE DATA]      [PRECIPITATION DATA]       SYMBOLS USED IN COLUMN 16

AVERAGE MONTHLY: 74.0   TOTAL FOR MONTH:   5.95    1 = FOG OR MIST
DPTR FM NORMAL:     M   DPTR FM NORMAL:       M    2 = FOG REDUCING VISIBILITY
HIGHEST:    91 ON  9    GRTST 24HR  1.33 ON 14-14      TO 1/4 MILE OR LESS
LOWEST:     49 ON  1                               3 = THUNDER
                        SNOW, ICE PELLETS, HAIL    4 = ICE PELLETS
                        TOTAL MONTH:   0.0 INCH    5 = HAIL
                        GRTST 24HR     0.0         6 = FREEZING RAIN OR DRIZZLE
                        GRTST DEPTH:   0           7 = DUSTSTORM OR SANDSTORM:
                                                       VSBY 1/2 MILE OR LESS
                                                   8 = SMOKE OR HAZE
[NO. OF DAYS WITH]      [WEATHER - DAYS WITH]      9 = BLOWING SNOW
                                                   X = TORNADO
MAX 32 OR BELOW:   0    0.01 INCH OR MORE:  11
MAX 90 OR ABOVE:   1    0.10 INCH OR MORE:   7
MIN 32 OR BELOW:   0    0.50 INCH OR MORE:   5
MIN  0 OR BELOW:   0    1.00 INCH OR MORE:   3

[HDD (BASE 65) ]
TOTAL THIS MO.     0    CLEAR  (SCALE 0-3)   2
DPTR FM NORMAL     M    PTCLDY (SCALE 4-7)  14
TOTAL FM JUL 1  1477    CLOUDY (SCALE 8-10)  6
DPTR FM NORMAL     M

[CDD (BASE 65) ]
TOTAL THIS MO.   204
DPTR FM NORMAL     M    [PRESSURE DATA]
TOTAL FM JAN 1   411    HIGHEST SLP M ON M
DPTR FM NORMAL     M    LOWEST  SLP M ON M

[REMARKS]
