000
CXUS56 KSTO 251455
CF6VCB
PRELIMINARY LOCAL CLIMATOLOGICAL DATA (WS FORM: F-6)

                                          STATION:   VACAVILLE AIRPORT CA
                                          MONTH:     JULY
                                          YEAR:      2014
                                          LATITUDE:   38 22 N
                                          LONGITUDE: 121 58 W

  TEMPERATURE IN F:       :PCPN:    SNOW:  WIND      :SUNSHINE: SKY     :PK WND
================================================================================
1   2   3   4   5  6A  6B    7    8   9   10  11  12  13   14  15   16   17  18
                                     12Z  AVG MX 2MIN
DY MAX MIN AVG DEP HDD CDD  WTR  SNW DPTH SPD SPD DIR MIN PSBL S-S WX    SPD DR
================================================================================

 1  89  62  76   1   0  11 0.00  0.0    0 10.9 20 210   M    M   0        27 210
 2  91  58  75  -1   0  10 0.00  0.0    0  8.6 15 220   M    M   0        20 240
 3  94  57  76   0   0  11 0.00  0.0    0  7.1 17 230   M    M   0        21 220
 4  94  55  75  -1   0  10 0.00  0.0    0  7.2 16 180   M    M   0        23 190
 5  99  52  76   0   0  11 0.00  0.0    0  6.6 15 250   M    M   0 8      19 180
 6  99  55  77   1   0  12 0.00  0.0    0  4.3 15 180   M    M   1        19 190
 7  94  62  78   2   0  13 0.00  0.0    0  5.4 14 190   M    M   0        21 220
 8  94  65  80   4   0  15 0.00  0.0    0  7.4 16 220   M    M   0        22 190
 9  91  60  76   0   0  11 0.00  0.0    0  9.4 20 230   M    M   0        27 210
10  88  62  75  -1   0  10 0.00  0.0    0  9.6 18 180   M    M   0        27 220
11  86  62  74  -2   0   9 0.00  0.0    0 10.5 22 230   M    M   0        28 210
12  91  54  73  -3   0   8 0.00  0.0    0  6.3 16 220   M    M   0        22 230
13 104  58  81   5   0  16 0.00  0.0    0  5.5 13 240   M    M   0 8      16 180
14 103  65  84   8   0  19    T  0.0    0  8.9 28 230   M    M   0        36 240
15  93  66  80   4   0  15 0.00  0.0    0 12.5 28 240   M    M   0        36 230
16  89  66  78   2   0  13 0.00  0.0    0 10.5 18 220   M    M   0        26 220
17  85  62  74  -2   0   9 0.00  0.0    0 10.2 21 220   M    M   0        29 210
18  87  60  74  -2   0   9 0.00  0.0    0  8.2 17 220   M    M   0        23 230
19  96  58  77   1   0  12 0.00  0.0    0  6.7 17 220   M    M   0        22 180
20  80  64  72  -4   0   7    T  0.0    0 10.5 23 230   M    M   1        31 210
21  86  64  75  -1   0  10 0.00  0.0    0 10.4 18 240   M    M   1        24 220
22  88  62  75  -1   0  10 0.04  0.0    0  9.1 24 240   M    M   0 3      31 220
23  90  58  74  -2   0   9 0.00  0.0    0  5.5 17 220   M    M   0        24 180
24  96  58  77   1   0  12 0.00  0.0    0  4.1 14 350   M    M   0 8      20 340
================================================================================
SM 2207 1445         0 272  0.04     0.0 195.4          M        3
================================================================================
AV 92.0 60.2                               8.1 FASTST   M    M   0    MAX(MPH)
                                 MISC ---->  # 28 230               # 36  240
================================================================================
NOTES:
# LAST OF SEVERAL OCCURRENCES

COLUMN 17 PEAK WIND IN M.P.H.

PRELIMINARY LOCAL CLIMATOLOGICAL DATA (WS FORM: F-6) , PAGE 2

                                          STATION:  VACAVILLE AIRPORT CA
                                          MONTH:    JULY
                                          YEAR:     2014
                                          LATITUDE:   38 22 N
                                          LONGITUDE: 121 58 W

[TEMPERATURE DATA]      [PRECIPITATION DATA]       SYMBOLS USED IN COLUMN 16

AVERAGE MONTHLY: 76.1   TOTAL FOR MONTH:   0.04    1 = FOG OR MIST
DPTR FM NORMAL:   0.1   DPTR FM NORMAL:    0.04    2 = FOG REDUCING VISIBILITY
HIGHEST:   104 ON 13    GRTST 24HR  0.04 ON 22-22      TO 1/4 MILE OR LESS
LOWEST:     52 ON  5                               3 = THUNDER
                        SNOW, ICE PELLETS, HAIL    4 = ICE PELLETS
                        TOTAL MONTH:   0.0 INCH    5 = HAIL
                        GRTST 24HR     0.0         6 = FREEZING RAIN OR DRIZZLE
                        GRTST DEPTH:   0           7 = DUSTSTORM OR SANDSTORM:
                                                       VSBY 1/2 MILE OR LESS
                                                   8 = SMOKE OR HAZE
[NO. OF DAYS WITH]      [WEATHER - DAYS WITH]      9 = BLOWING SNOW
                                                   X = TORNADO
MAX 32 OR BELOW:   0    0.01 INCH OR MORE:   1
MAX 90 OR ABOVE:  15    0.10 INCH OR MORE:   0
MIN 32 OR BELOW:   0    0.50 INCH OR MORE:   0
MIN  0 OR BELOW:   0    1.00 INCH OR MORE:   0

[HDD (BASE 65) ]
TOTAL THIS MO.     0    CLEAR  (SCALE 0-3)  24
DPTR FM NORMAL     0    PTCLDY (SCALE 4-7)   0
TOTAL FM JUL 1     0    CLOUDY (SCALE 8-10)  0
DPTR FM NORMAL     0

[CDD (BASE 65) ]
TOTAL THIS MO.   272
DPTR FM NORMAL     9    [PRESSURE DATA]
TOTAL FM JAN 1   633    HIGHEST SLP M ON M
DPTR FM NORMAL    18    LOWEST  SLP 29.70 ON  1

[REMARKS]
