000
CXUS55 KVEF 210940
CF6VGT
PRELIMINARY LOCAL CLIMATOLOGICAL DATA (WS FORM: F-6)

                                          STATION:   NORTH_LAS_VEGAS NV
                                          MONTH:     JANUARY
                                          YEAR:      2017
                                          LATITUDE:   36 12 N
                                          LONGITUDE: 115 12 W

  TEMPERATURE IN F:       :PCPN:    SNOW:  WIND      :SUNSHINE: SKY     :PK WND
================================================================================
1   2   3   4   5  6A  6B    7    8   9   10  11  12  13   14  15   16   17  18
                                     12Z  AVG MX 2MIN
DY MAX MIN AVG DEP HDD CDD  WTR  SNW DPTH SPD SPD DIR MIN PSBL S-S WX    SPD DR
================================================================================

 1  57  39  48   2  17   0 0.00  0.0    0  7.3 26 170   M    M   1 1      32 170
 2  57  46  52   6  13   0 0.00  0.0    0 16.2 26 220   M    M   0        33 220
 3  55  44  50   4  15   0 0.00  0.0    0  9.0 17 180   M    M   0        19 210
 4  57  39  48   2  17   0 0.00  0.0    0  6.4 18  70   M    M   1        21  80
 5  66  43  55   9  10   0 0.00  0.0    0 13.1 33 250   M    M   2        43 250
 6  47  33  40  -7  25   0 0.00  0.0    0  8.0 24 330   M    M   0        29 320
 7  46  34  40  -7  25   0 0.00  0.0    0  4.3 13 140   M    M   7        15 150
 8  55  42  49   2  16   0 0.00  0.0    0  3.1 10 120   M    M   5        13 150
 9  66  44  55   8  10   0 0.00  0.0    0 12.5 31 260   M    M   2        45 260
10  64  42  53   6  12   0 0.00  0.0    0 10.1 23 170   M    M   0        27 170
11  66  53  60  13   5   0 0.00  0.0    0 13.7 39 220   M    M   2        51 210
12  57  47  52   5  13   0 0.09    M    0  9.7 22 190   M    M   5 8      27 190
13  56  47  52   4  13   0 0.10    M    0  9.1 17 340   M    M   7 1      24 350
14  59  49  54   6  11   0 0.00  0.0    0 14.0 23 340   M    M   7        30 330
15  57  44  51   3  14   0 0.00  0.0    0  7.2 23 360   M    M   2        29 350
16  57  40  49   1  16   0 0.00  0.0    0  7.9 23 340   M    M   0        31 330
17  56  36  46  -2  19   0 0.00  0.0    0  3.8 13 330   M    M   0        14 330
18  54  33  44  -4  21   0 0.00  0.0    0  5.7 24 220   M    M   2        29 210
19  56  43  50   2  15   0 0.00  0.0    0 10.3 23 260   M    M   6        33 190
20  49  42  46  -3  19   0 0.40    M    0 11.2 22 220   M    M   6 1      29 230
================================================================================
SM 1137  840       306   0  0.59     0.0 182.6          M       55
================================================================================
AV 56.9 42.0                               9.1 FASTST   M    M   3    MAX(MPH)
                                 MISC ---->  # 39 220               # 51  210
================================================================================
NOTES:
# LAST OF SEVERAL OCCURRENCES

COLUMN 17 PEAK WIND IN M.P.H.

PRELIMINARY LOCAL CLIMATOLOGICAL DATA (WS FORM: F-6) , PAGE 2

                                          STATION:  NORTH_LAS_VEGAS NV
                                          MONTH:    JANUARY
                                          YEAR:     2017
                                          LATITUDE:   36 12 N
                                          LONGITUDE: 115 12 W

[TEMPERATURE DATA]      [PRECIPITATION DATA]       SYMBOLS USED IN COLUMN 16

AVERAGE MONTHLY: 49.4   TOTAL FOR MONTH:   0.59    1 = FOG OR MIST
DPTR FM NORMAL:   2.2   DPTR FM NORMAL:    0.08    2 = FOG REDUCING VISIBILITY
HIGHEST:    66 ON 11, 9 GRTST 24HR  0.40 ON 20-20      TO 1/4 MILE OR LESS
LOWEST:     33 ON 18, 6                            3 = THUNDER
                        SNOW, ICE PELLETS, HAIL    4 = ICE PELLETS
                        TOTAL MONTH:   0.0 INCH    5 = HAIL
                        GRTST 24HR     0.0         6 = FREEZING RAIN OR DRIZZLE
                        GRTST DEPTH:   0           7 = DUSTSTORM OR SANDSTORM:
                                                       VSBY 1/2 MILE OR LESS
                                                   8 = SMOKE OR HAZE
[NO. OF DAYS WITH]      [WEATHER - DAYS WITH]      9 = BLOWING SNOW
                                                   X = TORNADO
MAX 32 OR BELOW:   0    0.01 INCH OR MORE:   3
MAX 90 OR ABOVE:   0    0.10 INCH OR MORE:   2
MIN 32 OR BELOW:   0    0.50 INCH OR MORE:   0
MIN  0 OR BELOW:   0    1.00 INCH OR MORE:   0

[HDD (BASE 65) ]
TOTAL THIS MO.   306    CLEAR  (SCALE 0-3)  13
DPTR FM NORMAL   -50    PTCLDY (SCALE 4-7)   7
TOTAL FM JUL 1  1056    CLOUDY (SCALE 8-10)  0
DPTR FM NORMAL  -180

[CDD (BASE 65) ]
TOTAL THIS MO.     0
DPTR FM NORMAL     0    [PRESSURE DATA]
TOTAL FM JAN 1     0    HIGHEST SLP M ON M
DPTR FM NORMAL     0    LOWEST  SLP 29.22 ON 20

[REMARKS]
