000
CXUS52 KTAE 220800
CF6VLD
PRELIMINARY LOCAL CLIMATOLOGICAL DATA (WS FORM: F-6)

                                          STATION:   VALDOSTA
                                          MONTH:     JULY
                                          YEAR:      2017
                                          LATITUDE:   30 46 N
                                          LONGITUDE:  83 17 W

  TEMPERATURE IN F:       :PCPN:    SNOW:  WIND      :SUNSHINE: SKY     :PK WND
================================================================================
1   2   3   4   5  6A  6B    7    8   9   10  11  12  13   14  15   16   17  18
                                     12Z  AVG MX 2MIN
DY MAX MIN AVG DEP HDD CDD  WTR  SNW DPTH SPD SPD DIR MIN PSBL S-S WX    SPD DR
================================================================================

 1  93  72  83   2   0  18    T  0.0    0  2.3  8 190   M    M   2 1      11 190
 2  94  73  84   3   0  19 0.61  0.0    0  2.7 13 130   M    M   2 138    28 280
 3  93  72  83   2   0  18 0.00  0.0    0  2.1  9 280   M    M   2 1      15 280
 4  95  72  84   3   0  19 0.00  0.0    0  1.5  7 180   M    M   1 1      12 280
 5  96  74  85   4   0  20    T  0.0    0  2.3 17 180   M    M   2 1      22 170
 6  95  72  84   3   0  19    T  0.0    0  2.0 16 190   M    M   2 3      22 180
 7  95  72  84   3   0  19    T  0.0    0  3.1 14 230   M    M   1 13     25 220
 8  95  70  83   2   0  18 0.00  0.0    0  2.2 12 310   M    M   1 13     18 310
 9  93  69  81   0   0  16 0.10  0.0    0  2.6 15 180   M    M   1 13     19 200
10  89  70  80  -1   0  15 0.29  0.0    0  1.5 15 160   M    M   2 13     22 190
11  91  71  81   0   0  16    T  0.0    0  2.4 12 160   M    M   2 3      14 170
12  93  71  82   1   0  17 0.00  0.0    0  3.1 13 150   M    M   1 3      19 150
13  93  69  81   0   0  16 0.14  0.0    0  3.0 25 140   M    M   2 13     32 130
14  92  71  82   1   0  17    T  0.0    0  1.5 14  70   M    M   4 13     18  80
15  93  72  83   1   0  18 0.01  0.0    0  2.2 15 180   M    M   2 13     18 200
16  89  70  80  -2   0  15 0.24  0.0    0  1.6 13 170   M    M   2 138    20 280
17  87  71  79  -3   0  14 0.30  0.0    0  1.6  9 170   M    M   3 13     17 290
18  89  71  80  -2   0  15 0.01  0.0    0  1.7  8 170   M    M   3        11 170
19  94  70  82   0   0  17    T  0.0    0  2.6 15 180   M    M   2 1      19 170
20  94  72  83   1   0  18 0.00  0.0    0  3.7 20 160   M    M   2 3      26 160
21  94  70  82   0   0  17    T  0.0    0  3.9 18 300   M    M   1 13     23 290
================================================================================
SM 1947 1494         0 361  1.70     0.0  49.6          M       40
================================================================================
AV 92.7 71.1                               2.4 FASTST   M    M   2    MAX(MPH)
                                 MISC ---->  # 25 140               # 32  130
================================================================================
NOTES:
# LAST OF SEVERAL OCCURRENCES

COLUMN 17 PEAK WIND IN M.P.H.

PRELIMINARY LOCAL CLIMATOLOGICAL DATA (WS FORM: F-6) , PAGE 2

                                          STATION:  VALDOSTA
                                          MONTH:    JULY
                                          YEAR:     2017
                                          LATITUDE:   30 46 N
                                          LONGITUDE:  83 17 W

[TEMPERATURE DATA]      [PRECIPITATION DATA]       SYMBOLS USED IN COLUMN 16

AVERAGE MONTHLY: 81.9   TOTAL FOR MONTH:   1.70    1 = FOG OR MIST
DPTR FM NORMAL:   0.6   DPTR FM NORMAL:   -2.71    2 = FOG REDUCING VISIBILITY
HIGHEST:    96 ON  5    GRTST 24HR  0.61 ON  2- 2      TO 1/4 MILE OR LESS
LOWEST:     69 ON 13, 9                            3 = THUNDER
                        SNOW, ICE PELLETS, HAIL    4 = ICE PELLETS
                        TOTAL MONTH:   0.0 INCH    5 = HAIL
                        GRTST 24HR     0.0         6 = FREEZING RAIN OR DRIZZLE
                        GRTST DEPTH:   0           7 = DUSTSTORM OR SANDSTORM:
                                                       VSBY 1/2 MILE OR LESS
                                                   8 = SMOKE OR HAZE
[NO. OF DAYS WITH]      [WEATHER - DAYS WITH]      9 = BLOWING SNOW
                                                   X = TORNADO
MAX 32 OR BELOW:   0    0.01 INCH OR MORE:   8
MAX 90 OR ABOVE:  17    0.10 INCH OR MORE:   6
MIN 32 OR BELOW:   0    0.50 INCH OR MORE:   1
MIN  0 OR BELOW:   0    1.00 INCH OR MORE:   0

[HDD (BASE 65) ]
TOTAL THIS MO.     0    CLEAR  (SCALE 0-3)  20
DPTR FM NORMAL     0    PTCLDY (SCALE 4-7)   1
TOTAL FM JUL 1     0    CLOUDY (SCALE 8-10)  0
DPTR FM NORMAL     0

[CDD (BASE 65) ]
TOTAL THIS MO.   361
DPTR FM NORMAL    21    [PRESSURE DATA]
TOTAL FM JAN 1  1309    HIGHEST SLP M ON M
DPTR FM NORMAL   125    LOWEST  SLP 29.95 ON 16

[REMARKS]
