000
CXUS52 KFFC 301110
CF6VPC
PRELIMINARY LOCAL CLIMATOLOGICAL DATA (WS FORM: F-6)

                                          STATION:   CARTERSVILLE
                                          MONTH:     JUNE
                                          YEAR:      2015
                                          LATITUDE:   34  7 N
                                          LONGITUDE:  84 51 W

  TEMPERATURE IN F:       :PCPN:    SNOW:  WIND      :SUNSHINE: SKY     :PK WND
================================================================================
1   2   3   4   5  6A  6B    7    8   9   10  11  12  13   14  15   16   17  18
                                     12Z  AVG MX 2MIN
DY MAX MIN AVG DEP HDD CDD  WTR  SNW DPTH SPD SPD DIR MIN PSBL S-S WX    SPD DR
================================================================================

 1  79  64  72   0   0   7    T  0.0    0  3.1  9 150   M    M   5 3      13 140
 2  83  61  72   0   0   7 0.00    M    M  1.2  9 360   M    M   6 3      13 190
 3  81  58  70  -2   0   5 0.18  0.0    0  3.6 13 190   M    M   5 13     18 160
 4  80  62  71  -2   0   6 0.00  0.0    M  3.5 10  90   M    M   5        15 110
 5  86  59  73   0   0   8 0.06    M    M  0.9 14 360   M    M   2 1      21 350
 6  88  63  76   3   0  11 0.00    M    M  2.1 14  10   M    M   0 1      18  20
 7  89  62  76   3   0  11 0.00    M    M  2.8  9 150   M    M   0 18     14 130
 8  88  67  78   5   0  13 0.00    M    M  3.8 14 190   M    M   2        20 170
 9  87  66  77   3   0  12 0.11    M    M  1.4  8 190   M    M   5 13     13  10
10  89  62  76   2   0  11 0.00    M    M  1.8  7 160   M    M   1        10 150
11  85  68  77   3   0  12 0.41  0.0    M  2.7 12  70   M    M   4 138    18  50
12  85  67  76   2   0  11 0.00  0.0    M  3.4 12 180   M    M   5        16 170
13  90  65  78   3   0  13 0.00    M    M  1.8  9 180   M    M   1 18     12 140
14  91  66  79   4   0  14 0.00    M    M  0.9  8 180   M    M   0 18     17 190
15  93  66  80   5   0  15 0.00    M    M  1.5  9 160   M    M   0        13 190
16  94  67  81   6   0  16    T    M    M  1.7  7 290   M    M   1 3      14 270
17  94  69  82   7   0  17 0.00    M    M  1.9  9 180   M    M   0        12 180
18  93  71  82   7   0  17 1.55    M    M  1.4 12 200   M    M   1 1238   16 210
19  90  68  79   3   0  14 0.00    M    M  3.2 13 180   M    M   1 1      17 170
20  89  73  81   5   0  16 0.02    M    M  4.2  9 220   M    M   2 8      19 210
21  92  70  81   5   0  16 0.00    M    M  0.6  8 360   M    M   2 18     12 340
22  95  70  83   7   0  18 0.00    M    M  1.4 12  10   M    M   1 18     17  10
23  94  70  82   6   0  17 0.00    M    M  1.1  7 340   M    M   1 18     12 330
24  95  68  82   5   0  17 0.11    M    M  2.8 29  20   M    M   2 138    43  50
25  91  66  79   2   0  14 0.03    M    M  0.9 18 360   M    M   0 138    39 330
26  92  69  81   4   0  16 0.00    M    M  1.8 14 180   M    M   0 138    20 180
27  83  70  77   0   0  12    T  0.0    M  2.3  9 340   M    M   8 1      14 230
28  82  60  71  -6   0   6 0.00  0.0    M  2.3 12 360   M    M   1        15 360
29  86  56  71  -6   0   6 0.00  0.0    M  3.0 10 210   M    M   1        15 220
================================================================================
SM 2564 1903         0 358  2.47     0.0  63.1          M       62
================================================================================
AV 88.4 65.6                               2.2 FASTST   M    M   2    MAX(MPH)
                                 MISC ---->  # 29  20               # 43   50
================================================================================
NOTES:
# LAST OF SEVERAL OCCURRENCES

COLUMN 17 PEAK WIND IN M.P.H.

PRELIMINARY LOCAL CLIMATOLOGICAL DATA (WS FORM: F-6) , PAGE 2

                                          STATION:  CARTERSVILLE
                                          MONTH:    JUNE
                                          YEAR:     2015
                                          LATITUDE:   34  7 N
                                          LONGITUDE:  84 51 W

[TEMPERATURE DATA]      [PRECIPITATION DATA]       SYMBOLS USED IN COLUMN 16

AVERAGE MONTHLY: 77.0   TOTAL FOR MONTH:   2.47    1 = FOG OR MIST
DPTR FM NORMAL:   2.2   DPTR FM NORMAL:   -1.20    2 = FOG REDUCING VISIBILITY
HIGHEST:    95 ON 24,22 GRTST 24HR  1.55 ON 18-18      TO 1/4 MILE OR LESS
LOWEST:     56 ON 29                               3 = THUNDER
                        SNOW, ICE PELLETS, HAIL    4 = ICE PELLETS
                        TOTAL MONTH:   0.0 INCH    5 = HAIL
                        GRTST 24HR     0.0         6 = FREEZING RAIN OR DRIZZLE
                        GRTST DEPTH:   0           7 = DUSTSTORM OR SANDSTORM:
                                                       VSBY 1/2 MILE OR LESS
                                                   8 = SMOKE OR HAZE
[NO. OF DAYS WITH]      [WEATHER - DAYS WITH]      9 = BLOWING SNOW
                                                   X = TORNADO
MAX 32 OR BELOW:   0    0.01 INCH OR MORE:   8
MAX 90 OR ABOVE:  13    0.10 INCH OR MORE:   5
MIN 32 OR BELOW:   0    0.50 INCH OR MORE:   1
MIN  0 OR BELOW:   0    1.00 INCH OR MORE:   1

[HDD (BASE 65) ]
TOTAL THIS MO.     0    CLEAR  (SCALE 0-3)  21
DPTR FM NORMAL     0    PTCLDY (SCALE 4-7)   8
TOTAL FM JUL 1  3317    CLOUDY (SCALE 8-10)  0
DPTR FM NORMAL    49

[CDD (BASE 65) ]
TOTAL THIS MO.   358
DPTR FM NORMAL    76    [PRESSURE DATA]
TOTAL FM JAN 1   576    HIGHEST SLP  0.00 ON 16
DPTR FM NORMAL   145    LOWEST  SLP  0.00 ON 16

[REMARKS]
