000
CXUS52 KFFC 271110
CF6VPC
PRELIMINARY LOCAL CLIMATOLOGICAL DATA (WS FORM: F-6)

                                          STATION:   CARTERSVILLE
                                          MONTH:     FEBRUARY
                                          YEAR:      2017
                                          LATITUDE:   34  7 N
                                          LONGITUDE:  84 51 W

  TEMPERATURE IN F:       :PCPN:    SNOW:  WIND      :SUNSHINE: SKY     :PK WND
================================================================================
1   2   3   4   5  6A  6B    7    8   9   10  11  12  13   14  15   16   17  18
                                     12Z  AVG MX 2MIN
DY MAX MIN AVG DEP HDD CDD  WTR  SNW DPTH SPD SPD DIR MIN PSBL S-S WX    SPD DR
================================================================================

 1  69  39  54  12  11   0 0.00  0.0    0  2.1 10 230   M    M   1        20 220
 2  61  39  50   8  15   0 0.02    M    0  2.2 13 360   M    M   6        17 350
 3  54  34  44   2  21   0 0.00  0.0    0  5.4 20 360   M    M   6        26 360
 4  49  23  36  -7  29   0 0.00  0.0    0  3.4 12 140   M    M   1        16 130
 5  51  35  43   0  22   0 0.08    M    0  1.2  7 110   M    M  10 1      10 120
 6  60  44  52   9  13   0 0.16    M    0  2.7  6  90   M    M   9 1       9 120
 7  66  45  56  13   9   0 0.28    M    0  2.6 14 190   M    M   6 123    20 200
 8  67  47  57  14   8   0 0.42    M    0  2.0 10 180   M    M   8 123    17 250
 9  57  34  46   3  19   0 0.02  0.0    0  5.9 15 330   M    M   4        25 340
10  65  26  46   2  19   0 0.00  0.0    0  2.5 13 170   M    M   0        20 180
11  68  36  52   8  13   0 0.00  0.0    0  2.3 10 220   M    M   8        22 210
12  72  55  64  20   1   0 0.01  0.0    0  4.7 15 350   M    M  10 1      22 340
13  62  41  52   8  13   0 0.00  0.0    0  4.8 14 350   M    M   0        21 340
14  66  28  47   3  18   0 0.00  0.0    0  0.9  7 220   M    M   3        11 210
15  59  40  50   5  15   0 0.43  0.0    0  4.8 16  10   M    M   5 13     23  10
16  57  30  44  -1  21   0 0.00  0.0    0  1.6  9 200   M    M   0        14 300
17  68  28  48   3  17   0 0.00  0.0    0  0.7  8 210   M    M   0        14 210
18  56  43  50   5  15   0 0.12  0.0    0  1.4  6  50   M    M   8 1       9 120
19  68  45  57  12   8   0 0.00  0.0    0  1.8 13 360   M    M   6 18     20 360
20  73  38  56  10   9   0 0.00  0.0    0  2.1  8 140   M    M   0 1      12 100
21  68  50  59  13   6   0 0.60  0.0    0  4.3 14 150   M    M   6 1      19 120
22  66  55  61  15   4   0 0.12  0.0    0  4.9 10 100   M    M   7 1      15  90
23  75  48  62  16   3   0 0.00  0.0    0  3.3 12 110   M    M   2 12     17 150
24  79  47  63  16   2   0 0.00  0.0    0  5.6 16 170   M    M   2        22 180
25  68  39  54   7  11   0    T    M    0  3.8 13 340   M    M   3        21 350
26  59  30  45  -2  20   0 0.00  0.0    0  1.5 10  20   M    M   0        14 360
================================================================================
SM 1663 1019       342   0  2.26     0.0  78.5          M      111
================================================================================
AV 64.0 39.2                               3.0 FASTST   M    M   4    MAX(MPH)
                                 MISC ---->  # 20 360               # 26  360
================================================================================
NOTES:
# LAST OF SEVERAL OCCURRENCES

COLUMN 17 PEAK WIND IN M.P.H.

PRELIMINARY LOCAL CLIMATOLOGICAL DATA (WS FORM: F-6) , PAGE 2

                                          STATION:  CARTERSVILLE
                                          MONTH:    FEBRUARY
                                          YEAR:     2017
                                          LATITUDE:   34  7 N
                                          LONGITUDE:  84 51 W

[TEMPERATURE DATA]      [PRECIPITATION DATA]       SYMBOLS USED IN COLUMN 16

AVERAGE MONTHLY: 51.6   TOTAL FOR MONTH:   2.26    1 = FOG OR MIST
DPTR FM NORMAL:   7.2   DPTR FM NORMAL:   -2.25    2 = FOG REDUCING VISIBILITY
HIGHEST:    79 ON 24    GRTST 24HR  0.72 ON 21-22      TO 1/4 MILE OR LESS
LOWEST:     23 ON  4                               3 = THUNDER
                        SNOW, ICE PELLETS, HAIL    4 = ICE PELLETS
                        TOTAL MONTH:   0.0 INCH    5 = HAIL
                        GRTST 24HR     0.0         6 = FREEZING RAIN OR DRIZZLE
                        GRTST DEPTH:   0           7 = DUSTSTORM OR SANDSTORM:
                                                       VSBY 1/2 MILE OR LESS
                                                   8 = SMOKE OR HAZE
[NO. OF DAYS WITH]      [WEATHER - DAYS WITH]      9 = BLOWING SNOW
                                                   X = TORNADO
MAX 32 OR BELOW:   0    0.01 INCH OR MORE:  11
MAX 90 OR ABOVE:   0    0.10 INCH OR MORE:   7
MIN 32 OR BELOW:   6    0.50 INCH OR MORE:   1
MIN  0 OR BELOW:   0    1.00 INCH OR MORE:   0

[HDD (BASE 65) ]
TOTAL THIS MO.   342    CLEAR  (SCALE 0-3)  11
DPTR FM NORMAL  -194    PTCLDY (SCALE 4-7)  12
TOTAL FM JUL 1  1802    CLOUDY (SCALE 8-10)  3
DPTR FM NORMAL  -775

[CDD (BASE 65) ]
TOTAL THIS MO.     0
DPTR FM NORMAL     0    [PRESSURE DATA]
TOTAL FM JAN 1     0    HIGHEST SLP M ON M
DPTR FM NORMAL     0    LOWEST  SLP 29.54 ON 15

[REMARKS]
