000
CXUS51 KBTV 250700
CF6VSF
PRELIMINARY LOCAL CLIMATOLOGICAL DATA (WS FORM: F-6)

                                          STATION:   SPRINGFIELD VT
                                          MONTH:     JULY
                                          YEAR:      2017
                                          LATITUDE:   43 19 N
                                          LONGITUDE:  72 31 W

  TEMPERATURE IN F:       :PCPN:    SNOW:  WIND      :SUNSHINE: SKY     :PK WND
================================================================================
1   2   3   4   5  6A  6B    7    8   9   10  11  12  13   14  15   16   17  18
                                     12Z  AVG MX 2MIN
DY MAX MIN AVG DEP HDD CDD  WTR  SNW DPTH SPD SPD DIR MIN PSBL S-S WX    SPD DR
================================================================================

 1  83  63  73   5   0   8 1.36  0.0    0  3.1 20 180   M    M   9 123    28 170
 2  84  61  73   5   0   8 0.00  0.0    0  4.4 17 260   M    M   3 12     25 290
 3  81  57  69   1   0   4 0.00  0.0    0  4.0 17 280   M    M   2 1      24 290
 4  81  53  67  -1   0   2 0.00  0.0    0  3.4 15 290   M    M   2 12     22 280
 5  82  49  66  -3   0   1 0.00  0.0    0  2.0 13 160   M    M   1 12     19 150
 6  77  54  66  -3   0   1    T  0.0    0  2.8  9 120   M    M   4        13 170
 7  77  58  68  -1   0   3    T  0.0    0  2.2 10 130   M    M   2         M  M
 8  83  60  72   3   0   7 0.04  0.0    0  3.5 20 320   M    M   6 12     33 300
 9  79  55  67  -2   0   2 0.00  0.0    0  4.2 17 270   M    M   3 12     25 270
10  83  53  68  -1   0   3    T  0.0    0  2.8 17 260   M    M   1        26 260
11  81  63  72   3   0   7 0.06  0.0    0  1.7 10 240   M    M   6 1      16 210
12  89  60  75   6   0  10 0.01  0.0    0  2.1 12 160   M    M   5 12     15 170
13  70  57  64  -5   1   0 0.84  0.0    0  2.7 12  50   M    M  10 1      13  60
14  63  57  60  -9   5   0    T  0.0    0  1.8  8 150   M    M   9 1      12 150
15  80  61  71   2   0   6 0.01  0.0    0  2.8 15 280   M    M   8 1      21 280
16  85  58  72   3   0   7 0.00  0.0    0  2.4 14 280   M    M   3        18 270
17  86  58  72   3   0   7 0.46  0.0    0  3.6 17 160   M    M   4 1238   21 190
18  85  62  74   5   0   9    T  0.0    0  2.0 10 260   M    M   5 1      13 290
19  87  59  73   4   0   8 0.00  0.0    0  2.3 13 240   M    M   5 12     17 260
20  86  61  74   5   0   9 0.00  0.0    0  2.8 13 260   M    M   3 12     18 230
21  86  59  73   4   0   8 0.00  0.0    0  4.6 16 270   M    M   3 12     22 260
22  83  58  71   2   0   6 0.00  0.0    0  2.2 10 240   M    M   1 8      14 250
23  77  63  70   1   0   5 0.00  0.0    0  2.5  9 140   M    M   6        13 180
24  64  54  59 -10   6   0 0.40  0.0    0  2.1 12  60   M    M   9 1      15  60
================================================================================
SM 1932 1393        12 121  3.18     0.0  68.0          M      110
================================================================================
AV 80.5 58.0                               2.8 FASTST   M    M   5    MAX(MPH)
                                 MISC ---->  # 20 180               # 33  300
================================================================================
NOTES:
# LAST OF SEVERAL OCCURRENCES

COLUMN 17 PEAK WIND IN M.P.H.

PRELIMINARY LOCAL CLIMATOLOGICAL DATA (WS FORM: F-6) , PAGE 2

                                          STATION:  SPRINGFIELD VT
                                          MONTH:    JULY
                                          YEAR:     2017
                                          LATITUDE:   43 19 N
                                          LONGITUDE:  72 31 W

[TEMPERATURE DATA]      [PRECIPITATION DATA]       SYMBOLS USED IN COLUMN 16

AVERAGE MONTHLY: 69.3   TOTAL FOR MONTH:   3.18    1 = FOG OR MIST
DPTR FM NORMAL:   0.4   DPTR FM NORMAL:   -0.27    2 = FOG REDUCING VISIBILITY
HIGHEST:    89 ON 12    GRTST 24HR  1.36 ON  1- 1      TO 1/4 MILE OR LESS
LOWEST:     49 ON  5                               3 = THUNDER
                        SNOW, ICE PELLETS, HAIL    4 = ICE PELLETS
                        TOTAL MONTH:   0.0 INCH    5 = HAIL
                        GRTST 24HR     0.0         6 = FREEZING RAIN OR DRIZZLE
                        GRTST DEPTH:   0           7 = DUSTSTORM OR SANDSTORM:
                                                       VSBY 1/2 MILE OR LESS
                                                   8 = SMOKE OR HAZE
[NO. OF DAYS WITH]      [WEATHER - DAYS WITH]      9 = BLOWING SNOW
                                                   X = TORNADO
MAX 32 OR BELOW:   0    0.01 INCH OR MORE:   8
MAX 90 OR ABOVE:   0    0.10 INCH OR MORE:   4
MIN 32 OR BELOW:   0    0.50 INCH OR MORE:   2
MIN  0 OR BELOW:   0    1.00 INCH OR MORE:   1

[HDD (BASE 65) ]
TOTAL THIS MO.    12    CLEAR  (SCALE 0-3)  11
DPTR FM NORMAL     2    PTCLDY (SCALE 4-7)   9
TOTAL FM JUL 1    12    CLOUDY (SCALE 8-10)  4
DPTR FM NORMAL     2

[CDD (BASE 65) ]
TOTAL THIS MO.   121
DPTR FM NORMAL     8    [PRESSURE DATA]
TOTAL FM JAN 1   217    HIGHEST SLP M ON M
DPTR FM NORMAL    28    LOWEST  SLP 29.66 ON  8

[REMARKS]
