427
CXUS51 KAKQ 241010
CF6WAL
PRELIMINARY LOCAL CLIMATOLOGICAL DATA (WS FORM: F-6)

                                          STATION:   WALLOPS ISLAND VA
                                          MONTH:     SEPTEMBER
                                          YEAR:      2017
                                          LATITUDE:   37 55 N
                                          LONGITUDE:  75 28 W

  TEMPERATURE IN F:       :PCPN:    SNOW:  WIND      :SUNSHINE: SKY     :PK WND
================================================================================
1   2   3   4   5  6A  6B    7    8   9   10  11  12  13   14  15   16   17  18
                                     12Z  AVG MX 2MIN
DY MAX MIN AVG DEP HDD CDD  WTR  SNW DPTH SPD SPD DIR MIN PSBL S-S WX    SPD DR
================================================================================

 1  72  58  65  -9   0   0 0.25  0.0    0  8.8 17  60   M    M   7 1      23 130
 2  73  62  68  -5   0   3 0.10  0.0    0  9.3 20  90   M    M  10 1      26  80
 3  76  65  71  -2   0   6 0.00  0.0    0  5.2 16 280   M    M   5 12     23 270
 4  80  61  71  -2   0   6 0.00  0.0    0  8.6 17 190   M    M   0        21 190
 5  83  69  76   3   0  11    T  0.0    0 13.1 21 190   M    M   1 3      27 190
 6  81  62  72   0   0   7 1.03  0.0    0  8.1 23 330   M    M   7 13     30 320
 7  74  58  66  -6   0   1 0.03  0.0    0  5.4 16 290   M    M   3 1      22 270
 8  76  55  66  -6   0   1 0.00  0.0    0  4.8 12 300   M    M   1        15 330
 9  74  56  65  -7   0   0 0.00  0.0    0  7.9 15  30   M    M   3        20 350
10  72  51  62  -9   3   0 0.00  0.0    0  9.4 20  50   M    M   1        24  50
11  73  54  64  -7   1   0 0.00  0.0    0  7.8 16  60   M    M   1        19  50
12  75  62  69  -2   0   4 0.00  0.0    0  6.0 14  60   M    M   2        16  50
13  82  69  76   6   0  11 0.01  0.0    0  8.1 16 190   M    M   5 1      19 190
14  83  69  76   6   0  11    T  0.0    0  7.5 14 210   M    M   3        16 210
15  82  66  74   4   0   9 0.05  0.0    0  4.4 10 140   M    M   5 1      13 180
16  80  67  74   4   0   9 0.00  0.0    0  5.2 13  60   M    M   4 12     15  70
17  78  68  73   4   0   8    T  0.0    0 10.4 18  50   M    M   8        21  60
18  77  70  74   5   0   9 0.04  0.0    0 11.8 22  40   M    M   9 1      27  40
19  73  68  71   2   0   6 0.32  0.0    0 13.8 25 360   M    M   9 1      35 360
20  84  69  77   9   0  12 0.00  0.0    0  8.5 16 290   M    M   4        22 330
21  85  65  75   7   0  10 0.00  0.0    0  4.6 14  30   M    M   1 1      19  30
22  80  68  74   6   0   9 0.00  0.0    0  6.4 14  50   M    M   2        25 290
23  81  65  73   6   0   8 0.00  0.0    0  5.2 10 140   M    M   1        13 140
================================================================================
SM 1794 1457         4 141  1.83     0.0 180.3          M       92
================================================================================
AV 78.0 63.4                               7.8 FASTST   M    M   4    MAX(MPH)
                                 MISC ---->  # 25 360               # 35  360
================================================================================
NOTES:
# LAST OF SEVERAL OCCURRENCES

COLUMN 17 PEAK WIND IN M.P.H.

PRELIMINARY LOCAL CLIMATOLOGICAL DATA (WS FORM: F-6) , PAGE 2

                                          STATION:  WALLOPS ISLAND VA
                                          MONTH:    SEPTEMBER
                                          YEAR:     2017
                                          LATITUDE:   37 55 N
                                          LONGITUDE:  75 28 W

[TEMPERATURE DATA]      [PRECIPITATION DATA]       SYMBOLS USED IN COLUMN 16

AVERAGE MONTHLY: 70.7   TOTAL FOR MONTH:   1.83    1 = FOG OR MIST
DPTR FM NORMAL:   0.0   DPTR FM NORMAL:   -1.28    2 = FOG REDUCING VISIBILITY
HIGHEST:    85 ON 21    GRTST 24HR  1.03 ON  6- 6      TO 1/4 MILE OR LESS
LOWEST:     51 ON 10                               3 = THUNDER
                        SNOW, ICE PELLETS, HAIL    4 = ICE PELLETS
                        TOTAL MONTH:   0.0 INCH    5 = HAIL
                        GRTST 24HR     0.0         6 = FREEZING RAIN OR DRIZZLE
                        GRTST DEPTH:   0           7 = DUSTSTORM OR SANDSTORM:
                                                       VSBY 1/2 MILE OR LESS
                                                   8 = SMOKE OR HAZE
[NO. OF DAYS WITH]      [WEATHER - DAYS WITH]      9 = BLOWING SNOW
                                                   X = TORNADO
MAX 32 OR BELOW:   0    0.01 INCH OR MORE:   8
MAX 90 OR ABOVE:   0    0.10 INCH OR MORE:   4
MIN 32 OR BELOW:   0    0.50 INCH OR MORE:   1
MIN  0 OR BELOW:   0    1.00 INCH OR MORE:   1

[HDD (BASE 65) ]
TOTAL THIS MO.     4    CLEAR  (SCALE 0-3)   9
DPTR FM NORMAL    -7    PTCLDY (SCALE 4-7)  11
TOTAL FM JUL 1     4    CLOUDY (SCALE 8-10)  3
DPTR FM NORMAL    -8

[CDD (BASE 65) ]
TOTAL THIS MO.   141
DPTR FM NORMAL    -3    [PRESSURE DATA]
TOTAL FM JAN 1  1292    HIGHEST SLP M ON M
DPTR FM NORMAL   148    LOWEST  SLP 29.79 ON  6

[REMARKS]
