125
CXUS51 KAKQ 261454
CF6WAL
PRELIMINARY LOCAL CLIMATOLOGICAL DATA (WS FORM: F-6)

                                          STATION:   WALLOPS ISLAND VA
                                          MONTH:     MAY
                                          YEAR:      2016
                                          LATITUDE:   37 55 N
                                          LONGITUDE:  75 28 W

  TEMPERATURE IN F:       :PCPN:    SNOW:  WIND      :SUNSHINE: SKY     :PK WND
================================================================================
1   2   3   4   5  6A  6B    7    8   9   10  11  12  13   14  15   16   17  18
                                     12Z  AVG MX 2MIN
DY MAX MIN AVG DEP HDD CDD  WTR  SNW DPTH SPD SPD DIR MIN PSBL S-S WX    SPD DR
================================================================================

 1  62  52  57  -1   8   0 0.36  0.0    0  6.4 14 110   M    M  10 1      17 110
 2  77  54  66   7   0   1 0.15  0.0    0  7.5 23 190   M    M   7 1238   30 200
 3  75  53  64   5   1   0 1.38  0.0    0  9.0 21  60   M    M   8 13     25  50
 4  58  51  55  -4  10   0 0.01  0.0    0 10.2 18  30   M    M  10 1      25  60
 5  54  49  52  -8  13   0 0.04  0.0    0 14.8 21  40   M    M  10 1      27  30
 6  54  48  51  -9  14   0 0.89  0.0    0  6.8 23  30   M    M   9 1      31  30
 7  65  50  58  -2   7   0    T  0.0    0  7.5 15 260   M    M   5        23 260
 8  74  54  64   4   1   0 0.00  0.0    0 10.0 25 320   M    M   3        37 340
 9  68  49  59  -2   6   0 0.09  0.0    0  3.7 13 190   M    M   4        15 190
10  63  54  59  -2   6   0 0.12  0.0    0  6.9 18 180   M    M   5 1      23 170
11  63  55  59  -2   6   0 1.25  0.0    0  6.7 13 310   M    M  10 13     15 300
12  69  56  63   1   2   0 0.00  0.0    0  4.3 10  60   M    M   9 1      13  70
13  71  56  64   2   1   0 0.02  0.0    0  8.3 17 190   M    M   6 1      21 180
14  74  54  64   2   1   0 0.06  0.0    0  9.6 32 310   M    M   2 1      47 310
15  62  50  56  -6   9   0 0.00  0.0    0 11.6 24 300   M    M   3        36 310
16  65  40  53 -10  12   0 0.00  0.0    0  7.0 21 290   M    M   0        30 300
17  68  53  61  -2   4   0 0.38  0.0    0  5.9 12 330   M    M   9 1      16 250
18  62  53  58  -5   7   0 0.01  0.0    0  9.9 20  60   M    M   6        25  60
19  66  51  59  -5   6   0 0.00  0.0    0  7.1 15  80   M    M   4        19  60
20  72  49  61  -3   4   0 0.00  0.0    0  6.3 12 110   M    M   2         M  M
21  63  57  60  -4   5   0 1.21  0.0    0 11.8 25  50   M    M   7 1      32  50
22  60  56  58  -6   7   0 0.12  0.0    0  7.2 13  20   M    M  10 1      16  30
23  67  56  62  -3   3   0    T  0.0    0  9.2 20  40   M    M   8 1      24  40
24  80  57  69   4   0   4 0.00  0.0    0  8.3 17 290   M    M   4        22 310
25  86  64  75  10   0  10 0.00  0.0    0  7.5 13 270   M    M   1        17 230
================================================================================
SM 1678 1321       133  15  6.09     0.0 203.5          M      152
================================================================================
AV 67.1 52.8                               8.1 FASTST   M    M   6    MAX(MPH)
                                 MISC ---->  # 32 310               # 47  310
================================================================================
NOTES:
# LAST OF SEVERAL OCCURRENCES

COLUMN 17 PEAK WIND IN M.P.H.

PRELIMINARY LOCAL CLIMATOLOGICAL DATA (WS FORM: F-6) , PAGE 2

                                          STATION:  WALLOPS ISLAND VA
                                          MONTH:    MAY
                                          YEAR:     2016
                                          LATITUDE:   37 55 N
                                          LONGITUDE:  75 28 W

[TEMPERATURE DATA]      [PRECIPITATION DATA]       SYMBOLS USED IN COLUMN 16

AVERAGE MONTHLY: 60.0   TOTAL FOR MONTH:   6.09    1 = FOG OR MIST
DPTR FM NORMAL:  -1.9   DPTR FM NORMAL:    3.78    2 = FOG REDUCING VISIBILITY
HIGHEST:    86 ON 25    GRTST 24HR  1.50 ON  2- 3      TO 1/4 MILE OR LESS
LOWEST:     40 ON 16                               3 = THUNDER
                        SNOW, ICE PELLETS, HAIL    4 = ICE PELLETS
                        TOTAL MONTH:   0.0 INCH    5 = HAIL
                        GRTST 24HR     0.0         6 = FREEZING RAIN OR DRIZZLE
                        GRTST DEPTH:   0           7 = DUSTSTORM OR SANDSTORM:
                                                       VSBY 1/2 MILE OR LESS
                                                   8 = SMOKE OR HAZE
[NO. OF DAYS WITH]      [WEATHER - DAYS WITH]      9 = BLOWING SNOW
                                                   X = TORNADO
MAX 32 OR BELOW:   0    0.01 INCH OR MORE:  15
MAX 90 OR ABOVE:   0    0.10 INCH OR MORE:   9
MIN 32 OR BELOW:   0    0.50 INCH OR MORE:   4
MIN  0 OR BELOW:   0    1.00 INCH OR MORE:   3

[HDD (BASE 65) ]
TOTAL THIS MO.   133    CLEAR  (SCALE 0-3)   5
DPTR FM NORMAL    13    PTCLDY (SCALE 4-7)  11
TOTAL FM JUL 1  3321    CLOUDY (SCALE 8-10)  9
DPTR FM NORMAL  -841

[CDD (BASE 65) ]
TOTAL THIS MO.    15
DPTR FM NORMAL   -25    [PRESSURE DATA]
TOTAL FM JAN 1    31    HIGHEST SLP M ON M
DPTR FM NORMAL   -20    LOWEST  SLP 29.60 ON  4

[REMARKS]
