000
CXUS56 KLKN 011009
CF6WMC
PRELIMINARY LOCAL CLIMATOLOGICAL DATA (WS FORM: F-6)

                                          STATION:   WINNEMUCCA AIRPORT NV
                                          MONTH:     APRIL
                                          YEAR:      2016
                                          LATITUDE:   40 54 N
                                          LONGITUDE: 117 48 W

  TEMPERATURE IN F:       :PCPN:    SNOW:  WIND      :SUNSHINE: SKY     :PK WND
================================================================================
1   2   3   4   5  6A  6B    7    8   9   10  11  12  13   14  15   16   17  18
                                     12Z  AVG MX 2MIN
DY MAX MIN AVG DEP HDD CDD  WTR  SNW DPTH SPD SPD DIR MIN PSBL S-S WX    SPD DR
================================================================================

 1  67  25  46   2  19   0 0.00  0.0    0  4.4  9 130   M    M   0        12  70
 2  72  30  51   7  14   0 0.00  0.0    0  5.2 14 210   M    M   2        19 220
 3  73  34  54  10  11   0 0.00  0.0    0  4.5 17 200   M    M   1        24 210
 4  70  29  50   6  15   0 0.02  0.0    0 10.6 25 280   M    M   2        34 210
 5  62  25  44   0  21   0 0.00  0.0    0  5.2 12 330   M    M   0        16 320
 6  74  26  50   6  15   0 0.00  0.0    0  7.9 20  10   M    M   0        25  20
 7  79  30  55  11  10   0 0.00  0.0    0  8.9 21  30   M    M   0        29  30
 8  78  39  59  14   6   0 0.00  0.0    0  7.6 18  30   M    M   0        24  20
 9  71  40  56  11   9   0 0.26  0.0    0 11.4 29 140   M    M   3 3      36 140
10  65  46  56  11   9   0 0.12  0.0    0  6.9 20  30   M    M   8 13     28  50
11  69  39  54   9  11   0 0.01  0.0    0  6.5 18 160   M    M   3 3      24 170
12  67  47  57  11   8   0 0.00  0.0    0 11.0 22 250   M    M   6        30 250
13  63  37  50   4  15   0 0.00  0.0    0  7.3 22 230   M    M   7        27 280
14  54  33  44  -2  21   0 0.02  0.0    0 14.3 30 280   M    M   5 1      42 270
15  55  29  42  -4  23   0    T    T    0  9.3 23 330   M    M   5        32 320
16  64  19  42  -4  23   0 0.00  0.0    0  5.8 15  40   M    M   0        20  30
17  71  22  47   0  18   0 0.00  0.0    0  6.6 15  50   M    M   0        19  10
18  74  26  50   3  15   0 0.00  0.0    0  5.2 14  30   M    M   0        18  50
19  76  27  52   5  13   0 0.00  0.0    0  4.6 10 130   M    M   0        13 130
20  79  28  54   6  11   0 0.00  0.0    0  4.7 17 210   M    M   0        23 210
21  79  33  56   8   9   0 0.00  0.0    0  7.4 20 260   M    M   0        25 260
22  65  38  52   4  13   0    T  0.0    0 10.8 30 230   M    M   4 1      42 200
23  64  39  52   4  13   0 0.06  0.0    0 12.7 24 270   M    M   6        41 270
24  57  29  43  -6  22   0 0.06  0.0    0  6.9 23 220   M    M   8 1      28 220
25  42  33  38 -11  27   0 0.35    T    0 11.4 22 310   M    M  10 1      28 310
26  57  29  43  -6  22   0 0.00  0.0    0  5.1 14 220   M    M   2        24 240
27  53  38  46  -4  19   0 0.02  0.0    0  7.0 20 260   M    M   8 1      25 260
28  60  35  48  -2  17   0    T  0.0    0 10.5 22 360   M    M   8        30 350
29  61  30  46  -4  19   0 0.15  0.0    0  8.5 26 350   M    M   6 1      35 250
30  62  37  50   0  15   0    T  0.0    0 13.2 26  20   M    M   5        35  20
================================================================================
SM 1983  972       463   0  1.07    T    241.4          M       99
================================================================================
AV 66.1 32.4                               8.0 FASTST   M    M   3    MAX(MPH)
                                 MISC ---->  # 30 280               # 42  270
================================================================================
NOTES:
# LAST OF SEVERAL OCCURRENCES

COLUMN 17 PEAK WIND IN M.P.H.

PRELIMINARY LOCAL CLIMATOLOGICAL DATA (WS FORM: F-6) , PAGE 2

                                          STATION:  WINNEMUCCA AIRPORT NV
                                          MONTH:    APRIL
                                          YEAR:     2016
                                          LATITUDE:   40 54 N
                                          LONGITUDE: 117 48 W

[TEMPERATURE DATA]      [PRECIPITATION DATA]       SYMBOLS USED IN COLUMN 16

AVERAGE MONTHLY: 49.2   TOTAL FOR MONTH:   1.07    1 = FOG OR MIST
DPTR FM NORMAL:   2.7   DPTR FM NORMAL:    0.18    2 = FOG REDUCING VISIBILITY
HIGHEST:    79 ON 21,20 GRTST 24HR  0.38 ON 24-25      TO 1/4 MILE OR LESS
LOWEST:     19 ON 16                               3 = THUNDER
                        SNOW, ICE PELLETS, HAIL    4 = ICE PELLETS
                        TOTAL MONTH:    T          5 = HAIL
                        GRTST 24HR    T  ON 25-25  6 = FREEZING RAIN OR DRIZZLE
                        GRTST DEPTH:   0           7 = DUSTSTORM OR SANDSTORM:
                                                       VSBY 1/2 MILE OR LESS
                                                   8 = SMOKE OR HAZE
[NO. OF DAYS WITH]      [WEATHER - DAYS WITH]      9 = BLOWING SNOW
                                                   X = TORNADO
MAX 32 OR BELOW:   0    0.01 INCH OR MORE:  10
MAX 90 OR ABOVE:   0    0.10 INCH OR MORE:   4
MIN 32 OR BELOW:  15    0.50 INCH OR MORE:   0
MIN  0 OR BELOW:   0    1.00 INCH OR MORE:   0

[HDD (BASE 65) ]
TOTAL THIS MO.   463    CLEAR  (SCALE 0-3)  17
DPTR FM NORMAL   -89    PTCLDY (SCALE 4-7)  11
TOTAL FM JUL 1  5299    CLOUDY (SCALE 8-10)  2
DPTR FM NORMAL  -581

[CDD (BASE 65) ]
TOTAL THIS MO.     0
DPTR FM NORMAL     0    [PRESSURE DATA]
TOTAL FM JAN 1     0    HIGHEST SLP M ON M
DPTR FM NORMAL     0    LOWEST  SLP 29.54 ON 22

[REMARKS]
#FINAL-04-16#
