000
CXUS56 KMTR 271000
CF6WVI
PRELIMINARY LOCAL CLIMATOLOGICAL DATA (WS FORM: F-6)

                                          STATION:   WATSONVILLE AIRPORT
                                          MONTH:     DECEMBER
                                          YEAR:      2014
                                          LATITUDE:   36 55 N
                                          LONGITUDE: 121 47 W

  TEMPERATURE IN F:       :PCPN:    SNOW:  WIND      :SUNSHINE: SKY     :PK WND
================================================================================
1   2   3   4   5  6A  6B    7    8   9   10  11  12  13   14  15   16   17  18
                                     12Z  AVG MX 2MIN
DY MAX MIN AVG DEP HDD CDD  WTR  SNW DPTH SPD SPD DIR MIN PSBL S-S WX    SPD DR
================================================================================

 1  68  50  59   8   6   0 0.01  0.0    0  3.1 14 160   M    M   3 1      18 150
 2  61  56  59   8   6   0 1.14  0.0    0  3.9 12  50   M    M   9 13     16  50
 3  67  59  63  12   2   0 0.70  0.0    0  8.0 22 200   M    M  10 18     28 200
 4  69  58  64  13   1   0 0.01  0.0    0  2.0 10 220   M    M   6 12     14 280
 5  68  60  64  14   1   0 0.59  0.0    0  2.5 15 130   M    M   9 1      19 140
 6  69  55  62  12   3   0 0.01  0.0    0  2.7 12 230   M    M   5        14 240
 7  63  52  58   8   7   0 0.00  0.0    0  3.0 12 240   M    M   2 1      15 250
 8  70  48  59   9   6   0 0.00  0.0    0  2.3  7 300   M    M   1 12     23 160
 9  68  51  60  10   5   0 0.00  0.0    0  2.1  9 240   M    M   1 12     13 240
10  63  52  58   8   7   0 0.00  0.0    0  2.7  9 230   M    M   6 12     14  90
11  66  52  59   9   6   0 3.63  0.0    0  6.6 22 130   M    M  10 1      30 130
12  58  48  53   3  12   0 0.30  0.0    0  2.1  7 230   M    M   8 1      12 210
13  62  41  52   2  13   0 0.00  0.0    0  2.3  7 300   M    M   1 1       9  50
14  62  46  54   4  11   0 0.00  0.0    0  1.9  8 170   M    M   3        20 110
15  55  51  53   3  12   0 1.70  0.0    0  3.2 14  90   M    M  10 13     19  70
16  64  50  57   7   8   0 0.38  0.0    0  3.9 17 150   M    M   7 123    21 130
17  60  46  53   3  12   0 0.19  0.0    0  2.9 12 150   M    M   5 1      14 150
18  62  51  57   7   8   0 0.04  0.0    0  1.9  7  60   M    M   7 1      10  50
19  60  52  56   7   9   0 0.26  0.0    0  1.3  8  80   M    M  10 18      9  70
20  63  56  60  11   5   0 0.45  0.0    0  1.5  8 240   M    M  10 18     11 240
21  65  57  61  12   4   0 0.00  0.0    0  1.4  9 180   M    M   9 12     13 160
22  67  53  60  11   5   0 0.00  0.0    0  2.3 10 200   M    M   6 1      12 200
23  72  49  61  12   4   0 0.00  0.0    0  3.5  8 300   M    M   0        14 310
24  63  46  55   6  10   0 0.02    M    0  4.5 16 270   M    M   3 1      22 260
25  61  40  51   1  14   0 0.00  0.0    0  5.8 16 310   M    M   0        26 310
26  62  36  49  -1  16   0 0.00  0.0    0  3.3 10 330   M    M   0        16  10
================================================================================
SM 1668 1315       193   0  9.43     0.0  80.7          M      141
================================================================================
AV 64.2 50.6                               3.1 FASTST   M    M   5    MAX(MPH)
                                 MISC ---->  # 22 200               # 30  130
================================================================================
NOTES:
# LAST OF SEVERAL OCCURRENCES

COLUMN 17 PEAK WIND IN M.P.H.

PRELIMINARY LOCAL CLIMATOLOGICAL DATA (WS FORM: F-6) , PAGE 2

                                          STATION:  WATSONVILLE AIRPORT
                                          MONTH:    DECEMBER
                                          YEAR:     2014
                                          LATITUDE:   36 55 N
                                          LONGITUDE: 121 47 W

[TEMPERATURE DATA]      [PRECIPITATION DATA]       SYMBOLS USED IN COLUMN 16

AVERAGE MONTHLY: 57.4   TOTAL FOR MONTH:   9.43    1 = FOG OR MIST
DPTR FM NORMAL:   7.4   DPTR FM NORMAL:    5.98    2 = FOG REDUCING VISIBILITY
HIGHEST:    72 ON 23    GRTST 24HR  3.87 ON 11-12      TO 1/4 MILE OR LESS
LOWEST:     36 ON 26                               3 = THUNDER
                        SNOW, ICE PELLETS, HAIL    4 = ICE PELLETS
                        TOTAL MONTH:   0.0 INCH    5 = HAIL
                        GRTST 24HR     0.0         6 = FREEZING RAIN OR DRIZZLE
                        GRTST DEPTH:   0           7 = DUSTSTORM OR SANDSTORM:
                                                       VSBY 1/2 MILE OR LESS
                                                   8 = SMOKE OR HAZE
[NO. OF DAYS WITH]      [WEATHER - DAYS WITH]      9 = BLOWING SNOW
                                                   X = TORNADO
MAX 32 OR BELOW:   0    0.01 INCH OR MORE:  15
MAX 90 OR ABOVE:   0    0.10 INCH OR MORE:  10
MIN 32 OR BELOW:   0    0.50 INCH OR MORE:   5
MIN  0 OR BELOW:   0    1.00 INCH OR MORE:   3

[HDD (BASE 65) ]
TOTAL THIS MO.   193    CLEAR  (SCALE 0-3)   9
DPTR FM NORMAL  -202    PTCLDY (SCALE 4-7)   9
TOTAL FM JUL 1   416    CLOUDY (SCALE 8-10)  8
DPTR FM NORMAL  -666

[CDD (BASE 65) ]
TOTAL THIS MO.     0
DPTR FM NORMAL     0    [PRESSURE DATA]
TOTAL FM JAN 1   351    HIGHEST SLP M ON M
DPTR FM NORMAL   233    LOWEST  SLP 29.48 ON 11

[REMARKS]
