000
CXUS54 KFWD 220730
CF6XBP
PRELIMINARY LOCAL CLIMATOLOGICAL DATA (WS FORM: F-6)

                                          STATION:   BRIDGEPORT
                                          MONTH:     JUNE
                                          YEAR:      2017
                                          LATITUDE:   33 10 N
                                          LONGITUDE:  96 30 W

  TEMPERATURE IN F:       :PCPN:    SNOW:  WIND      :SUNSHINE: SKY     :PK WND
================================================================================
1   2   3   4   5  6A  6B    7    8   9   10  11  12  13   14  15   16   17  18
                                     12Z  AVG MX 2MIN
DY MAX MIN AVG DEP HDD CDD  WTR  SNW DPTH SPD SPD DIR MIN PSBL S-S WX    SPD DR
================================================================================

 1  85  67  76   1   0  11 0.00  0.0    0  4.1 15  70   M    M   5 13     22  70
 2  76  64  70  -5   0   5 1.00  0.0    0  3.5 13 120   M    M   7 13     18 120
 3  79  65  72  -3   0   7 0.72  0.0    0  2.2  8 200   M    M   5 3       M  M
 4  82  62  72  -4   0   7    M  0.0    0  2.3  8 290   M    M   1 1       M  M
 5  86  67  77   1   0  12 0.08  0.0    0  3.3 13  70   M    M   3 3      16 320
 6  91  66  79   3   0  14 0.00  0.0    0  4.2 15  10   M    M   1        24  30
 7  87  63  75  -1   0  10 0.00  0.0    0  3.2  9  40   M    M   1         M  M
 8  87  61  74  -3   0   9 0.00  0.0    0  3.3  8  90   M    M   1         M  M
 9  81  65  73  -4   0   8 0.51  0.0    0  8.7 14 150   M    M   6 3      22 150
10  89  69  79   2   0  14 0.00  0.0    0 10.6 20 180   M    M   1        24 180
11  89  70  80   3   0  15 0.00  0.0    0 10.7 16 160   M    M   1        23 170
12  90  72  81   3   0  16 0.00  0.0    0  9.5 17 140   M    M   1        22 140
13  92  73  83   5   0  18 0.00  0.0    0 11.7 17 160   M    M   2        24 180
14  92  76  84   6   0  19 0.00  0.0    0 10.8 16 180   M    M   3        23 170
15  94  75  85   7   0  20 0.00  0.0    0  7.8 14 190   M    M   0        20 150
16  96  70  83   4   0  18 0.00  0.0    0  7.3 13 160   M    M   0        20 160
17  93  71  82   3   0  17 0.00  0.0    0  8.4 16 160   M    M   1        25 170
18  93  75  84   5   0  19 0.00  0.0    0  6.9 12  60   M    M   4         M  M
19  92  71  82   3   0  17 0.06  0.0    0  5.9 13  70   M    M   6 3       M  M
20  92  69  81   2   0  16 0.00  0.0    0  3.5 10 100   M    M   3         M  M
21  93  63  78  -2   0  13 0.00  0.0    0  4.0  9 100   M    M   0        16  70
================================================================================
SM 1859 1434         0 285  2.37     0.0 131.9          M       52
================================================================================
AV 88.5 68.3                               6.3 FASTST   M    M   2    MAX(MPH)
                                 MISC ---->    20   M                 25    M
================================================================================
NOTES:
# LAST OF SEVERAL OCCURRENCES

COLUMN 17 PEAK WIND IN M.P.H.

PRELIMINARY LOCAL CLIMATOLOGICAL DATA (WS FORM: F-6) , PAGE 2

                                          STATION:  BRIDGEPORT
                                          MONTH:    JUNE
                                          YEAR:     2017
                                          LATITUDE:   33 10 N
                                          LONGITUDE:  96 30 W

[TEMPERATURE DATA]      [PRECIPITATION DATA]       SYMBOLS USED IN COLUMN 16

AVERAGE MONTHLY: 78.4   TOTAL FOR MONTH:   2.37    1 = FOG OR MIST
DPTR FM NORMAL:   1.1   DPTR FM NORMAL:   -1.03    2 = FOG REDUCING VISIBILITY
HIGHEST:    96 ON 16    GRTST 24HR  1.00 ON  2- 2      TO 1/4 MILE OR LESS
LOWEST:     61 ON  8                               3 = THUNDER
                        SNOW, ICE PELLETS, HAIL    4 = ICE PELLETS
                        TOTAL MONTH:   0.0 INCH    5 = HAIL
                        GRTST 24HR     0.0         6 = FREEZING RAIN OR DRIZZLE
                        GRTST DEPTH:   0           7 = DUSTSTORM OR SANDSTORM:
                                                       VSBY 1/2 MILE OR LESS
                                                   8 = SMOKE OR HAZE
[NO. OF DAYS WITH]      [WEATHER - DAYS WITH]      9 = BLOWING SNOW
                                                   X = TORNADO
MAX 32 OR BELOW:   0    0.01 INCH OR MORE:   5
MAX 90 OR ABOVE:  11    0.10 INCH OR MORE:   3
MIN 32 OR BELOW:   0    0.50 INCH OR MORE:   3
MIN  0 OR BELOW:   0    1.00 INCH OR MORE:   1

[HDD (BASE 65) ]
TOTAL THIS MO.     0    CLEAR  (SCALE 0-3)  15
DPTR FM NORMAL     0    PTCLDY (SCALE 4-7)   6
TOTAL FM JUL 1  1824    CLOUDY (SCALE 8-10)  0
DPTR FM NORMAL -1139

[CDD (BASE 65) ]
TOTAL THIS MO.   285
DPTR FM NORMAL    24    [PRESSURE DATA]
TOTAL FM JAN 1   673    HIGHEST SLP M ON M
DPTR FM NORMAL   135    LOWEST  SLP M ON M

[REMARKS]
