000
CXUS56 KPDT 301032
CF6YKM
PRELIMINARY LOCAL CLIMATOLOGICAL DATA (WS FORM: F-6)

                                          STATION:   YAKIMA WA
                                          MONTH:     JUNE
                                          YEAR:      2015
                                          LATITUDE:   46 34 N
                                          LONGITUDE: 120 32 W

  TEMPERATURE IN F:       :PCPN:    SNOW:  WIND      :SUNSHINE: SKY     :PK WND
================================================================================
1   2   3   4   5  6A  6B    7    8   9   10  11  12  13   14  15   16   17  18
                                     12Z  AVG MX 2MIN
DY MAX MIN AVG DEP HDD CDD  WTR  SNW DPTH SPD SPD DIR MIN PSBL S-S WX    SPD DR
================================================================================

 1  85  56  71  10   0   6    T  0.0    0  9.4 21 320   M    M   4 3      30 330
 2  77  56  67   6   0   2 0.00  0.0    0 10.4 25 310   M    M   6        38 300
 3  75  55  65   3   0   0 0.00  0.0    0  7.6 25 330   M    M   5        32 320
 4  83  46  65   3   0   0 0.00  0.0    0  6.6 17 330   M    M   1        23 330
 5  90  55  73  11   0   8 0.00  0.0    0  7.6 18 320   M    M   1        22 330
 6  96  54  75  13   0  10 0.00  0.0    0  7.2 22 330   M    M   0        32 320
 7 101  57  79  17   0  14 0.00  0.0    0  6.3 15 330   M    M   0        21 330
 8 105  60  83  21   0  18 0.00  0.0    0  8.3 18 310   M    M   0        30  30
 9 101  60  81  19   0  16 0.00  0.0    0 10.0 23 310   M    M   0 8      44 230
10  98  64  81  18   0  16 0.00  0.0    0 14.4 30 330   M    M   0        60 350
11  96  61  79  16   0  14 0.00  0.0    M 10.0 21 290   M    M   0        31 320
12  85  59  72   9   0   7 0.00  0.0    0 15.0 28 320   M    M   0        41 350
13  82  42  62  -1   3   0 0.00  0.0    0  6.0 13 310   M    M   1        19 310
14  86  51  69   6   0   4 0.00  0.0    0  6.1 18 340   M    M   1        28 350
15  91  50  71   7   0   6 0.00  0.0    0  8.0 17 310   M    M   0        20 360
16  94  53  74  10   0   9 0.00  0.0    0  9.2 22 300   M    M   1        33 320
17  94  49  72   8   0   7 0.00  0.0    0  5.2 16  30   M    M   1        21 330
18  92  64  78  14   0  13 0.00  0.0    0  8.7 24 320   M    M   1        34 300
19  83  53  68   4   0   3 0.00  0.0    0  8.1 22 320   M    M   1        31 320
20  86  48  67   2   0   2 0.00  0.0    0  6.1 15 320   M    M   0        24 320
21  84  62  73   8   0   8 0.00  0.0    0  6.4 15 360   M    M   1        25 330
22  89  52  71   6   0   6 0.00  0.0    0  7.1 21 190   M    M   1        26 190
23  90  50  70   5   0   5 0.00  0.0    0  6.5 20 330   M    M   0        31 360
24  91  67  79  13   0  14 0.00  0.0    0  8.2 17 320   M    M   1        27 320
25  98  55  77  11   0  12 0.00  0.0    0  5.8 15 300   M    M   0 8      26 220
26 104  63  84  18   0  19 0.00  0.0    0  6.4 13 290   M    M   0        17  70
27 108  67  88  22   0  23 0.00  0.0    0  7.5 14 300   M    M   0        17  40
28 108  68  88  21   0  23 0.00  0.0    0 10.8 21 320   M    M   1        34 330
29 102  75  89  22   0  24 0.01  0.0    0  9.3 20 320   M    M   1 3      32 330
================================================================================
SM 2674 1652         3 289  0.01     0.0 238.2          M       28
================================================================================
AV 92.2 57.0                               8.2 FASTST   M    M   1    MAX(MPH)
                                 MISC ---->  # 30 330               # 60  350
================================================================================
NOTES:
# LAST OF SEVERAL OCCURRENCES

COLUMN 17 PEAK WIND IN M.P.H.

PRELIMINARY LOCAL CLIMATOLOGICAL DATA (WS FORM: F-6) , PAGE 2

                                          STATION:  YAKIMA WA
                                          MONTH:    JUNE
                                          YEAR:     2015
                                          LATITUDE:   46 34 N
                                          LONGITUDE: 120 32 W

[TEMPERATURE DATA]      [PRECIPITATION DATA]       SYMBOLS USED IN COLUMN 16

AVERAGE MONTHLY: 74.6   TOTAL FOR MONTH:   0.01    1 = FOG OR MIST
DPTR FM NORMAL:  10.8   DPTR FM NORMAL:   -0.60    2 = FOG REDUCING VISIBILITY
HIGHEST:   108 ON 28,27 GRTST 24HR  0.01 ON 29-29      TO 1/4 MILE OR LESS
LOWEST:     42 ON 13                               3 = THUNDER
                        SNOW, ICE PELLETS, HAIL    4 = ICE PELLETS
                        TOTAL MONTH:   0.0 INCH    5 = HAIL
                        GRTST 24HR     0.0         6 = FREEZING RAIN OR DRIZZLE
                        GRTST DEPTH:   0           7 = DUSTSTORM OR SANDSTORM:
                                                       VSBY 1/2 MILE OR LESS
                                                   8 = SMOKE OR HAZE
[NO. OF DAYS WITH]      [WEATHER - DAYS WITH]      9 = BLOWING SNOW
                                                   X = TORNADO
MAX 32 OR BELOW:   0    0.01 INCH OR MORE:   1
MAX 90 OR ABOVE:  18    0.10 INCH OR MORE:   0
MIN 32 OR BELOW:   0    0.50 INCH OR MORE:   0
MIN  0 OR BELOW:   0    1.00 INCH OR MORE:   0

[HDD (BASE 65) ]
TOTAL THIS MO.     3    CLEAR  (SCALE 0-3)  26
DPTR FM NORMAL   -93    PTCLDY (SCALE 4-7)   3
TOTAL FM JUL 1  4510    CLOUDY (SCALE 8-10)  0
DPTR FM NORMAL -1530

[CDD (BASE 65) ]
TOTAL THIS MO.   289
DPTR FM NORMAL   230    [PRESSURE DATA]
TOTAL FM JAN 1   381    HIGHEST SLP 29.92 ON 27
DPTR FM NORMAL   302    LOWEST  SLP 29.66 ON  9

[REMARKS]
