000
CXUS56 KPDT 291032
CF6YKM
PRELIMINARY LOCAL CLIMATOLOGICAL DATA (WS FORM: F-6)

                                          STATION:   YAKIMA WA
                                          MONTH:     AUGUST
                                          YEAR:      2016
                                          LATITUDE:   46 34 N
                                          LONGITUDE: 120 32 W

  TEMPERATURE IN F:       :PCPN:    SNOW:  WIND      :SUNSHINE: SKY     :PK WND
================================================================================
1   2   3   4   5  6A  6B    7    8   9   10  11  12  13   14  15   16   17  18
                                     12Z  AVG MX 2MIN
DY MAX MIN AVG DEP HDD CDD  WTR  SNW DPTH SPD SPD DIR MIN PSBL S-S WX    SPD DR
================================================================================

 1  91  55  73   1   0   8 0.00  0.0    0  6.0 14 320   M    M   0        19 330
 2  79  53  66  -6   0   1 0.00  0.0    0 12.7 31 280   M    M   1        40 280
 3  87  48  68  -4   0   3 0.00  0.0    0  4.1 10 180   M    M   0        13 160
 4  93  55  74   2   0   9 0.00  0.0    0  6.4  9 160   M    M   0        17 210
 5  97  56  77   5   0  12 0.00  0.0    0  8.6 21 340   M    M   0        28 340
 6  90  55  73   1   0   8 0.00  0.0    0  5.5 20 330   M    M   0        27 320
 7  84  51  68  -3   0   3 0.00  0.0    0  6.8 18 300   M    M   1        25 330
 8  77  47  62  -9   3   0    T  0.0    0  4.7 16 310   M    M   4        22 250
 9  82  52  67  -4   0   2 0.00  0.0    0  5.7 22 320   M    M   3        29 330
10  87  50  69  -2   0   4 0.00  0.0    0  5.0 14 320   M    M   0 8      16 330
11  92  57  75   4   0  10 0.00  0.0    0  5.7 12 280   M    M   1        18 200
12  97  57  77   7   0  12 0.00  0.0    0  5.7 12 140   M    M   1        15 150
13  98  59  79   9   0  14 0.00  0.0    0  6.2 15 330   M    M   0        18 320
14 100  68  84  14   0  19 0.00  0.0    0  6.5 17 360   M    M   0        23 360
15  98  57  78   8   0  13 0.00  0.0    0  6.0 14 340   M    M   0        18 310
16  98  64  81  11   0  16 0.00  0.0    0  6.3 17 340   M    M   0        24 340
17  97  66  82  13   0  17 0.00  0.0    0  6.3 16 330   M    M   0        22 330
18 100  60  80  11   0  15 0.00  0.0    0  5.7 15 270   M    M   0        19 350
19  92  58  75   6   0  10 0.00  0.0    0  9.4 25  40   M    M   0        35  70
20  96  53  75   6   0  10 0.00  0.0    0  5.1 12 100   M    M   0        14 110
21  97  52  75   7   0  10 0.00  0.0    0 12.1 29 280   M    M   0        36 300
22  82  55  69   1   0   4 0.00  0.0    0  7.9 21 340   M    M   0        27 340
23  85  46  66  -2   0   1 0.00  0.0    0  4.8 12 150   M    M   1        15 150
24  91  52  72   4   0   7 0.00  0.0    0  7.5 18  10   M    M   2        25  30
25  92  53  73   6   0   8 0.00  0.0    0  6.3 13 290   M    M   0        15  60
26  93  54  74   7   0   9 0.00  0.0    0  5.9 12 140   M    M   0        15 160
27  89  52  71   4   0   6 0.00  0.0    0  6.5 26 290   M    M   0 7      33 280
28  90  57  74   8   0   9 0.00  0.0    0  3.6 10 270   M    M   0        13  90
================================================================================
SM 2554 1542         3 240    T      0.0 183.0          M       14
================================================================================
AV 91.2 55.1                               6.5 FASTST   M    M   1    MAX(MPH)
                                 MISC ---->  # 31 280               # 40  280
================================================================================
NOTES:
# LAST OF SEVERAL OCCURRENCES

COLUMN 17 PEAK WIND IN M.P.H.

PRELIMINARY LOCAL CLIMATOLOGICAL DATA (WS FORM: F-6) , PAGE 2

                                          STATION:  YAKIMA WA
                                          MONTH:    AUGUST
                                          YEAR:     2016
                                          LATITUDE:   46 34 N
                                          LONGITUDE: 120 32 W

[TEMPERATURE DATA]      [PRECIPITATION DATA]       SYMBOLS USED IN COLUMN 16

AVERAGE MONTHLY: 73.1   TOTAL FOR MONTH:      T    1 = FOG OR MIST
DPTR FM NORMAL:   3.4   DPTR FM NORMAL:   -0.23    2 = FOG REDUCING VISIBILITY
HIGHEST:   100 ON 18,14 GRTST 24HR    T  ON  8- 8      TO 1/4 MILE OR LESS
LOWEST:     46 ON 23                               3 = THUNDER
                        SNOW, ICE PELLETS, HAIL    4 = ICE PELLETS
                        TOTAL MONTH:   0.0 INCH    5 = HAIL
                        GRTST 24HR     0.0         6 = FREEZING RAIN OR DRIZZLE
                        GRTST DEPTH:   0           7 = DUSTSTORM OR SANDSTORM:
                                                       VSBY 1/2 MILE OR LESS
                                                   8 = SMOKE OR HAZE
[NO. OF DAYS WITH]      [WEATHER - DAYS WITH]      9 = BLOWING SNOW
                                                   X = TORNADO
MAX 32 OR BELOW:   0    0.01 INCH OR MORE:   0
MAX 90 OR ABOVE:  19    0.10 INCH OR MORE:   0
MIN 32 OR BELOW:   0    0.50 INCH OR MORE:   0
MIN  0 OR BELOW:   0    1.00 INCH OR MORE:   0

[HDD (BASE 65) ]
TOTAL THIS MO.     3    CLEAR  (SCALE 0-3)  26
DPTR FM NORMAL   -19    PTCLDY (SCALE 4-7)   2
TOTAL FM JUL 1     3    CLOUDY (SCALE 8-10)  0
DPTR FM NORMAL   -40

[CDD (BASE 65) ]
TOTAL THIS MO.   240
DPTR FM NORMAL    90    [PRESSURE DATA]
TOTAL FM JAN 1   738    HIGHEST SLP 30.03 ON  1
DPTR FM NORMAL   308    LOWEST  SLP 29.67 ON M

[REMARKS]
