000
CXUS51 KPBZ 280730
CF6ZZV
PRELIMINARY LOCAL CLIMATOLOGICAL DATA (WS FORM: F-6)
STATION: ZANESVILLE OH
MONTH: MARCH
YEAR: 2024
LATITUDE: 39 56 N
LONGITUDE: 81 54 W
TEMPERATURE IN F: :PCPN: SNOW: WIND :SUNSHINE: SKY :PK WND
================================================================================
1 2 3 4 5 6A 6B 7 8 9 10 11 12 13 14 15 16 17 18
12Z AVG MX 2MIN
DY MAX MIN AVG DEP HDD CDD WTR SNW DPTH SPD SPD DIR MIN PSBL S-S WX SPD DR
================================================================================
1 48 22 35 -2 30 0 0.05 M M 5.9 14 140 M M 4 1 21 110
2 52 44 48 11 17 0 0.13 M M 3.3 12 170 M M 10 1 16 170
3 66 45 56 19 9 0 0.00 M M 3.3 13 190 M M 5 1 21 190
4 75 41 58 20 7 0 0.00 M M 4.3 14 170 M M 2 23 180
5 75 50 63 25 2 0 0.00 M M 7.0 18 250 M M 3 27 260
6 60 46 53 15 12 0 0.46 M M 5.1 14 10 M M 10 1 22 10
7 49 41 45 6 20 0 0.00 M M 4.0 12 350 M M 9 1 19 340
8 61 41 51 12 14 0 0.02 M M 6.6 21 160 M M 7 31 140
9 58 39 49 10 16 0 0.26 M M 11.5 21 170 M M 10 1 30 160
10 39 33 36 -4 29 0 T M M 14.5 26 290 M M 8 41 290
11 53 29 41 1 24 0 0.00 M M 8.4 17 280 M M 0 25 260
12 68 35 52 12 13 0 0.00 M M 7.5 20 270 M M 0 29 280
13 73 39 56 16 9 0 0.00 M M 3.8 18 270 M M 0 26 280
14 75 40 58 17 7 0 1.37 M M 6.8 24 190 M M 3 13 40 290
15 61 36 49 8 16 0 T M M 5.9 15 340 M M 7 1 23 350
16 62 30 46 4 19 0 0.00 M M 8.0 17 250 M M 2 1 28 200
17 56 33 45 3 20 0 T M M 11.8 25 260 M M 7 35 290
18 36 28 32 -10 33 0 T M M 8.3 17 270 M M 8 24 250
19 50 30 40 -3 25 0 T M M 12.1 23 190 M M 7 37 260
20 52 29 41 -2 24 0 0.00 M M 13.3 28 270 M M 4 42 290
21 44 23 34 -9 31 0 0.00 M M 4.2 10 310 M M 0 16 290
22 51 28 40 -4 25 0 0.17 M M 5.4 10 110 M M 7 1 15 60
23 43 28 36 -8 29 0 0.02 M M 9.2 20 350 M M 7 1 30 330
24 51 20 36 -8 29 0 0.00 M M 6.0 15 100 M M 0 21 60
25 69 36 53 8 12 0 0.00 M M 9.8 20 140 M M 0 29 130
26 59 46 53 8 12 0 0.87 M M 13.9 25 150 M M 8 1 39 140
27 55 36 46 0 19 0 0.02 M M 7.1 17 270 M M 6 1 25 290
================================================================================
SM 1541 948 503 0 3.37 M 207.0 M 134
================================================================================
AV 57.1 35.1 7.7 FASTST M M 5 MAX(MPH)
MISC ----> 28 270 42 290
================================================================================
NOTES:
# LAST OF SEVERAL OCCURRENCES
COLUMN 17 PEAK WIND IN M.P.H.
PRELIMINARY LOCAL CLIMATOLOGICAL DATA (WS FORM: F-6) , PAGE 2
STATION: ZANESVILLE OH
MONTH: MARCH
YEAR: 2024
LATITUDE: 39 56 N
LONGITUDE: 81 54 W
[TEMPERATURE DATA] [PRECIPITATION DATA] SYMBOLS USED IN COLUMN 16
AVERAGE MONTHLY: 46.1 TOTAL FOR MONTH: 3.37 1 = FOG OR MIST
DPTR FM NORMAL: 5.1 DPTR FM NORMAL: 0.58 2 = FOG REDUCING VISIBILITY
HIGHEST: 75 ON 14, 5 GRTST 24HR 1.37 ON 14-14 TO 1/4 MILE OR LESS
LOWEST: 20 ON 24 3 = THUNDER
SNOW, ICE PELLETS, HAIL 4 = ICE PELLETS
TOTAL MONTH: M 5 = HAIL
GRTST 24HR M ON M 6 = FREEZING RAIN OR DRIZZLE
GRTST DEPTH: M ON M 7 = DUSTSTORM OR SANDSTORM:
VSBY 1/2 MILE OR LESS
8 = SMOKE OR HAZE
[NO. OF DAYS WITH] [WEATHER - DAYS WITH] 9 = BLOWING SNOW
X = TORNADO
MAX 32 OR BELOW: 0 0.01 INCH OR MORE: 10
MAX 90 OR ABOVE: 0 0.10 INCH OR MORE: 6
MIN 32 OR BELOW: 10 0.50 INCH OR MORE: 2
MIN 0 OR BELOW: 0 1.00 INCH OR MORE: 1
[HDD (BASE 65) ]
TOTAL THIS MO. 503 CLEAR (SCALE 0-3) 9
DPTR FM NORMAL -147 PTCLDY (SCALE 4-7) 12
TOTAL FM JUL 1 3869 CLOUDY (SCALE 8-10) 6
DPTR FM NORMAL -776
[CDD (BASE 65) ]
TOTAL THIS MO. 0
DPTR FM NORMAL 0 [PRESSURE DATA]
TOTAL FM JAN 1 0 HIGHEST SLP M ON M
DPTR FM NORMAL 0 LOWEST SLP 29.64 ON 9
[REMARKS]