000
CXUS51 KPBZ 300804
CF6ZZV
PRELIMINARY LOCAL CLIMATOLOGICAL DATA (WS FORM: F-6)

                                          STATION:   ZANESVILLE OH
                                          MONTH:     SEPTEMBER
                                          YEAR:      2016
                                          LATITUDE:   39 56 N
                                          LONGITUDE:  81 54 W

  TEMPERATURE IN F:       :PCPN:    SNOW:  WIND      :SUNSHINE: SKY     :PK WND
================================================================================
1   2   3   4   5  6A  6B    7    8   9   10  11  12  13   14  15   16   17  18
                                     12Z  AVG MX 2MIN
DY MAX MIN AVG DEP HDD CDD  WTR  SNW DPTH SPD SPD DIR MIN PSBL S-S WX    SPD DR
================================================================================

 1  80  60  70   0   0   5 0.00    M    M  6.0 15 340   M    M   5        21 350
 2  79  54  67  -2   0   2 0.00    M    M  6.9 18  60   M    M   1        24  70
 3  81  55  68  -1   0   3 0.00    M    M  3.4 16  60   M    M   0        19  60
 4  85  53  69   0   0   4 0.00    M    M  1.7 10 330   M    M   0        13 330
 5  88  55  72   4   0   7 0.00    M    M  1.6  9 310   M    M   0 1      14 310
 6  92  59  76   8   0  11 0.00    M    M  3.7 14 260   M    M   2 1      20 240
 7  93  66  80  12   0  15 0.00    M    M  5.6 15 240   M    M   2 1      23 260
 8  91  70  81  14   0  16    T    M    M  7.2 21 250   M    M   1 1      26 270
 9  81  70  76   9   0  11 0.46    M    M  2.0  9 300   M    M   8 12     12 310
10  90  67  79  12   0  14 0.64    M    M  8.7 28 280   M    M   4 138    48 270
11  77  56  67   1   0   2 0.00    M    M  3.5 10 320   M    M   2        14 290
12  81  52  67   1   0   2 0.00    M    M  2.0  9 100   M    M   0        16  90
13  85  52  69   3   0   4 0.00    M    M  2.8 13 270   M    M   0 1      22 240
14  84  55  70   5   0   5 0.00    M    M  4.3 13  30   M    M   3 13     20  20
15  79  56  68   3   0   3 0.00    M    M  4.2 12 330   M    M   0        15 330
16  85  55  70   6   0   5 0.00    M    M  2.9 10 170   M    M   0        15 160
17  85  69  77  13   0  12 0.04    M    M  9.8 20 200   M    M   6 1      28 250
18  81  68  75  11   0  10 0.02    M    M  4.5 15 180   M    M   7 1      19 180
19  85  61  73  10   0   8 0.00    M    M  2.3 10 330   M    M   4 12     14 330
20  88  55  72   9   0   7 0.00    M    M  1.1 10 360   M    M   0 1      14 360
21  88  55  72  10   0   7 0.00    M    M  2.4 10  60   M    M   0        14  20
22  89  55  72  10   0   7 0.00    M    M  2.0 10 190   M    M   0 1      13 200
23  91  58  75  13   0  10 0.00    M    M  2.2 12 330   M    M   1 1      15 330
24  80  59  70   9   0   5 0.00    M    M  5.3 13 340   M    M   4 1      18 330
25  82  51  67   6   0   2 0.00    M    M  2.2  8 150   M    M   0        10 300
26  76  53  65   5   0   0 0.12    M    M  4.6 17 290   M    M   3 1      24 310
27  75  45  60   0   5   0 0.00    M    M  6.7 18 200   M    M   0        26 240
28  74  48  61   1   4   0 0.51    M    M  6.3 21 320   M    M   5 1      29 310
29  64  53  59   0   6   0 0.51    M    M  4.7 14  70   M    M   7 13     19  70
================================================================================
SM 2409 1665        15 177  2.30    M    120.6          M       65
================================================================================
AV 83.1 57.4                               4.2 FASTST   M    M   2    MAX(MPH)
                                 MISC ---->  # 28 280               # 48  270
================================================================================
NOTES:
# LAST OF SEVERAL OCCURRENCES

COLUMN 17 PEAK WIND IN M.P.H.

PRELIMINARY LOCAL CLIMATOLOGICAL DATA (WS FORM: F-6) , PAGE 2

                                          STATION:  ZANESVILLE OH
                                          MONTH:    SEPTEMBER
                                          YEAR:     2016
                                          LATITUDE:   39 56 N
                                          LONGITUDE:  81 54 W

[TEMPERATURE DATA]      [PRECIPITATION DATA]       SYMBOLS USED IN COLUMN 16

AVERAGE MONTHLY: 70.2   TOTAL FOR MONTH:   2.30    1 = FOG OR MIST
DPTR FM NORMAL:   5.6   DPTR FM NORMAL:   -0.61    2 = FOG REDUCING VISIBILITY
HIGHEST:    93 ON  7    GRTST 24HR  0.87 ON 28-29      TO 1/4 MILE OR LESS
LOWEST:     45 ON 27                               3 = THUNDER
                        SNOW, ICE PELLETS, HAIL    4 = ICE PELLETS
                        TOTAL MONTH:    M          5 = HAIL
                        GRTST 24HR    M  ON   M    6 = FREEZING RAIN OR DRIZZLE
                        GRTST DEPTH:  M  ON   M    7 = DUSTSTORM OR SANDSTORM:
                                                       VSBY 1/2 MILE OR LESS
                                                   8 = SMOKE OR HAZE
[NO. OF DAYS WITH]      [WEATHER - DAYS WITH]      9 = BLOWING SNOW
                                                   X = TORNADO
MAX 32 OR BELOW:   0    0.01 INCH OR MORE:   7
MAX 90 OR ABOVE:   5    0.10 INCH OR MORE:   5
MIN 32 OR BELOW:   0    0.50 INCH OR MORE:   3
MIN  0 OR BELOW:   0    1.00 INCH OR MORE:   0

[HDD (BASE 65) ]
TOTAL THIS MO.    15    CLEAR  (SCALE 0-3)  20
DPTR FM NORMAL   -76    PTCLDY (SCALE 4-7)   8
TOTAL FM JUL 1    15    CLOUDY (SCALE 8-10)  1
DPTR FM NORMAL   -87

[CDD (BASE 65) ]
TOTAL THIS MO.   177
DPTR FM NORMAL    99    [PRESSURE DATA]
TOTAL FM JAN 1  1328    HIGHEST SLP M ON M
DPTR FM NORMAL   573    LOWEST  SLP 29.83 ON 10

[REMARKS]
