000
CXUS51 KPBZ 260804
CF6ZZV
PRELIMINARY LOCAL CLIMATOLOGICAL DATA (WS FORM: F-6)

                                          STATION:   ZANESVILLE OH
                                          MONTH:     SEPTEMBER
                                          YEAR:      2017
                                          LATITUDE:   39 56 N
                                          LONGITUDE:  81 54 W

  TEMPERATURE IN F:       :PCPN:    SNOW:  WIND      :SUNSHINE: SKY     :PK WND
================================================================================
1   2   3   4   5  6A  6B    7    8   9   10  11  12  13   14  15   16   17  18
                                     12Z  AVG MX 2MIN
DY MAX MIN AVG DEP HDD CDD  WTR  SNW DPTH SPD SPD DIR MIN PSBL S-S WX    SPD DR
================================================================================

 1  61  56  59 -11   6   0 0.12  0.0    0  9.6 16  70   M    M   3        23  70
 2  64  55  60  -9   5   0 0.18  0.0    0  5.7 12 120   M    M  10 18     16 120
 3  77  56  67  -2   0   2 0.03  0.0    0  5.8 15 250   M    M   5 1      20 240
 4  84  53  69   0   0   4 0.00    M    M  8.0 17 200   M    M   5 123    25 200
 5  74  58  66  -2   0   1 0.66    M    M  6.7 17 190   M    M   5 138    22 190
 6  71  48  60  -8   5   0 0.00    M    M  3.6 14 280   M    M   3 1      17 280
 7  67  48  58 -10   7   0 0.03    M    0  5.3 15 260   M    M   6 1      19 250
 8  70  49  60  -7   5   0 0.00    M    0  3.8 13 310   M    M   5 12     17 310
 9  71  47  59  -8   6   0 0.00    M    0  4.0 13  50   M    M   1        16  40
10  70  45  58  -9   7   0 0.00  0.0    0  3.8 14  50   M    M   0        19  60
11  72  47  60  -6   5   0 0.00  0.0    0  3.2  9  70   M    M   0        12  60
12  74  54  64  -2   1   0 0.02  0.0    0  4.3 12  60   M    M   2 1      14  50
13  77  58  68   2   0   3 0.42  0.0    0  4.6 28 200   M    M   5 1      35 210
14  70  57  64  -1   1   0 0.02  0.0    0  2.6  8 190   M    M   8 12     10 210
15  76  57  67   2   0   2 0.00  0.0    0  1.3  6  60   M    M   9 12      8 210
16  80  55  68   4   0   3 0.00  0.0    0  1.0  8 140   M    M   6 12     10 150
17  83  59  71   7   0   6 0.00    M    M  0.8  7 320   M    M   6 128    11 320
18  85  57  71   7   0   6 0.00    M    M  1.4  9 220   M    M   3 12     12 200
19  81  59  70   7   0   5    T  0.0    0  1.8  8 240   M    M   6 1      10 250
20  83  63  73  10   0   8 0.07  0.0    0  0.3  7 270   M    M   5 12      8 300
21  88  61  75  13   0  10 0.00  0.0    0  0.5  7 220   M    M   1 1       9 310
22  89  61  75  13   0  10 0.00  0.0    0  1.7  8 330   M    M   2 1      11 310
23  91  58  75  13   0  10 0.00  0.0    0  2.3 13  60   M    M   0 1      17  60
24  92  57  75  14   0  10 0.00    M    M  2.2 13 110   M    M   0        16 120
25  89  62  76  15   0  11 0.00    M    M  1.2  9 130   M    M   0        13 160
================================================================================
SM 1939 1380        48  91  1.55     0.0  85.5          M       96
================================================================================
AV 77.6 55.2                               3.4 FASTST   M    M   4    MAX(MPH)
                                 MISC ---->  # 28 200               # 35  210
================================================================================
NOTES:
# LAST OF SEVERAL OCCURRENCES

COLUMN 17 PEAK WIND IN M.P.H.

PRELIMINARY LOCAL CLIMATOLOGICAL DATA (WS FORM: F-6) , PAGE 2

                                          STATION:  ZANESVILLE OH
                                          MONTH:    SEPTEMBER
                                          YEAR:     2017
                                          LATITUDE:   39 56 N
                                          LONGITUDE:  81 54 W

[TEMPERATURE DATA]      [PRECIPITATION DATA]       SYMBOLS USED IN COLUMN 16

AVERAGE MONTHLY: 66.4   TOTAL FOR MONTH:   1.55    1 = FOG OR MIST
DPTR FM NORMAL:   0.9   DPTR FM NORMAL:   -0.96    2 = FOG REDUCING VISIBILITY
HIGHEST:    92 ON 24    GRTST 24HR  0.66 ON  5- 5      TO 1/4 MILE OR LESS
LOWEST:     45 ON 10                               3 = THUNDER
                        SNOW, ICE PELLETS, HAIL    4 = ICE PELLETS
                        TOTAL MONTH:   0.0 INCH    5 = HAIL
                        GRTST 24HR     0.0         6 = FREEZING RAIN OR DRIZZLE
                        GRTST DEPTH:   0           7 = DUSTSTORM OR SANDSTORM:
                                                       VSBY 1/2 MILE OR LESS
                                                   8 = SMOKE OR HAZE
[NO. OF DAYS WITH]      [WEATHER - DAYS WITH]      9 = BLOWING SNOW
                                                   X = TORNADO
MAX 32 OR BELOW:   0    0.01 INCH OR MORE:   9
MAX 90 OR ABOVE:   2    0.10 INCH OR MORE:   4
MIN 32 OR BELOW:   0    0.50 INCH OR MORE:   1
MIN  0 OR BELOW:   0    1.00 INCH OR MORE:   0

[HDD (BASE 65) ]
TOTAL THIS MO.    48    CLEAR  (SCALE 0-3)  10
DPTR FM NORMAL   -17    PTCLDY (SCALE 4-7)  13
TOTAL FM JUL 1    52    CLOUDY (SCALE 8-10)  2
DPTR FM NORMAL   -24

[CDD (BASE 65) ]
TOTAL THIS MO.    91
DPTR FM NORMAL    17    [PRESSURE DATA]
TOTAL FM JAN 1   819    HIGHEST SLP M ON M
DPTR FM NORMAL    68    LOWEST  SLP 29.72 ON  5

[REMARKS]
