000
CXUS51 KOKX 021423
CLABDR
CLIMATE REPORT
NATIONAL WEATHER SERVICE NEW YORK, NY
912 AM EST TUE JAN 02 2024
...................................
...THE BRIDGEPORT CT CLIMATE SUMMARY FOR THE YEAR OF 2023...
CLIMATE NORMAL PERIOD 1991 TO 2020
CLIMATE RECORD PERIOD 1948 TO 2024
WEATHER OBSERVED NORMAL DEPART LAST YEAR`S
VALUE DATE(S) VALUE FROM VALUE DATE(S)
NORMAL
................................................................
TEMPERATURE (F)
RECORD
HIGH 103 07/22/2011
07/22/1957
LOW -7 01/22/1984
HIGHEST 93 09/07 MM MM 94 07/20
07/24
08/09
LOWEST -4 02/04 MM MM 6 01/15
01/16
AVG. MAXIMUM 62.5 61.1 1.4 61.7
AVG. MINIMUM 47.0 45.7 1.3 45.7
MEAN 54.7 53.4 1.3 53.7
DAYS MAX >= 90 4 9.1 -5.1 11
DAYS MAX <= 32 2 18.4 -16.4 18
DAYS MIN <= 32 74 91.8 -17.8 98
DAYS MIN <= 0 1 0.4 0.6 0
PRECIPITATION (INCHES)
RECORD
MAXIMUM 73.93 1972
MINIMUM MM MM
TOTALS 52.74 44.09 8.65 36.89
DAILY AVG. 0.14 0.12 0.02 0.10
DAYS >= .01 128 124.7 3.3 110
DAYS >= .10 81 77.5 3.5 70
DAYS >= .50 31 29.3 1.7 17
DAYS >= 1.00 17 10.3 6.7 4
GREATEST
24 HR. TOTAL 3.57 12/10 TO 12/11 2.60 09/05 TO 09/06
STORM TOTAL 3.35 2.56
(MM/DD(HH)) MM
SNOWFALL (INCHES)
RECORDS
TOTAL MM MM
24 HR TOTAL MM
SNOW DEPTH 30 02/09/2013
TOTALS 4.1 33.6 -29.5 28.3
LIQUID EQUIV 0.40 3.30 -2.90 2.80
SINCE 7/1 T 6.5 -6.5 MM
LIQUID 7/1 -0.10 0.60 -0.70 MM
SNOWDEPTH AVG. T 0
DAYS >= TRACE 17 14.8 2.2 26
DAYS >= 1.0 2 9.1 -7.1 5
GREATEST
SNOW DEPTH 3 03/01 10 01/30
02/28
01/31
24 HR TOTAL 4.1 MM 0.0
STORM TOTAL 2.0 9.6
(MM/DD(HH)) MM
DEGREE DAYS
HEATING TOTAL 4532 5140 -608 5069
SINCE 7/1 1641 1766 -125 MM
COOLING TOTAL 913 955 -42 1075
SINCE 1/1 913 954 -41 MM
................................................................
WIND (MPH)
AVERAGE WIND SPEED 8.2
RESULTANT WIND SPEED/DIRECTION 1/310
HIGHEST WIND SPEED/DIRECTION 41/070 DATE 03/04
HIGHEST GUST SPEED/DIRECTION 50/200 DATE 07/18
SKY COVER
POSSIBLE SUNSHINE (PERCENT) MM
AVERAGE SKY COVER 0.40
NUMBER OF DAYS FAIR 182
NUMBER OF DAYS PC 110
NUMBER OF DAYS CLOUDY 73
AVERAGE RH (PERCENT) 70
WEATHER CONDITIONS. NUMBER OF DAYS WITH
THUNDERSTORM 32 MIXED PRECIP 0
HEAVY RAIN 47 RAIN 64
LIGHT RAIN 148 FREEZING RAIN 0
LT FREEZING RAIN 0 HAIL 0
HEAVY SNOW 0 SNOW 1
LIGHT SNOW 16 SLEET 1
FOG 128 FOG W/VIS <= 1/4 MILE 20
HAZE 13
- INDICATES NEGATIVE NUMBERS.
R INDICATES RECORD WAS SET OR TIED.
MM INDICATES DATA IS MISSING.
T INDICATES TRACE AMOUNT.
$$