000
CXUS53 KGJT 011337
CLACEZ


CLIMATE REPORT
NATIONAL WEATHER SERVICE GRAND JUNCTION CO
617 AM MST FRI JAN 1 2016

...................................

...THE CORTEZ CO CLIMATE SUMMARY FOR THE YEAR OF 2015...

CLIMATE NORMAL PERIOD 1981 TO 2010
CLIMATE RECORD PERIOD 9999 TO 9999

WEATHER         OBSERVED          NORMAL  DEPART  LAST YEAR`S
                 VALUE   DATE(S)  VALUE   FROM    VALUE  DATE(S)
                                          NORMAL
................................................................
TEMPERATURE (F)
RECORD
 HIGH              MM   MM
 LOW               MM   MM
HIGHEST            97   06/30        MM      MM      100  07/22
LOWEST            -12   01/02        MM      MM        0  02/05
AVG. MAXIMUM     66.7              65.0     1.7     67.3
AVG. MINIMUM     33.9              32.1     1.8     33.1
MEAN             50.3              48.5     1.8     50.2
DAYS MAX >= 90     37              31.3     5.7       39
DAYS MAX <= 32     11               8.3     2.7        3
DAYS MIN <= 32    167             189.2   -22.2      186
DAYS MIN <= 0      10               3.9     6.1        1

PRECIPITATION (INCHES)
RECORD
 MAXIMUM           MM   MM
 MINIMUM           MM   MM
TOTALS          13.06             13.60   -0.54     8.93
DAILY AVG.       0.04              0.04    0.00        T
DAYS >= .01        91                MM      MM       66
DAYS >= .10        37                MM      MM       29
DAYS >= .50         6                MM      MM        3
DAYS >= 1.00        0                MM      MM        0
GREATEST
 24 HR. TOTAL    0.83   MM                       12/31 TO 12/31
 STORM TOTAL       MM                                 MM


SNOWFALL (INCHES)
RECORDS
 TOTAL             MM   MM
 24 HR TOTAL       MM
 SNOW DEPTH        MM   MM
TOTALS             MM                MM      MM       MM
 LIQUID EQUIV      MM                MM      MM       MM
SINCE 7/1          MM                MM      MM       MM
 LIQUID 7/1        MM                MM      MM       MM
SNOWDEPTH AVG.     MM                MM      MM       MM
DAYS >= TRACE      MM                MM      MM       MM
DAYS >= 1.0        MM                MM      MM       MM
GREATEST
 SNOW DEPTH        MM                                 MM  MM
 24 HR TOTAL       MM                                 MM
 STORM TOTAL       MM                                 MM


DEGREE_DAYS
HEATING TOTAL    5733              6440    -707     5814
 SINCE 7/1       2412              2658    -246     2279
COOLING TOTAL     486               427      59      537
 SINCE 1/1        486               426      60      537

FREEZE DATES
RECORD
 EARLIEST     MM
 LATEST       MM
EARLIEST                        MM
LATEST                          MM
..................................................

WIND (MPH)
AVERAGE WIND SPEED              6.2
RESULTANT WIND SPEED/DIRECTION   0/155
HIGHEST WIND SPEED/DIRECTION    41/170    DATE  05/12
HIGHEST GUST SPEED/DIRECTION    55/170    DATE  05/12

SKY COVER
POSSIBLE SUNSHINE (PERCENT)   MM
AVERAGE SKY COVER           0.20
NUMBER OF DAYS FAIR          262
NUMBER OF DAYS PC             69
NUMBER OF DAYS CLOUDY         34

AVERAGE RH (PERCENT)     57

WEATHER CONDITIONS. NUMBER OF DAYS WITH
THUNDERSTORM             59     MIXED PRECIP               0
HEAVY RAIN               22     RAIN                      35
LIGHT RAIN              113     FREEZING RAIN              0
LT FREEZING RAIN          0     HAIL                       0
HEAVY SNOW                8     SNOW                      13
LIGHT SNOW               37     SLEET                      0
FOG                      93     FOG W/VIS <= 1/4 MILE     15
HAZE                     18

-  INDICATES NEGATIVE NUMBERS.
R  INDICATES RECORD WAS SET OR TIED.
MM INDICATES DATA IS MISSING.
T  INDICATES TRACE AMOUNT.

$$
