000
CXUS53 KGJT 011403
CLADRO


CLIMATE REPORT
NATIONAL WEATHER SERVICE GRAND JUNCTION CO
642 AM MST SUN JAN 1 2017

...................................

...THE DURANGO AIRPORT CO CLIMATE SUMMARY FOR THE YEAR OF 2016...

CLIMATE NORMAL PERIOD 1981 TO 2010
CLIMATE RECORD PERIOD 9999 TO 9999

WEATHER         OBSERVED          NORMAL  DEPART  LAST YEAR`S
                 VALUE   DATE(S)  VALUE   FROM    VALUE  DATE(S)
                                          NORMAL
................................................................
TEMPERATURE (F)
RECORD
 HIGH              MM   MM
 LOW               MM   MM
HIGHEST            96   06/20        MM      MM       93  07/01
                                                          06/23
                                                          06/21
LOWEST            -17   01/11        MM      MM      -10  12/28
                                                          12/24
AVG. MAXIMUM     62.6              61.8     0.8     62.6
AVG. MINIMUM     30.3              30.5    -0.2     32.3
MEAN             46.5              46.1     0.4     47.5
DAYS MAX >= 90     23              11.0    12.0       12
DAYS MAX <= 32     25              16.8     8.2       24
DAYS MIN <= 32    201             197.7     3.3      185
DAYS MIN <= 0      21              12.2     8.8       15

PRECIPITATION (INCHES)
RECORD
 MAXIMUM           MM   MM
 MINIMUM           MM   MM
TOTALS          13.63             16.07   -2.44    20.05
DAILY AVG.       0.04              0.04    0.00     0.06
DAYS >= .01        74                MM      MM      103
DAYS >= .10        40                MM      MM       50
DAYS >= .50         6                MM      MM       11
DAYS >= 1.00        2                MM      MM        2
GREATEST
 24 HR. TOTAL    1.12   MM                       12/31 TO 12/31
 STORM TOTAL       MM                                 MM

SNOWFALL (INCHES)
RECORDS
 TOTAL             MM   MM
 24 HR TOTAL       MM
 SNOW DEPTH        MM   MM
TOTALS             MM                MM      MM       MM
 LIQUID EQUIV      MM                MM      MM       MM
SINCE 7/1          MM                MM      MM       MM
 LIQUID 7/1        MM                MM      MM       MM
SNOWDEPTH AVG.     MM                MM      MM       MM
DAYS >= TRACE      MM                MM      MM       MM
DAYS >= 1.0        MM                MM      MM       MM
GREATEST
 SNOW DEPTH        MM                                 MM  MM
 24 HR TOTAL       MM                                 MM
 STORM TOTAL       MM                                 MM

DEGREE_DAYS
HEATING TOTAL    6996              7124    -128     6549
 SINCE 7/1       2592              2874    -282     2791
COOLING TOTAL     319               242      77      262
 SINCE 1/1        319               243      76      262

FREEZE DATES
RECORD
 EARLIEST     MM
 LATEST       MM
EARLIEST                        MM
LATEST                          MM
..................................................

WIND (MPH)
AVERAGE WIND SPEED              5.9
RESULTANT WIND SPEED/DIRECTION   1/304
HIGHEST WIND SPEED/DIRECTION    41/300    DATE  04/05
HIGHEST GUST SPEED/DIRECTION    57/270    DATE  03/22

SKY COVER
POSSIBLE SUNSHINE (PERCENT)   MM
AVERAGE SKY COVER           0.20
NUMBER OF DAYS FAIR          263
NUMBER OF DAYS PC             73
NUMBER OF DAYS CLOUDY         30

AVERAGE RH (PERCENT)     55

WEATHER CONDITIONS. NUMBER OF DAYS WITH
THUNDERSTORM             61     MIXED PRECIP               0
HEAVY RAIN               16     RAIN                      30
LIGHT RAIN              106     FREEZING RAIN              0
LT FREEZING RAIN          0     HAIL                       0
HEAVY SNOW                5     SNOW                      14
LIGHT SNOW               46     SLEET                      0
FOG                      78     FOG W/VIS <= 1/4 MILE     24
HAZE                     19

-  INDICATES NEGATIVE NUMBERS.
R  INDICATES RECORD WAS SET OR TIED.
MM INDICATES DATA IS MISSING.
T  INDICATES TRACE AMOUNT.

$$
