000
CXUS53 KGJT 011403
CLAEEO


CLIMATE REPORT
NATIONAL WEATHER SERVICE GRAND JUNCTION CO
642 AM MST SUN JAN 1 2017

...................................

...THE MEEKER CO CLIMATE SUMMARY FOR THE YEAR OF 2016...

CLIMATE NORMAL PERIOD 1981 TO 2010
CLIMATE RECORD PERIOD 9999 TO 9999

WEATHER         OBSERVED          NORMAL  DEPART  LAST YEAR`S
                 VALUE   DATE(S)  VALUE   FROM    VALUE  DATE(S)
                                          NORMAL
................................................................
TEMPERATURE (F)
RECORD
 HIGH              MM   MM
 LOW               MM   MM
HIGHEST            98   06/21        MM      MM       95  06/30
LOWEST            -24   01/01        MM      MM      -26  12/27
AVG. MAXIMUM     60.8              58.9     1.9     61.4
AVG. MINIMUM     29.4              28.3     1.1     31.1
MEAN             45.1              43.6     1.5     46.2
DAYS MAX >= 90     19              13.4     5.6       22
DAYS MAX <= 32     41              39.5     1.5       33
DAYS MIN <= 32    183             205.6   -22.6      176
DAYS MIN <= 0      30              25.2     4.8       16

PRECIPITATION (INCHES)
RECORD
 MAXIMUM           MM   MM
 MINIMUM           MM   MM
TOTALS          15.02             16.06   -1.04    18.15
DAILY AVG.       0.04              0.04    0.00     0.05
DAYS >= .01       121                MM      MM      124
DAYS >= .10        51                MM      MM       65
DAYS >= .50         4                MM      MM        6
DAYS >= 1.00        0                MM      MM        0
GREATEST
 24 HR. TOTAL    0.93   MM                       12/31 TO 12/31
 STORM TOTAL       MM                                 MM

SNOWFALL (INCHES)
RECORDS
 TOTAL             MM   MM
 24 HR TOTAL       MM
 SNOW DEPTH        MM   MM
TOTALS             MM                MM      MM       MM
 LIQUID EQUIV      MM                MM      MM       MM
SINCE 7/1          MM                MM      MM       MM
 LIQUID 7/1        MM                MM      MM       MM
SNOWDEPTH AVG.     MM                MM      MM       MM
DAYS >= TRACE      MM                MM      MM       MM
DAYS >= 1.0        MM                MM      MM       MM
GREATEST
 SNOW DEPTH        MM                                 MM  MM
 24 HR TOTAL       MM                                 MM
 STORM TOTAL       MM                                 MM

DEGREE_DAYS
HEATING TOTAL    7402              7974    -572     6967
 SINCE 7/1       2848              3289    -441     2952
COOLING TOTAL     225               171      54      224
 SINCE 1/1        225               172      53      224

FREEZE DATES
RECORD
 EARLIEST     MM
 LATEST       MM
EARLIEST                        MM
LATEST                          MM
..................................................

WIND (MPH)
AVERAGE WIND SPEED              5.3
RESULTANT WIND SPEED/DIRECTION   1/190
HIGHEST WIND SPEED/DIRECTION    43/250    DATE  12/16
HIGHEST GUST SPEED/DIRECTION    58/220    DATE  12/16

SKY COVER
POSSIBLE SUNSHINE (PERCENT)   MM
AVERAGE SKY COVER           0.30
NUMBER OF DAYS FAIR          224
NUMBER OF DAYS PC             85
NUMBER OF DAYS CLOUDY         57

AVERAGE RH (PERCENT)     58

WEATHER CONDITIONS. NUMBER OF DAYS WITH
THUNDERSTORM             66     MIXED PRECIP               0
HEAVY RAIN               16     RAIN                      36
LIGHT RAIN              122     FREEZING RAIN              0
LT FREEZING RAIN          0     HAIL                       0
HEAVY SNOW               13     SNOW                      25
LIGHT SNOW               74     SLEET                      0
FOG                      83     FOG W/VIS <= 1/4 MILE     17
HAZE                     27

-  INDICATES NEGATIVE NUMBERS.
R  INDICATES RECORD WAS SET OR TIED.
MM INDICATES DATA IS MISSING.
T  INDICATES TRACE AMOUNT.

$$
