000
CXUS53 KDDC 051845
CLAGCK


CLIMATE REPORT
NATIONAL WEATHER SERVICE DODGE CITY KS
1231 PM CST MON JAN 5 2015

...................................

...THE GARDEN CITY REGIONAL ARPT KS CLIMATE SUMMARY FOR THE YEAR OF 2014...

CLIMATE NORMAL PERIOD 1981 TO 2010
CLIMATE RECORD PERIOD 1948 TO 2015

WEATHER         OBSERVED          NORMAL  DEPART  LAST YEAR`S
                 VALUE   DATE(S)  VALUE   FROM    VALUE  DATE(S)
                                          NORMAL
................................................................
TEMPERATURE (F)
RECORD
 HIGH             110   06/08/1985
                        07/11/1954
                        06/24/1953
 LOW              -19   01/14/1979
HIGHEST           103   07/25        MM      MM      108  06/27
                                                          06/10
                                                          06/11
LOWEST            -13   01/06        MM      MM       -5  01/04
AVG. MAXIMUM     67.6              67.9    -0.3     68.2
AVG. MINIMUM     39.9              40.7    -0.8     40.1
MEAN             53.7              54.3    -0.6     54.2
DAYS MAX >= 90     67              59.2     7.8       75
DAYS MAX <= 32     30              19.0    11.0       27
DAYS MIN <= 32    146             136.6     9.4      158
DAYS MIN <= 0       6               3.9     2.1        3

PRECIPITATION (INCHES)
RECORD
 MAXIMUM        30.77   1969
 MINIMUM         9.25   2011
TOTALS          21.44             19.47    1.97    14.85
DAYS >= .01        64              72.0    -8.0       66
DAYS >= .10        26              39.3   -13.3       31
DAYS >= .50        13              12.6     0.4       12
DAYS >= 1.00        5               4.1     0.9        3
GREATEST
 24 HR. TOTAL    4.37   06/27 TO 06/28

DEGREE_DAYS
HEATING TOTAL    5298              5207      91     5362
 SINCE 7/1       2021              2123    -102     2121
COOLING TOTAL    1342              1300      42     1591
 SINCE 1/1       1342              1298      44     1591

FREEZE DATES
.................................................................

WIND (MPH)
AVERAGE WIND SPEED              12.6
HIGHEST WIND SPEED/DIRECTION    68/020    DATE  06/24
HIGHEST GUST SPEED/DIRECTION    85/020    DATE  06/24


WEATHER CONDITIONS. NUMBER OF DAYS WITH
THUNDERSTORM             53     MIXED PRECIP               0
HEAVY RAIN               24     RAIN                      19
LIGHT RAIN               71     FREEZING RAIN              1
LT FREEZING RAIN          3     HAIL                       0
HEAVY SNOW                2     SNOW                      14
LIGHT SNOW               38     SLEET                      0
FOG                     138     FOG W/VIS <= 1/4 MILE     20
HAZE                    108

-  INDICATES NEGATIVE NUMBERS.
R  INDICATES RECORD WAS SET OR TIED.
MM INDICATES DATA IS MISSING.
T  INDICATES TRACE AMOUNT.

$$
