000
CXUS54 KLZK 011108
CLALZK

CLIMATE REPORT
NATIONAL WEATHER SERVICE LITTLE ROCK AR
502 AM CST WED JAN 1 2014

...................................

...THE NORTH LITTLE ROCK CLIMATE SUMMARY FOR THE YEAR OF 2013...

CLIMATE NORMAL PERIOD 1981 TO 2010
CLIMATE RECORD PERIOD 1975 TO 2013

WEATHER         OBSERVED          NORMAL  DEPART  LAST YEAR`S
                 VALUE   DATE(S)  VALUE   FROM    VALUE  DATE(S)
                                          NORMAL
................................................................
TEMPERATURE (F)
RECORD
 HIGH             111   08/03/2011
                        08/30/2000
 LOW               -6   01/20/1985
HIGHEST            99   09/08        73      26      107  07/30
LOWEST             18   12/07        53     -35       21  02/12
                                                          02/11
AVG. MAXIMUM     70.5              72.0    -1.5     75.5
AVG. MINIMUM     52.3              53.3    -1.0     56.9
MEAN             61.4              62.7    -1.3     66.2
DAYS MAX >= 90     71              63.4     7.6       MM
DAYS MAX <= 32      4               4.6    -0.6       MM
DAYS MIN <= 32     57              41.1    15.9       MM
DAYS MIN <= 0       0               0.1    -0.1       MM

PRECIPITATION (INCHES)
RECORD
 MAXIMUM        79.61   2009
 MINIMUM        37.02   1995
TOTALS          51.30             50.03    1.27    44.42
DAILY AVG.       0.14              0.14    0.00     0.12
DAYS >= .01       120             107.4    12.6       MM
DAYS >= .10        67              72.9    -5.9       MM
DAYS >= .50        32              33.3    -1.3       MM
DAYS >= 1.00       18              14.8     3.2       MM
GREATEST
 24 HR. TOTAL    4.98   12/20 TO 12/21

SNOWFALL (INCHES)
RECORDS
 TOTAL           19.1   1979
 24 HR TOTAL     12.0   01/06/1988 TO 01/07/1988
 SNOW DEPTH         9   12/26/2012
TOTALS            1.7               4.4    -2.7     10.6
 LIQUID EQUIV    0.17              0.60   -0.43     1.06
SINCE 7/1         1.1               0.5     0.6     10.3
 LIQUID 7/1      0.11              0.00    0.11     1.03
SNOWDEPTH AVG.      0                MM      MM        0
DAYS >= TRACE      17               2.9    14.1       MM
DAYS >= 1.0         1               1.4    -0.4       MM
GREATEST
 SNOW DEPTH         1   12/10
                        12/08
                        12/09
 24 HR TOTAL      1.0   12/06 TO 12/06

DEGREE_DAYS
HEATING TOTAL    3317              3006     311     2185
 SINCE 7/1         MM              1192      MM       MM
COOLING TOTAL    2119              2170     -51     2724
 SINCE 1/1       2119              2170     -51     2724

FREEZE DATES
RECORD
 EARLIEST     10/20/1989
 LATEST       04/19/1983
EARLIEST                        11/13
LATEST                          03/19
..................................................

WIND (MPH)
AVERAGE WIND SPEED              6.1
HIGHEST WIND SPEED/DIRECTION    23/080    DATE  02/25
HIGHEST GUST SPEED/DIRECTION    44/060    DATE  08/22

SKY COVER
POSSIBLE SUNSHINE (PERCENT)   MM
AVERAGE SKY COVER           0.00
NUMBER OF DAYS FAIR          MM
NUMBER OF DAYS PC            MM
NUMBER OF DAYS CLOUDY        MM


WEATHER CONDITIONS. NUMBER OF DAYS WITH
THUNDERSTORM              0     MIXED PRECIP               0
HEAVY RAIN               30     RAIN                      47
LIGHT RAIN              128     FREEZING RAIN              5
LT FREEZING RAIN          7     HAIL                       1
HEAVY SNOW                0     SNOW                       1
LIGHT SNOW               10     SLEET                     12
FOG                      73     FOG W/VIS <= 1/4 MILE     17
HAZE                      2

-  INDICATES NEGATIVE NUMBERS.
R  INDICATES RECORD WAS SET OR TIED.
MM INDICATES DATA IS MISSING.
T  INDICATES TRACE AMOUNT.

&&

...DATA FOR NORTH LITTLE ROCK FOR THE YEAR 2013...

.SUMMARY...
IT WAS THE COLDEST YEAR SINCE 2009...AND THE 10TH COLDEST ON RECORD.

THROUGH THE YEAR...THERE WERE ONLY THREE MONTHS WITH AN AVERAGE
TEMPERATURE ABOVE NORMAL...WITH SEPTEMBER SEEING THE GREATEST POSITIVE
DEPARTURE FROM NORMAL AT +3.4 DEGREES. MARCH SHOWED THE GREATEST
OVER ALL DEPARTURE FROM NORMAL WITH -5.5 DEGREES. IN FACT...THE AVERAGE
TEMPERATURE FOR MARCH WAS NEARLY 17 DEGREES COLDER THAN MARCH OF 2012.
THE HOTTEST TEMPERATURE DURING THE YEAR WAS ACTUALLY IN SEPTEMBER. THIS
WAS THE FIRST YEAR SINCE 1989 WHERE THE HOTTEST TEMPERATURE OCCURRED IN
SEPTEMBER INSTEAD OF JUNE...JULY OR AUGUST.

THROUGH THE YEAR...RAINFALL DURING EACH MONTH WAS WITHIN AN INCH AND A HALF
ABOVE OR BELOW NORMAL. THE MOST RAIN FELL IN DECEMBER...WITH 7.32 INCHES...
OR 2.31 INCHES ABOVE NORMAL.

FOR THE 12TH YEAR IN A ROW...MEASURABLE SNOW FELL. HOWEVER...FOR THE
FIRST TIME SINCE 2009...SNOWFALL WAS BELOW NORMAL. SNOW FELL IN FOUR
MONTHS...AND MEASURABLE SNOW FELL IN THREE MONTHS.

$$

57
