000
CXUS55 KCYS 050642
CLARWL
CLIMATE REPORT
NATIONAL WEATHER SERVICE CHEYENNE WY
1142 PM MST THU JAN 04 2024
...................................
...THE RAWLINS WYOMING AIRPORT CLIMATE SUMMARY FOR THE YEAR OF 2023...
CLIMATE NORMAL PERIOD 1991 TO 2020
CLIMATE RECORD PERIOD 1951 TO 2024
WEATHER OBSERVED NORMAL DEPART LAST YEAR`S
VALUE DATE(S) VALUE FROM VALUE DATE(S)
NORMAL
................................................................
TEMPERATURE (F)
RECORD
HIGH 98 08/02/2000
07/12/1954
07/11/1954
LOW -36 02/02/2011
02/06/1989
01/19/1963
HIGHEST 96 07/17 MM MM 96 08/10
LOWEST -25 02/23 MM MM -25 12/22
AVG. MAXIMUM 55.2 56.2 -1.0 57.0
AVG. MINIMUM 30.3 30.0 0.3 29.7
MEAN 42.7 43.1 -0.4 43.3
DAYS MAX >= 90 14 14.9 -0.9 29
DAYS MAX <= 32 80 53.3 26.7 59
DAYS MIN <= 32 185 191.8 -6.8 199
DAYS MIN <= 0 15 15.3 -0.3 21
PRECIPITATION (INCHES)
RECORD
MAXIMUM 15.49 2009
MINIMUM 3.24 2002
TOTALS 14.40 9.04 5.36 6.96
DAILY AVG. 0.03 0.02 0.01 0.02
DAYS >= .01 75 82.1 -7.1 77
DAYS >= .10 32 27.5 4.5 25
DAYS >= .50 5 2.5 2.5 1
DAYS >= 1.00 2 0.4 1.6 0
GREATEST
24 HR. TOTAL 1.49 01/01 TO 01/01 0.79
STORM TOTAL 2.18 0.56
(MM/DD(HH)) 01/01 TO 01/02
DEGREE DAYS
HEATING TOTAL 8237 8168 69 8197
SINCE 7/1 2932 3348 MM
COOLING TOTAL 263 224 39 425
SINCE 1/1 263 225 MM
................................................................
WIND (MPH)
AVERAGE WIND SPEED 11.8
HIGHEST WIND SPEED/DIRECTION 48/210 DATE 02/21
HIGHEST GUST SPEED/DIRECTION 70/200 DATE 06/23
SKY COVER
POSSIBLE SUNSHINE (PERCENT) MM
AVERAGE SKY COVER 0.30
NUMBER OF DAYS FAIR 226
NUMBER OF DAYS PC 90
NUMBER OF DAYS CLOUDY 39
AVERAGE RH (PERCENT) 57
WEATHER CONDITIONS. NUMBER OF DAYS WITH
THUNDERSTORM 48 MIXED PRECIP 0
HEAVY RAIN 10 RAIN 20
LIGHT RAIN 102 FREEZING RAIN 0
LT FREEZING RAIN 0 HAIL 0
HEAVY SNOW 17 SNOW 29
LIGHT SNOW 97 SLEET 0
FOG 91 FOG W/VIS <= 1/4 MILE 21
HAZE 58
- INDICATES NEGATIVE NUMBERS.
R INDICATES RECORD WAS SET OR TIED.
MM INDICATES DATA IS MISSING.
T INDICATES TRACE AMOUNT.
$$