000
CDUS41 KBTV 210526
CLI1V4


CLIMATE REPORT
NATIONAL WEATHER SERVICE BURLINGTON VT
125 AM EDT SUN SEP 21 2014


...................................

...THE ST. JOHNSBURY VT CLIMATE SUMMARY FOR SEPTEMBER 20 2014...

CLIMATE NORMAL PERIOD 1981 TO 2010
CLIMATE RECORD PERIOD 1894 TO 2014


WEATHER ITEM   OBSERVED TIME   RECORD YEAR NORMAL DEPARTURE LAST
                VALUE   (LST)  VALUE       VALUE  FROM      YEAR
                                                  NORMAL
..................................................................
TEMPERATURE (F)
 YESTERDAY
  MAXIMUM         62        MM  88    1946  69     -7       77
  MINIMUM         37        MM  28    1979  48    -11       45
  AVERAGE         50                        58     -8       61

PRECIPITATION (IN)
  YESTERDAY        0.01          1.43 1989   0.12  -0.11     0.00
  MONTH TO DATE    1.11                      2.12  -1.01     3.05
  SINCE SEP 1      1.11                      2.12  -1.01     3.05
  SINCE JAN 1     28.55                     27.88   0.67    28.02

DEGREE DAYS
 HEATING
  YESTERDAY       15                         7      8        4
  MONTH TO DATE  178                        90     88      152
  SINCE SEP 1    178                        90     88      152
  SINCE JUL 1    235                       140     95      212

 COOLING
  YESTERDAY        0                         1     -1        0
  MONTH TO DATE   26                        31     -5       40
  SINCE SEP 1     26                        31     -5       40
  SINCE JAN 1    245                       429   -184      407
..................................................................


WIND (MPH)
  HIGHEST WIND SPEED    MM   HIGHEST WIND DIRECTION    MM
  HIGHEST GUST SPEED    MM   HIGHEST GUST DIRECTION    MM
  AVERAGE WIND SPEED    MM


SKY COVER
  AVERAGE SKY COVER 0.0


WEATHER CONDITIONS
 THE FOLLOWING WEATHER WAS RECORDED YESTERDAY.
  NO SIGNIFICANT WEATHER WAS OBSERVED.


RELATIVE HUMIDITY (PERCENT)
 HIGHEST    92           400 AM
 LOWEST     72           400 PM
 AVERAGE    82

..........................................................


THE ST. JOHNSBURY VT CLIMATE NORMALS FOR TODAY
                         NORMAL    RECORD    YEAR
 MAXIMUM TEMPERATURE (F)   69        87      1965
 MINIMUM TEMPERATURE (F)   47        26      1929


SUNRISE AND SUNSET
SEPTEMBER 21 2014.....SUNRISE   634 AM EDT   SUNSET   647 PM EDT
SEPTEMBER 22 2014.....SUNRISE   635 AM EDT   SUNSET   646 PM EDT


-  INDICATES NEGATIVE NUMBERS.
R  INDICATES RECORD WAS SET OR TIED.
MM INDICATES DATA IS MISSING.
T  INDICATES TRACE AMOUNT.




$$
