000
CDUS41 KBTV 270618
CLI1V4


CLIMATE REPORT
NATIONAL WEATHER SERVICE BURLINGTON VT
216 AM EDT TUE JUN 27 2017


...................................

...THE ST. JOHNSBURY VT CLIMATE SUMMARY FOR JUNE 26 2017...

CLIMATE NORMAL PERIOD 1981 TO 2010
CLIMATE RECORD PERIOD 1894 TO 2017


WEATHER ITEM   OBSERVED TIME   RECORD YEAR NORMAL DEPARTURE LAST
                VALUE   (LST)  VALUE       VALUE  FROM      YEAR
                                                  NORMAL
..................................................................
TEMPERATURE (F)
 YESTERDAY
  MAXIMUM         72    320 PM  94    1946  80     -8       88
  MINIMUM         50    417 AM  34    1986  57     -7       55
  AVERAGE         61                        68     -7       72

PRECIPITATION (IN)
  YESTERDAY        0.00          2.04 2006   0.14  -0.14     0.00
  MONTH TO DATE    4.14                      3.47   0.67     2.04
  SINCE JUN 1      4.14                      3.47   0.67     2.04
  SINCE JAN 1     21.04                     16.88   4.16    14.62

DEGREE DAYS
 HEATING
  YESTERDAY        4                         1      3        0
  MONTH TO DATE   90                        68     22       91
  SINCE JUN 1     90                        68     22       91
  SINCE JUL 1   7264                      7772   -508     6928

 COOLING
  YESTERDAY        0                         4     -4        7
  MONTH TO DATE   68                        71     -3       39
  SINCE JUN 1     68                        71     -3       39
  SINCE JAN 1     81                        89     -8       82
..................................................................


WIND (MPH)
  HIGHEST WIND SPEED    MM   HIGHEST WIND DIRECTION    MM
  HIGHEST GUST SPEED    MM   HIGHEST GUST DIRECTION    MM
  AVERAGE WIND SPEED    MM


SKY COVER
  AVERAGE SKY COVER 0.0


WEATHER CONDITIONS
 THE FOLLOWING WEATHER WAS RECORDED YESTERDAY.
  NO SIGNIFICANT WEATHER WAS OBSERVED.


RELATIVE HUMIDITY (PERCENT)
 HIGHEST   100          1200 AM
 LOWEST     41           300 PM
 AVERAGE    71

..........................................................


THE ST. JOHNSBURY VT CLIMATE NORMALS FOR TODAY
                         NORMAL    RECORD    YEAR
 MAXIMUM TEMPERATURE (F)   80        96      1941
 MINIMUM TEMPERATURE (F)   57        38      1897


SUNRISE AND SUNSET
JUNE 27 2017..........SUNRISE   506 AM EDT   SUNSET   837 PM EDT
JUNE 28 2017..........SUNRISE   506 AM EDT   SUNSET   837 PM EDT


-  INDICATES NEGATIVE NUMBERS.
R  INDICATES RECORD WAS SET OR TIED.
MM INDICATES DATA IS MISSING.
T  INDICATES TRACE AMOUNT.




$$
