000
CDUS41 KBTV 240539
CLI1V4


CLIMATE REPORT
NATIONAL WEATHER SERVICE BURLINGTON VT
137 AM EDT TUE OCT 24 2017


...................................

...THE ST. JOHNSBURY VT CLIMATE SUMMARY FOR OCTOBER 23 2017...

CLIMATE NORMAL PERIOD 1981 TO 2010
CLIMATE RECORD PERIOD 1894 TO 2017


WEATHER ITEM   OBSERVED TIME   RECORD YEAR NORMAL DEPARTURE LAST
                VALUE   (LST)  VALUE       VALUE  FROM      YEAR
                                                  NORMAL
..................................................................
TEMPERATURE (F)
 YESTERDAY
  MAXIMUM         67    220 PM  80    1979  55     12       46
  MINIMUM         39    644 AM  19    1955  34      5       34
  AVERAGE         53                        44      9       40

PRECIPITATION (IN)
  YESTERDAY        0.00          1.21 1999   0.12  -0.12     0.22
  MONTH TO DATE    1.55                      2.91  -1.36     2.10
  SINCE SEP 1      4.76                      6.30  -1.54     3.59
  SINCE JAN 1     34.30                     32.06   2.24    31.53

DEGREE DAYS
 HEATING
  YESTERDAY       12                        21     -9       25
  MONTH TO DATE  239                       377   -138      280
  SINCE SEP 1    369                       561   -192      426
  SINCE JUL 1    460                       611   -151      453

 COOLING
  YESTERDAY        0                         0      0        0
  MONTH TO DATE    1                         0      1        0
  SINCE SEP 1     68                        34     34       49
  SINCE JAN 1    330                       432   -102      457
..................................................................


WIND (MPH)
  HIGHEST WIND SPEED    MM   HIGHEST WIND DIRECTION    MM
  HIGHEST GUST SPEED    MM   HIGHEST GUST DIRECTION    MM
  AVERAGE WIND SPEED    MM


SKY COVER
  AVERAGE SKY COVER 0.0


WEATHER CONDITIONS
 THE FOLLOWING WEATHER WAS RECORDED YESTERDAY.
  NO SIGNIFICANT WEATHER WAS OBSERVED.


RELATIVE HUMIDITY (PERCENT)
 HIGHEST   100          1200 AM
 LOWEST     62          1000 AM
 AVERAGE    81

..........................................................


THE ST. JOHNSBURY VT CLIMATE NORMALS FOR TODAY
                         NORMAL    RECORD    YEAR
 MAXIMUM TEMPERATURE (F)   55        78      1979
 MINIMUM TEMPERATURE (F)   34        17      1969


SUNRISE AND SUNSET
OCTOBER 24 2017.......SUNRISE   715 AM EDT   SUNSET   549 PM EDT
OCTOBER 25 2017.......SUNRISE   716 AM EDT   SUNSET   547 PM EDT


-  INDICATES NEGATIVE NUMBERS.
R  INDICATES RECORD WAS SET OR TIED.
MM INDICATES DATA IS MISSING.
T  INDICATES TRACE AMOUNT.




$$
