000
CDUS41 KBTV 030612
CLI1V4


CLIMATE REPORT
NATIONAL WEATHER SERVICE BURLINGTON VT
112 AM EST TUE MAR 3 2015


...................................

...THE ST. JOHNSBURY VT CLIMATE SUMMARY FOR MARCH 2 2015...

CLIMATE NORMAL PERIOD 1981 TO 2010
CLIMATE RECORD PERIOD 1894 TO 2015


WEATHER ITEM   OBSERVED TIME   RECORD YEAR NORMAL DEPARTURE LAST
                VALUE   (LST)  VALUE       VALUE  FROM      YEAR
                                                  NORMAL
..................................................................
TEMPERATURE (F)
 YESTERDAY
  MAXIMUM         27    103 PM  54    1990  36     -9       27
  MINIMUM         16   1159 PM -22    1920  13      3        2
  AVERAGE         22                        24     -2       15

PRECIPITATION (IN)
  YESTERDAY        0.03          0.83 1902   0.07  -0.04     0.00
  MONTH TO DATE    0.06                      0.15  -0.09     0.00
  SINCE MAR 1      0.06                      0.15  -0.09     0.00
  SINCE JAN 1      4.62                      4.83  -0.21     5.13

DEGREE DAYS
 HEATING
  YESTERDAY       43                        41      2       50
  MONTH TO DATE   99                        82     17      106
  SINCE MAR 1     99                        82     17      106
  SINCE JUL 1   6164                      5806    358     6138

 COOLING
  YESTERDAY        0                         0      0        0
  MONTH TO DATE    0                         0      0        0
  SINCE MAR 1      0                         0      0        0
  SINCE JAN 1      0                         0      0        0
..................................................................


WIND (MPH)
  HIGHEST WIND SPEED    MM   HIGHEST WIND DIRECTION    MM
  HIGHEST GUST SPEED    MM   HIGHEST GUST DIRECTION    MM
  AVERAGE WIND SPEED    MM


SKY COVER
  AVERAGE SKY COVER 0.0


WEATHER CONDITIONS
 THE FOLLOWING WEATHER WAS RECORDED YESTERDAY.
  NO SIGNIFICANT WEATHER WAS OBSERVED.


RELATIVE HUMIDITY (PERCENT)
 HIGHEST    92          1200 AM
 LOWEST     46           500 PM
 AVERAGE    69

..........................................................


THE ST. JOHNSBURY VT CLIMATE NORMALS FOR TODAY
                         NORMAL    RECORD    YEAR
 MAXIMUM TEMPERATURE (F)   36        57      1964
 MINIMUM TEMPERATURE (F)   13       -16      1901


SUNRISE AND SUNSET
MARCH  3 2015.........SUNRISE   622 AM EST   SUNSET   538 PM EST
MARCH  4 2015.........SUNRISE   621 AM EST   SUNSET   540 PM EST


-  INDICATES NEGATIVE NUMBERS.
R  INDICATES RECORD WAS SET OR TIED.
MM INDICATES DATA IS MISSING.
T  INDICATES TRACE AMOUNT.




$$
