000
CDUS41 KBTV 270534
CLI1V4


CLIMATE REPORT
NATIONAL WEATHER SERVICE BURLINGTON VT
132 AM EDT WED JUL 27 2016


...................................

...THE ST. JOHNSBURY VT CLIMATE SUMMARY FOR JULY 26 2016...

CLIMATE NORMAL PERIOD 1981 TO 2010
CLIMATE RECORD PERIOD 1894 TO 2016


WEATHER ITEM   OBSERVED TIME   RECORD YEAR NORMAL DEPARTURE LAST
                VALUE   (LST)  VALUE       VALUE  FROM      YEAR
                                                  NORMAL
..................................................................
TEMPERATURE (F)
 YESTERDAY
  MAXIMUM         82        MM  95    1963  81      1       78
  MINIMUM         63        MM  42    1926  59      4       62
  AVERAGE         73                        70      3       70

PRECIPITATION (IN)
  YESTERDAY        0.00          1.58 1945   0.14  -0.14     0.05
  MONTH TO DATE    5.12                      3.39   1.73     5.25
  SINCE JUN 1      9.75                      7.40   2.35    12.95
  SINCE JAN 1     22.33                     20.81   1.52    24.32

DEGREE DAYS
 HEATING
  YESTERDAY        0                         0      0        0
  MONTH TO DATE   16                        10      6       29
  SINCE JUN 1    107                        82     25      138
  SINCE JUL 1     16                        10      6       29

 COOLING
  YESTERDAY        8                         5      3        5
  MONTH TO DATE  130                       145    -15       93
  SINCE JUN 1    191                       235    -44      126
  SINCE JAN 1    234                       253    -19      164
..................................................................


WIND (MPH)
  HIGHEST WIND SPEED    MM   HIGHEST WIND DIRECTION    MM
  HIGHEST GUST SPEED    MM   HIGHEST GUST DIRECTION    MM
  AVERAGE WIND SPEED    MM


SKY COVER
  AVERAGE SKY COVER 0.0


WEATHER CONDITIONS
 THE FOLLOWING WEATHER WAS RECORDED YESTERDAY.
  NO SIGNIFICANT WEATHER WAS OBSERVED.


RELATIVE HUMIDITY (PERCENT)
 HIGHEST    93          1200 AM
 LOWEST     51           300 PM
 AVERAGE    72

..........................................................


THE ST. JOHNSBURY VT CLIMATE NORMALS FOR TODAY
                         NORMAL    RECORD    YEAR
 MAXIMUM TEMPERATURE (F)   81        95      1949
 MINIMUM TEMPERATURE (F)   59        42      2001
                                             1923


SUNRISE AND SUNSET
JULY 27 2016..........SUNRISE   530 AM EDT   SUNSET   818 PM EDT
JULY 28 2016..........SUNRISE   531 AM EDT   SUNSET   817 PM EDT


-  INDICATES NEGATIVE NUMBERS.
R  INDICATES RECORD WAS SET OR TIED.
MM INDICATES DATA IS MISSING.
T  INDICATES TRACE AMOUNT.




$$
