000
CDUS41 KBTV 220600
CLI1V4


CLIMATE REPORT
NATIONAL WEATHER SERVICE BURLINGTON VT
1259 AM EST WED FEB 22 2017


...................................

...THE ST. JOHNSBURY VT CLIMATE SUMMARY FOR FEBRUARY 21 2017...

CLIMATE NORMAL PERIOD 1981 TO 2010
CLIMATE RECORD PERIOD 1894 TO 2017


WEATHER ITEM   OBSERVED TIME   RECORD YEAR NORMAL DEPARTURE LAST
                VALUE   (LST)  VALUE       VALUE  FROM      YEAR
                                                  NORMAL
..................................................................
TEMPERATURE (F)
 YESTERDAY
  MAXIMUM         41        MM  62    1981  33      8       39
  MINIMUM          9        MM -20    1993   9      0       26
  AVERAGE         25                        21      4       33

PRECIPITATION (IN)
  YESTERDAY        0.00          0.84 1989   0.07  -0.07     0.03
  MONTH TO DATE    2.86                      1.64   1.22     1.50
  SINCE DEC 1      8.29                      7.23   1.06     7.59
  SINCE JAN 1      4.72                      4.15   0.57     2.69

DEGREE DAYS
 HEATING
  YESTERDAY       40                        44     -4       32
  MONTH TO DATE  916                       976    -60      873
  SINCE DEC 1   3366                      3769   -403     3121
  SINCE JUL 1   4826                      5425   -599     4598

 COOLING
  YESTERDAY        0                         0      0        0
  MONTH TO DATE    0                         0      0        0
  SINCE DEC 1      0                         0      0        0
  SINCE JAN 1      0                         0      0        0
..................................................................


WIND (MPH)
  HIGHEST WIND SPEED    MM   HIGHEST WIND DIRECTION    MM
  HIGHEST GUST SPEED    MM   HIGHEST GUST DIRECTION    MM
  AVERAGE WIND SPEED    MM


SKY COVER
  AVERAGE SKY COVER 0.0


WEATHER CONDITIONS
 THE FOLLOWING WEATHER WAS RECORDED YESTERDAY.
  NO SIGNIFICANT WEATHER WAS OBSERVED.


RELATIVE HUMIDITY (PERCENT)
 HIGHEST    92           800 AM
 LOWEST     34           200 PM
 AVERAGE    63

..........................................................


THE ST. JOHNSBURY VT CLIMATE NORMALS FOR TODAY
                         NORMAL    RECORD    YEAR
 MAXIMUM TEMPERATURE (F)   33        61      1997
 MINIMUM TEMPERATURE (F)    9       -23      1918


SUNRISE AND SUNSET
FEBRUARY 22 2017......SUNRISE   637 AM EST   SUNSET   527 PM EST
FEBRUARY 23 2017......SUNRISE   635 AM EST   SUNSET   528 PM EST


-  INDICATES NEGATIVE NUMBERS.
R  INDICATES RECORD WAS SET OR TIED.
MM INDICATES DATA IS MISSING.
T  INDICATES TRACE AMOUNT.




$$
