000
CDUS43 KUNR 290835
CLI2WX


CLIMATE REPORT
NATIONAL WEATHER SERVICE RAPID CITY SD
134 AM MST MON DEC 29 2014


...................................

...THE BUFFALO SD CLIMATE SUMMARY FOR DECEMBER 28 2014...

CLIMATE NORMAL PERIOD 1981 TO 2010
CLIMATE RECORD PERIOD 9999 TO 9999


WEATHER ITEM   OBSERVED TIME   NORMAL DEPARTURE LAST
                VALUE   (LST)  VALUE  FROM      YEAR
                                      NORMAL
......................................................
TEMPERATURE (F)
 YESTERDAY
  MAXIMUM         26   1220 PM  30     -4       42
  MINIMUM          8   1159 PM  10     -2       -2
  AVERAGE         17            20     -3       20

PRECIPITATION (IN)
  YESTERDAY        0.02          0.01   0.01     0.00
  MONTH TO DATE    0.12          0.25  -0.13     0.93
  SINCE DEC 1      0.12          0.25  -0.13     0.93
  SINCE JAN 1     17.03         14.48   2.55    13.08

DEGREE DAYS
 HEATING
  YESTERDAY       48            45      3       45
  MONTH TO DATE  999          1228   -229     1402
  SINCE DEC 1    999          1228   -229     1402
  SINCE JUL 1   2920          3126   -206     3192

 COOLING
  YESTERDAY        0             0      0        0
  MONTH TO DATE    0             0      0        0
  SINCE DEC 1      0             0      0        0
  SINCE JAN 1    420           513    -93      587
......................................................


WIND (MPH)
  HIGHEST WIND SPEED    22   HIGHEST WIND DIRECTION    NE (60)
  HIGHEST GUST SPEED    25   HIGHEST GUST DIRECTION    NE (50)
  AVERAGE WIND SPEED    10.0




RELATIVE HUMIDITY (PERCENT)
 HIGHEST    88           900 PM
 LOWEST     67           300 AM
 AVERAGE    78

..........................................................




SUNRISE AND SUNSET
DECEMBER 29 2014......SUNRISE   734 AM MST   SUNSET   418 PM MST
DECEMBER 30 2014......SUNRISE   734 AM MST   SUNSET   419 PM MST


-  INDICATES NEGATIVE NUMBERS.
R  INDICATES RECORD WAS SET OR TIED.
MM INDICATES DATA IS MISSING.
T  INDICATES TRACE AMOUNT.




$$
