394
CDUS43 KUNR 200843
CLI2WX


CLIMATE REPORT
NATIONAL WEATHER SERVICE RAPID CITY SD
142 AM MST MON FEB 20 2017


...................................

...THE BUFFALO SD CLIMATE SUMMARY FOR FEBRUARY 19 2017...

CLIMATE NORMAL PERIOD 1981 TO 2010
CLIMATE RECORD PERIOD 9999 TO 9999


WEATHER ITEM   OBSERVED TIME   NORMAL DEPARTURE LAST
                VALUE   (LST)  VALUE  FROM      YEAR
                                      NORMAL
......................................................
TEMPERATURE (F)
 YESTERDAY
  MAXIMUM         69    243 PM  35     34       58
  MINIMUM         36    633 AM  14     22       32
  AVERAGE         53            24     29       45

PRECIPITATION (IN)
  YESTERDAY        0.00          0.00   0.00     0.02
  MONTH TO DATE    0.04          0.19  -0.15     0.27
  SINCE DEC 1      1.24          0.77   0.47     0.90
  SINCE JAN 1      0.07          0.48  -0.41     0.44

DEGREE DAYS
 HEATING
  YESTERDAY       12            41    -29       20
  MONTH TO DATE  693           807   -114      589
  SINCE DEC 1   3767          3548    219     3037
  SINCE JUL 1   5057          5446   -389     4499

 COOLING
  YESTERDAY        0             0      0        0
  MONTH TO DATE    0             0      0        0
  SINCE DEC 1      0             0      0        0
  SINCE JAN 1      0             0      0        0
......................................................


WIND (MPH)
  HIGHEST WIND SPEED    23   HIGHEST WIND DIRECTION    SW (210)
  HIGHEST GUST SPEED    29   HIGHEST GUST DIRECTION    SW (210)
  AVERAGE WIND SPEED    10.5




RELATIVE HUMIDITY (PERCENT)
 HIGHEST    82           600 AM
 LOWEST     28           200 PM
 AVERAGE    55

..........................................................




SUNRISE AND SUNSET
FEBRUARY 20 2017......SUNRISE   648 AM MST   SUNSET   529 PM MST
FEBRUARY 21 2017......SUNRISE   646 AM MST   SUNSET   530 PM MST


-  INDICATES NEGATIVE NUMBERS.
R  INDICATES RECORD WAS SET OR TIED.
MM INDICATES DATA IS MISSING.
T  INDICATES TRACE AMOUNT.




$$
