000
CDUS43 KUNR 160831
CLI2WX


CLIMATE REPORT
NATIONAL WEATHER SERVICE RAPID CITY SD
131 AM MST TUE JAN 16 2018


...................................

...THE BUFFALO SD CLIMATE SUMMARY FOR JANUARY 15 2018...

CLIMATE NORMAL PERIOD 1981 TO 2010
CLIMATE RECORD PERIOD 9999 TO 9999


WEATHER ITEM   OBSERVED TIME   NORMAL DEPARTURE LAST
                VALUE   (LST)  VALUE  FROM      YEAR
                                      NORMAL
......................................................
TEMPERATURE (F)
 YESTERDAY
  MAXIMUM         -3    317 PM  31    -34       30
  MINIMUM        -20   1157 PM  10    -30        8
  AVERAGE        -11            20    -31       19

PRECIPITATION (IN)
  YESTERDAY        0.00          0.01  -0.01     0.00
  MONTH TO DATE    0.20          0.14   0.06     0.00
  SINCE DEC 1      0.74          0.43   0.31     1.17
  SINCE JAN 1      0.20          0.14   0.06     0.00

DEGREE DAYS
 HEATING
  YESTERDAY       76            45     31       46
  MONTH TO DATE  757           675     82      914
  SINCE DEC 1   2073          2037     36     2469
  SINCE JUL 1   3741          3935   -194     3759

 COOLING
  YESTERDAY        0             0      0        0
  MONTH TO DATE    0             0      0        0
  SINCE DEC 1      0             0      0        0
  SINCE JAN 1      0             0      0        0
......................................................


WIND (MPH)
  HIGHEST WIND SPEED    30   HIGHEST WIND DIRECTION    NW (330)
  HIGHEST GUST SPEED    35   HIGHEST GUST DIRECTION    NW (320)
  AVERAGE WIND SPEED    15.3




RELATIVE HUMIDITY (PERCENT)
 HIGHEST    81           900 PM
 LOWEST     64          1200 PM
 AVERAGE    73

..........................................................




SUNRISE AND SUNSET
JANUARY 16 2018.......SUNRISE   730 AM MST   SUNSET   438 PM MST
JANUARY 17 2018.......SUNRISE   729 AM MST   SUNSET   440 PM MST


-  INDICATES NEGATIVE NUMBERS.
R  INDICATES RECORD WAS SET OR TIED.
MM INDICATES DATA IS MISSING.
T  INDICATES TRACE AMOUNT.




$$
