000
CDUS43 KUNR 240833
CLI2WX


CLIMATE REPORT
NATIONAL WEATHER SERVICE RAPID CITY SD
233 AM MDT SUN JUL 24 2016


...................................

...THE BUFFALO SD CLIMATE SUMMARY FOR JULY 23 2016...

CLIMATE NORMAL PERIOD 1981 TO 2010
CLIMATE RECORD PERIOD 9999 TO 9999


WEATHER ITEM   OBSERVED TIME   NORMAL DEPARTURE LAST
                VALUE   (LST)  VALUE  FROM      YEAR
                                      NORMAL
......................................................
TEMPERATURE (F)
 YESTERDAY
  MAXIMUM         89    350 PM  86      3       95
  MINIMUM         63   1119 PM  58      5       61
  AVERAGE         76            72      4       78

PRECIPITATION (IN)
  YESTERDAY       MM             0.06  MM        0.00
  MONTH TO DATE    0.22          1.57  -1.35     0.08
  SINCE JUN 1      0.87          4.20  -3.33     2.81
  SINCE JAN 1      4.63         10.24  -5.61     7.37

DEGREE DAYS
 HEATING
  YESTERDAY        0             0      0        0
  MONTH TO DATE    0            21    -21        3
  SINCE JUN 1      9           135   -126       46
  SINCE JUL 1      0            21    -21        3

 COOLING
  YESTERDAY       11             8      3       13
  MONTH TO DATE  225           145     80      170
  SINCE JUN 1    407           207    200      261
  SINCE JAN 1    409           213    196      261
......................................................


WIND (MPH)
  HIGHEST WIND SPEED    37   HIGHEST WIND DIRECTION    NW (320)
  HIGHEST GUST SPEED    43   HIGHEST GUST DIRECTION    NW (330)
  AVERAGE WIND SPEED    19.0




RELATIVE HUMIDITY (PERCENT)
 HIGHEST    87           500 AM
 LOWEST     16           200 PM
 AVERAGE    52

..........................................................




SUNRISE AND SUNSET
JULY 24 2016..........SUNRISE   529 AM MDT   SUNSET   831 PM MDT
JULY 25 2016..........SUNRISE   530 AM MDT   SUNSET   830 PM MDT


-  INDICATES NEGATIVE NUMBERS.
R  INDICATES RECORD WAS SET OR TIED.
MM INDICATES DATA IS MISSING.
T  INDICATES TRACE AMOUNT.




$$
