000
CDUS43 KUNR 240831
CLI2WX


CLIMATE REPORT
NATIONAL WEATHER SERVICE RAPID CITY SD
131 AM MST MON NOV 24 2014


...................................

...THE BUFFALO SD CLIMATE SUMMARY FOR NOVEMBER 23 2014...

CLIMATE NORMAL PERIOD 1981 TO 2010
CLIMATE RECORD PERIOD 9999 TO 9999


WEATHER ITEM   OBSERVED TIME   NORMAL DEPARTURE LAST
                VALUE   (LST)  VALUE  FROM      YEAR
                                      NORMAL
......................................................
TEMPERATURE (F)
 YESTERDAY
  MAXIMUM         39   1231 AM  38      1       32
  MINIMUM         18   1159 PM  17      1       12
  AVERAGE         29            28      1       22

PRECIPITATION (IN)
  YESTERDAY        0.00          0.00   0.00     0.00
  MONTH TO DATE    0.27          0.30  -0.03     0.00
  SINCE SEP 1      2.39          2.08   0.31     2.67
  SINCE JAN 1     16.76         14.22   2.54    12.15

DEGREE DAYS
 HEATING
  YESTERDAY       36            37     -1       43
  MONTH TO DATE  892           723    169      724
  SINCE SEP 1   1587          1572     15     1542
  SINCE JUL 1   1638          1624     14     1554

 COOLING
  YESTERDAY        0             0      0        0
  MONTH TO DATE    0             0      0        0
  SINCE SEP 1     55            42     13      100
  SINCE JAN 1    420           513    -93      587
......................................................


WIND (MPH)
  HIGHEST WIND SPEED    49   HIGHEST WIND DIRECTION    NW (310)
  HIGHEST GUST SPEED    62   HIGHEST GUST DIRECTION    NW (310)
  AVERAGE WIND SPEED    28.1




RELATIVE HUMIDITY (PERCENT)
 HIGHEST    84          1000 PM
 LOWEST     50          1200 AM
 AVERAGE    67

..........................................................




SUNRISE AND SUNSET
NOVEMBER 24 2014......SUNRISE   706 AM MST   SUNSET   416 PM MST
NOVEMBER 25 2014......SUNRISE   707 AM MST   SUNSET   415 PM MST


-  INDICATES NEGATIVE NUMBERS.
R  INDICATES RECORD WAS SET OR TIED.
MM INDICATES DATA IS MISSING.
T  INDICATES TRACE AMOUNT.




$$
