000
CDUS43 KUNR 301138
CLI2WX


CLIMATE REPORT
NATIONAL WEATHER SERVICE RAPID CITY SD
537 AM MDT THU OCT 30 2014


...................................

...THE BUFFALO SD CLIMATE SUMMARY FOR OCTOBER 29 2014...

CLIMATE NORMAL PERIOD 1981 TO 2010
CLIMATE RECORD PERIOD 9999 TO 9999


WEATHER ITEM   OBSERVED TIME   NORMAL DEPARTURE LAST
                VALUE   (LST)  VALUE  FROM      YEAR
                                      NORMAL
......................................................
TEMPERATURE (F)
 YESTERDAY
  MAXIMUM         59    302 PM  52      7       30
  MINIMUM         24    126 AM  29     -5       24
  AVERAGE         42            40      2       27

PRECIPITATION (IN)
  YESTERDAY        0.00          0.04  -0.04    MM
  MONTH TO DATE    0.04          0.63  -0.59     0.50
  SINCE SEP 1      2.12          1.71   0.41     2.67
  SINCE JAN 1     16.49         13.85   2.64    12.15

DEGREE DAYS
 HEATING
  YESTERDAY       23            25     -2       38
  MONTH TO DATE  415           561   -146      646
  SINCE SEP 1    643           800   -157      763
  SINCE JUL 1    694           852   -158      775

 COOLING
  YESTERDAY        0             0      0        0
  MONTH TO DATE    0             0      0        0
  SINCE SEP 1     55            41     14      100
  SINCE JAN 1    420           512    -92      587
......................................................


WIND (MPH)
  HIGHEST WIND SPEED    31   HIGHEST WIND DIRECTION    NW (300)
  HIGHEST GUST SPEED    37   HIGHEST GUST DIRECTION    NW (310)
  AVERAGE WIND SPEED    11.1




RELATIVE HUMIDITY (PERCENT)
 HIGHEST    85           900 PM
 LOWEST     35          1100 AM
 AVERAGE    60

..........................................................




SUNRISE AND SUNSET
OCTOBER 30 2014.......SUNRISE   731 AM MDT   SUNSET   544 PM MDT
OCTOBER 31 2014.......SUNRISE   733 AM MDT   SUNSET   542 PM MDT


-  INDICATES NEGATIVE NUMBERS.
R  INDICATES RECORD WAS SET OR TIED.
MM INDICATES DATA IS MISSING.
T  INDICATES TRACE AMOUNT.




$$
