000
CDUS43 KUNR 290854
CLI2WX


CLIMATE REPORT
NATIONAL WEATHER SERVICE RAPID CITY SD
254 AM MDT MON JUN 29 2015


...................................

...THE BUFFALO SD CLIMATE SUMMARY FOR JUNE 28 2015...

CLIMATE NORMAL PERIOD 1981 TO 2010
CLIMATE RECORD PERIOD 9999 TO 9999


WEATHER ITEM   OBSERVED TIME   NORMAL DEPARTURE LAST
                VALUE   (LST)  VALUE  FROM      YEAR
                                      NORMAL
......................................................
TEMPERATURE (F)
 YESTERDAY
  MAXIMUM         89    400 PM  80      9       74
  MINIMUM         57    253 AM  54      3       53
  AVERAGE         73            67      6       64

PRECIPITATION (IN)
  YESTERDAY        0.00          0.06  -0.06     1.06
  MONTH TO DATE    2.73          2.51   0.22     5.47
  SINCE JUN 1      2.73          2.51   0.22     5.47
  SINCE JAN 1      7.29          8.55  -1.26     9.81

DEGREE DAYS
 HEATING
  YESTERDAY        0             2     -2        1
  MONTH TO DATE   43           113    -70      130
  SINCE JUN 1     43           113    -70      130
  SINCE JUL 1   7217          7927   -710     8334

 COOLING
  YESTERDAY        8             4      4        0
  MONTH TO DATE   69            55     14       16
  SINCE JUN 1     69            55     14       16
  SINCE JAN 1     69            61      8       46
......................................................


WIND (MPH)
  HIGHEST WIND SPEED    12   HIGHEST WIND DIRECTION     E (80)
  HIGHEST GUST SPEED    13   HIGHEST GUST DIRECTION     E (80)
  AVERAGE WIND SPEED     4.9




RELATIVE HUMIDITY (PERCENT)
 HIGHEST    78           600 AM
 LOWEST     30           100 PM
 AVERAGE    54

..........................................................




SUNRISE AND SUNSET
JUNE 29 2015..........SUNRISE   508 AM MDT   SUNSET   847 PM MDT
JUNE 30 2015..........SUNRISE   508 AM MDT   SUNSET   847 PM MDT


-  INDICATES NEGATIVE NUMBERS.
R  INDICATES RECORD WAS SET OR TIED.
MM INDICATES DATA IS MISSING.
T  INDICATES TRACE AMOUNT.




$$
