000
CDUS43 KUNR 290841
CLI2WX


CLIMATE REPORT
NATIONAL WEATHER SERVICE RAPID CITY SD
239 AM MDT FRI MAY 29 2015


...................................

...THE BUFFALO SD CLIMATE SUMMARY FOR MAY 28 2015...

CLIMATE NORMAL PERIOD 1981 TO 2010
CLIMATE RECORD PERIOD 9999 TO 9999


WEATHER ITEM   OBSERVED TIME   NORMAL DEPARTURE LAST
                VALUE   (LST)  VALUE  FROM      YEAR
                                      NORMAL
......................................................
TEMPERATURE (F)
 YESTERDAY
  MAXIMUM         73   1240 PM  69      4       88
  MINIMUM         52    306 AM  46      6       58
  AVERAGE         63            57      6       73

PRECIPITATION (IN)
  YESTERDAY        0.68          0.14   0.54     0.00
  MONTH TO DATE    2.66          2.68  -0.02     1.00
  SINCE MAR 1      3.91          5.00  -1.09     3.10
  SINCE JAN 1      4.38          5.57  -1.19     3.68

DEGREE DAYS
 HEATING
  YESTERDAY        2             8     -6        0
  MONTH TO DATE  376           339     37      337
  SINCE MAR 1   1679          1995   -316     2141
  SINCE JUL 1   7137          7792   -655     8198

 COOLING
  YESTERDAY        0             0      0        8
  MONTH TO DATE    0             0      0       21
  SINCE MAR 1      0             0      0       21
  SINCE JAN 1      0             0      0       21
......................................................


WIND (MPH)
  HIGHEST WIND SPEED    24   HIGHEST WIND DIRECTION     N (350)
  HIGHEST GUST SPEED    27   HIGHEST GUST DIRECTION     N (350)
  AVERAGE WIND SPEED     9.6




RELATIVE HUMIDITY (PERCENT)
 HIGHEST   100          1200 AM
 LOWEST     47          1200 PM
 AVERAGE    74

..........................................................




SUNRISE AND SUNSET
MAY 29 2015...........SUNRISE   511 AM MDT   SUNSET   833 PM MDT
MAY 30 2015...........SUNRISE   510 AM MDT   SUNSET   834 PM MDT


-  INDICATES NEGATIVE NUMBERS.
R  INDICATES RECORD WAS SET OR TIED.
MM INDICATES DATA IS MISSING.
T  INDICATES TRACE AMOUNT.




$$
