000
CDUS43 KUNR 190832
CLI2WX


CLIMATE REPORT
NATIONAL WEATHER SERVICE RAPID CITY SD
232 AM MDT SAT APR 19 2014


...................................

...THE BUFFALO SD CLIMATE SUMMARY FOR APRIL 18 2014...

CLIMATE NORMAL PERIOD 1981 TO 2010
CLIMATE RECORD PERIOD 9999 TO 9999


WEATHER ITEM   OBSERVED TIME   RECORD YEAR NORMAL DEPARTURE LAST
                VALUE   (LST)  VALUE       VALUE  FROM      YEAR
                                                  NORMAL
..................................................................
TEMPERATURE (F)
 YESTERDAY
  MAXIMUM         72    345 PM              56     16       40
  MINIMUM         28    546 AM              32     -4       15
  AVERAGE         50                        44      6       28

PRECIPITATION (IN)
  YESTERDAY        0.00         MM      MM   0.05  -0.05     0.00
  MONTH TO DATE    0.27                      0.79  -0.52     0.90
  SINCE MAR 1      1.15                      1.56  -0.41     1.23
  SINCE JAN 1      1.73                      2.13  -0.40     1.38

DEGREE DAYS
 HEATING
  YESTERDAY       15                        21     -6       37
  MONTH TO DATE  485                       429     56      561
  SINCE MAR 1   1594                      1435    159     1620
  SINCE JUL 1   7651                      7232    419     6957

 COOLING
  YESTERDAY        0                         0      0        0
  MONTH TO DATE    0                         0      0        0
  SINCE MAR 1      0                         0      0        0
  SINCE JAN 1      0                         0      0        0
..................................................................


WIND (MPH)
  HIGHEST WIND SPEED    48   HIGHEST WIND DIRECTION    NW (310)
  HIGHEST GUST SPEED    55   HIGHEST GUST DIRECTION    NW (310)
  AVERAGE WIND SPEED    16.9




RELATIVE HUMIDITY (PERCENT)
 HIGHEST    85           400 AM
 LOWEST     33           300 PM
 AVERAGE    59

..........................................................




SUNRISE AND SUNSET
APRIL 19 2014.........SUNRISE   602 AM MDT   SUNSET   746 PM MDT
APRIL 20 2014.........SUNRISE   600 AM MDT   SUNSET   747 PM MDT


-  INDICATES NEGATIVE NUMBERS.
R  INDICATES RECORD WAS SET OR TIED.
MM INDICATES DATA IS MISSING.
T  INDICATES TRACE AMOUNT.




$$
