000
CDUS43 KUNR 200849
CLI2WX


CLIMATE REPORT
NATIONAL WEATHER SERVICE RAPID CITY SD
248 AM MDT WED SEP 20 2017


...................................

...THE BUFFALO SD CLIMATE SUMMARY FOR SEPTEMBER 19 2017...

CLIMATE NORMAL PERIOD 1981 TO 2010
CLIMATE RECORD PERIOD 9999 TO 9999


WEATHER ITEM   OBSERVED TIME   NORMAL DEPARTURE LAST
                VALUE   (LST)  VALUE  FROM      YEAR
                                      NORMAL
......................................................
TEMPERATURE (F)
 YESTERDAY
  MAXIMUM         65   1220 AM  71     -6       80
  MINIMUM         41   1159 PM  42     -1       49
  AVERAGE         53            57     -4       65

PRECIPITATION (IN)
  YESTERDAY        0.02          0.04  -0.02     0.00
  MONTH TO DATE    2.10          0.80   1.30     0.38
  SINCE SEP 1      2.10          0.80   1.30     0.38
  SINCE JAN 1     13.62         12.94   0.68     8.06

DEGREE DAYS
 HEATING
  YESTERDAY       12             9      3        0
  MONTH TO DATE   85           111    -26       89
  SINCE SEP 1     85           111    -26       89
  SINCE JUL 1     96           163    -67      119

 COOLING
  YESTERDAY        0             1     -1        0
  MONTH TO DATE   90            39     51       37
  SINCE SEP 1     90            39     51       37
  SINCE JAN 1    740           510    230      729
......................................................


WIND (MPH)
  HIGHEST WIND SPEED    29   HIGHEST WIND DIRECTION     W (260)
  HIGHEST GUST SPEED    38   HIGHEST GUST DIRECTION     W (270)
  AVERAGE WIND SPEED    12.6




RELATIVE HUMIDITY (PERCENT)
 HIGHEST   100           900 PM
 LOWEST     48           300 AM
 AVERAGE    74

..........................................................




SUNRISE AND SUNSET
SEPTEMBER 20 2017.....SUNRISE   639 AM MDT   SUNSET   655 PM MDT
SEPTEMBER 21 2017.....SUNRISE   640 AM MDT   SUNSET   653 PM MDT


-  INDICATES NEGATIVE NUMBERS.
R  INDICATES RECORD WAS SET OR TIED.
MM INDICATES DATA IS MISSING.
T  INDICATES TRACE AMOUNT.




$$
