000
CDUS43 KUNR 060904
CLI2WX


CLIMATE REPORT
NATIONAL WEATHER SERVICE RAPID CITY SD
203 AM MST SAT FEB 6 2016


...................................

...THE BUFFALO SD CLIMATE SUMMARY FOR FEBRUARY 5 2016...

CLIMATE NORMAL PERIOD 1981 TO 2010
CLIMATE RECORD PERIOD 9999 TO 9999


WEATHER ITEM   OBSERVED TIME   NORMAL DEPARTURE LAST
                VALUE   (LST)  VALUE  FROM      YEAR
                                      NORMAL
......................................................
TEMPERATURE (F)
 YESTERDAY
  MAXIMUM         44    241 PM  32     12       49
  MINIMUM         25    805 AM  12     13       12
  AVERAGE         35            22     13       31

PRECIPITATION (IN)
  YESTERDAY        0.00          0.01  -0.01     0.00
  MONTH TO DATE    0.08          0.05   0.03     0.08
  SINCE DEC 1      0.71          0.63   0.08     0.58
  SINCE JAN 1      0.25          0.34  -0.09     0.42

DEGREE DAYS
 HEATING
  YESTERDAY       30            43    -13       34
  MONTH TO DATE  195           218    -23      246
  SINCE DEC 1   2643          2959   -316     2644
  SINCE JUL 1   4105          4857   -752     4565

 COOLING
  YESTERDAY        0             0      0        0
  MONTH TO DATE    0             0      0        0
  SINCE DEC 1      0             0      0        0
  SINCE JAN 1      0             0      0        0
......................................................


WIND (MPH)
  HIGHEST WIND SPEED    30   HIGHEST WIND DIRECTION    NW (330)
  HIGHEST GUST SPEED    36   HIGHEST GUST DIRECTION    NW (310)
  AVERAGE WIND SPEED    17.0




RELATIVE HUMIDITY (PERCENT)
 HIGHEST    92           400 AM
 LOWEST     39           100 PM
 AVERAGE    66

..........................................................




SUNRISE AND SUNSET
FEBRUARY  6 2016......SUNRISE   710 AM MST   SUNSET   507 PM MST
FEBRUARY  7 2016......SUNRISE   708 AM MST   SUNSET   509 PM MST


-  INDICATES NEGATIVE NUMBERS.
R  INDICATES RECORD WAS SET OR TIED.
MM INDICATES DATA IS MISSING.
T  INDICATES TRACE AMOUNT.




$$
