000
CDUS43 KUNR 050849
CLI2WX


CLIMATE REPORT
NATIONAL WEATHER SERVICE RAPID CITY SD
146 AM MST THU MAR 5 2015


...................................

...THE BUFFALO SD CLIMATE SUMMARY FOR MARCH 4 2015...

CLIMATE NORMAL PERIOD 1981 TO 2010
CLIMATE RECORD PERIOD 9999 TO 9999


WEATHER ITEM   OBSERVED TIME   NORMAL DEPARTURE LAST
                VALUE   (LST)  VALUE  FROM      YEAR
                                      NORMAL
......................................................
TEMPERATURE (F)
 YESTERDAY
  MAXIMUM         17    331 PM  39    -22       16
  MINIMUM         -2    649 AM  18    -20        5
  AVERAGE          8            28    -20       11

PRECIPITATION (IN)
  YESTERDAY        0.00          0.03  -0.03     0.04
  MONTH TO DATE    0.00          0.06  -0.06     0.15
  SINCE MAR 1      0.00          0.06  -0.06     0.15
  SINCE JAN 1      0.47          0.63  -0.16     0.73

DEGREE DAYS
 HEATING
  YESTERDAY       57            37     20       54
  MONTH TO DATE  198           149     49      271
  SINCE MAR 1    198           149     49      271
  SINCE JUL 1   5656          5946   -290     6328

 COOLING
  YESTERDAY        0             0      0        0
  MONTH TO DATE    0             0      0        0
  SINCE MAR 1      0             0      0        0
  SINCE JAN 1      0             0      0        0
......................................................


WIND (MPH)
  HIGHEST WIND SPEED    26   HIGHEST WIND DIRECTION    NW (310)
  HIGHEST GUST SPEED    35   HIGHEST GUST DIRECTION    NW (310)
  AVERAGE WIND SPEED    14.5




RELATIVE HUMIDITY (PERCENT)
 HIGHEST    87           300 AM
 LOWEST     40           200 PM
 AVERAGE    64

..........................................................




SUNRISE AND SUNSET
MARCH  5 2015.........SUNRISE   626 AM MST   SUNSET   546 PM MST
MARCH  6 2015.........SUNRISE   624 AM MST   SUNSET   548 PM MST


-  INDICATES NEGATIVE NUMBERS.
R  INDICATES RECORD WAS SET OR TIED.
MM INDICATES DATA IS MISSING.
T  INDICATES TRACE AMOUNT.




$$
