000
CDUS43 KUNR 310833
CLI2WX


CLIMATE REPORT
NATIONAL WEATHER SERVICE RAPID CITY SD
231 AM MDT THU JUL 31 2014


...................................

...THE BUFFALO SD CLIMATE SUMMARY FOR JULY 30 2014...

CLIMATE NORMAL PERIOD 1981 TO 2010
CLIMATE RECORD PERIOD 9999 TO 9999


WEATHER ITEM   OBSERVED TIME   RECORD YEAR NORMAL DEPARTURE LAST
                VALUE   (LST)  VALUE       VALUE  FROM      YEAR
                                                  NORMAL
..................................................................
TEMPERATURE (F)
 YESTERDAY
  MAXIMUM         83    342 PM              87     -4       78
  MINIMUM         52    539 AM              59     -7       52
  AVERAGE         68                        72     -4       65

PRECIPITATION (IN)
  YESTERDAY        0.00         MM      MM   0.05  -0.05     0.00
  MONTH TO DATE    0.91                      2.00  -1.09     0.98
  SINCE JUN 1      6.45                      4.63   1.82     2.68
  SINCE JAN 1     10.79                     10.67   0.12     6.84

DEGREE DAYS
 HEATING
  YESTERDAY        0                         0      0        0
  MONTH TO DATE   16                        21     -5       10
  SINCE JUN 1    151                       135     16       99
  SINCE JUL 1     16                        21     -5       10

 COOLING
  YESTERDAY        3                         8     -5        0
  MONTH TO DATE  152                       201    -49      218
  SINCE JUN 1    168                       263    -95      264
  SINCE JAN 1    198                       269    -71      274
..................................................................


WIND (MPH)
  HIGHEST WIND SPEED    17   HIGHEST WIND DIRECTION     N (20)
  HIGHEST GUST SPEED    25   HIGHEST GUST DIRECTION    NE (30)
  AVERAGE WIND SPEED     6.4




RELATIVE HUMIDITY (PERCENT)
 HIGHEST    89           500 AM
 LOWEST     30          1200 PM
 AVERAGE    60

..........................................................




SUNRISE AND SUNSET
JULY 31 2014..........SUNRISE   537 AM MDT   SUNSET   824 PM MDT
AUGUST  1 2014........SUNRISE   538 AM MDT   SUNSET   822 PM MDT


-  INDICATES NEGATIVE NUMBERS.
R  INDICATES RECORD WAS SET OR TIED.
MM INDICATES DATA IS MISSING.
T  INDICATES TRACE AMOUNT.




$$
