000
CDUS43 KABR 282233
CLI8D3


CLIMATE REPORT
NATIONAL WEATHER SERVICE ABERDEEN SD
531 PM CDT TUE MAR 28 2017


...................................

...THE SISSETON SD CLIMATE SUMMARY FOR MARCH 28 2017...
VALID TODAY AS OF 0500 PM LOCAL TIME.

CLIMATE NORMAL PERIOD 1981 TO 2010
CLIMATE RECORD PERIOD 1900 TO 2017


WEATHER ITEM   OBSERVED TIME   RECORD YEAR NORMAL DEPARTURE LAST
                VALUE   (LST)  VALUE       VALUE  FROM      YEAR
                                                  NORMAL
..................................................................
TEMPERATURE (F)
 TODAY
  MAXIMUM         61    253 PM  82    1946  46     15       62
  MINIMUM         29    402 AM  -4    1964  25              35
  AVERAGE         45                        36      9       49

PRECIPITATION (IN)
  TODAY            0.00          0.66 1940   0.06  -0.06     0.00
  MONTH TO DATE    0.26                      0.95  -0.69     0.34
  SINCE MAR 1      0.26                      0.95  -0.69     0.34
  SINCE JAN 1      1.46                      1.81  -0.35     1.51

SNOWFALL (IN)
  TODAY            0.0
  MONTH TO DATE    3.4
  SINCE OCT 1     30.4
  SINCE JUL 1     30.4
  SNOW DEPTH       0

DEGREE DAYS
 HEATING
  TODAY           20                        30    -10       16
  MONTH TO DATE 1017                       998     19      748
  SINCE MAR 1   1017                       998     19      748
  SINCE JUL 1   6281                      7257   -976     6049

 COOLING
  TODAY            0                         0      0        0
  MONTH TO DATE    0                         0      0        0
  SINCE MAR 1      0                         0      0        0
  SINCE JAN 1      0                         0      0        0
..................................................................


WIND (MPH)
  HIGHEST WIND SPEED     9   HIGHEST WIND DIRECTION     S (170)
  HIGHEST GUST SPEED    12   HIGHEST GUST DIRECTION     N (350)
  AVERAGE WIND SPEED     4.9


SKY COVER
  POSSIBLE SUNSHINE  MM
  AVERAGE SKY COVER 0.0


WEATHER CONDITIONS
 THE FOLLOWING WEATHER WAS RECORDED TODAY.
  NO SIGNIFICANT WEATHER WAS OBSERVED.


RELATIVE HUMIDITY (PERCENT)
 HIGHEST   100           500 AM
 LOWEST     40           400 PM
 AVERAGE    70

..........................................................


THE SISSETON SD CLIMATE NORMALS FOR TOMORROW
                         NORMAL    RECORD    YEAR
 MAXIMUM TEMPERATURE (F)   46        80      1986
 MINIMUM TEMPERATURE (F)   26        -5      1969


SUNRISE AND SUNSET
MARCH 28 2017.........SUNRISE   715 AM CDT   SUNSET   751 PM CDT
MARCH 29 2017.........SUNRISE   713 AM CDT   SUNSET   753 PM CDT


-  INDICATES NEGATIVE NUMBERS.
R  INDICATES RECORD WAS SET OR TIED.
MM INDICATES DATA IS MISSING.
T  INDICATES TRACE AMOUNT.




$$
