925
CDUS43 KABR 220925
CLI8D3


CLIMATE REPORT
NATIONAL WEATHER SERVICE ABERDEEN SD
425 AM CDT FRI MAY 22 2015


...................................

...THE SISSETON SD CLIMATE SUMMARY FOR MAY 21 2015...

CLIMATE NORMAL PERIOD 1981 TO 2010
CLIMATE RECORD PERIOD 1900 TO 2015


WEATHER ITEM   OBSERVED TIME   RECORD YEAR NORMAL DEPARTURE LAST
                VALUE   (LST)  VALUE       VALUE  FROM      YEAR
                                                  NORMAL
..................................................................
TEMPERATURE (F)
 YESTERDAY
  MAXIMUM         74    350 PM  96    1964  71      3       69
  MINIMUM         46   1138 PM  32    1963  47     -1       46
  AVERAGE         60                        59      1       58

PRECIPITATION (IN)
  YESTERDAY        0.00          3.84 1965   0.08  -0.08     0.00
  MONTH TO DATE    3.41                      1.85   1.56     1.53
  SINCE MAR 1      4.99                      5.25  -0.26     5.55
  SINCE JAN 1      5.87                      6.11  -0.24     6.17

DEGREE DAYS
 HEATING
  YESTERDAY        5                         7     -2        7
  MONTH TO DATE  253                       206     47      305
  SINCE MAR 1   1689                      1906   -217     2232
  SINCE JUL 1   7958                      8165   -207     9049

 COOLING
  YESTERDAY        0                         1     -1        0
  MONTH TO DATE    2                        12    -10        0
  SINCE MAR 1      2                        13    -11        0
  SINCE JAN 1      2                        13    -11        0
..................................................................


WIND (MPH)
  HIGHEST WIND SPEED    25   HIGHEST WIND DIRECTION    NW (300)
  HIGHEST GUST SPEED    32   HIGHEST GUST DIRECTION    NW (300)
  AVERAGE WIND SPEED    13.1


SKY COVER
  POSSIBLE SUNSHINE  MM
  AVERAGE SKY COVER 0.0


WEATHER CONDITIONS
 THE FOLLOWING WEATHER WAS RECORDED YESTERDAY.
  NO SIGNIFICANT WEATHER WAS OBSERVED.


RELATIVE HUMIDITY (PERCENT)
 HIGHEST    71          1100 PM
 LOWEST     16           300 PM
 AVERAGE    44

..........................................................


THE SISSETON SD CLIMATE NORMALS FOR TODAY
                         NORMAL    RECORD    YEAR
 MAXIMUM TEMPERATURE (F)   71        92      1964
 MINIMUM TEMPERATURE (F)   47        27      1963


SUNRISE AND SUNSET
MAY 22 2015...........SUNRISE   550 AM CDT   SUNSET   900 PM CDT
MAY 23 2015...........SUNRISE   549 AM CDT   SUNSET   901 PM CDT


-  INDICATES NEGATIVE NUMBERS.
R  INDICATES RECORD WAS SET OR TIED.
MM INDICATES DATA IS MISSING.
T  INDICATES TRACE AMOUNT.




$$
