000
CDUS43 KABR 201112
CLI8D3


CLIMATE REPORT
NATIONAL WEATHER SERVICE ABERDEEN SD
511 AM CST SAT JAN 20 2018


...................................

...THE SISSETON SD CLIMATE SUMMARY FOR JANUARY 19 2018...

CLIMATE NORMAL PERIOD 1981 TO 2010
CLIMATE RECORD PERIOD 1900 TO 2018


WEATHER ITEM   OBSERVED TIME   RECORD YEAR NORMAL DEPARTURE LAST
                VALUE   (LST)  VALUE       VALUE  FROM      YEAR
                                                  NORMAL
..................................................................
TEMPERATURE (F)
 YESTERDAY
  MAXIMUM         51R   318 PM  51    2018  23     28       41
  MINIMUM         30   1158 PM -29    1985   3     27       23
  AVERAGE         41                        13     28       32

PRECIPITATION (IN)
  YESTERDAY        0.00          0.80 1937   0.01  -0.01     0.00
  MONTH TO DATE    0.09                      0.29  -0.20     0.77
  SINCE DEC 1      0.39                      0.68  -0.29     2.19
  SINCE JAN 1      0.09                      0.29  -0.20     0.77

SNOWFALL (IN)
  YESTERDAY        0.0
  MONTH TO DATE    0.5
  SINCE OCT 1      4.8
  SINCE JUL 1      4.8
  SNOW DEPTH       0

DEGREE DAYS
 HEATING
  YESTERDAY       24                        52    -28       33
  MONTH TO DATE 1006                       988     18     1065
  SINCE DEC 1   2433                      2476    -43     2537
  SINCE JUL 1   4076                      4327   -251     3818

 COOLING
  YESTERDAY        0                         0      0        0
  MONTH TO DATE    0                         0      0        0
  SINCE DEC 1      0                         0      0        0
  SINCE JAN 1      0                         0      0        0
..................................................................


WIND (MPH)
  HIGHEST WIND SPEED    24   HIGHEST WIND DIRECTION    NW (320)
  HIGHEST GUST SPEED    32   HIGHEST GUST DIRECTION    NW (320)
  AVERAGE WIND SPEED     9.9


SKY COVER
  POSSIBLE SUNSHINE  MM
  AVERAGE SKY COVER 0.0


WEATHER CONDITIONS
 THE FOLLOWING WEATHER WAS RECORDED YESTERDAY.
  NO SIGNIFICANT WEATHER WAS OBSERVED.


RELATIVE HUMIDITY (PERCENT)
 HIGHEST    85          1100 PM
 LOWEST     38           300 PM
 AVERAGE    62

..........................................................


THE SISSETON SD CLIMATE NORMALS FOR TODAY
                         NORMAL    RECORD    YEAR
 MAXIMUM TEMPERATURE (F)   23        58      1944
 MINIMUM TEMPERATURE (F)    3       -24      1984
                                             1943


SUNRISE AND SUNSET
JANUARY 20 2018.......SUNRISE   801 AM CST   SUNSET   517 PM CST
JANUARY 21 2018.......SUNRISE   800 AM CST   SUNSET   519 PM CST


-  INDICATES NEGATIVE NUMBERS.
R  INDICATES RECORD WAS SET OR TIED.
MM INDICATES DATA IS MISSING.
T  INDICATES TRACE AMOUNT.




$$
