000
CDUS43 KABR 142233
CLI8D3


CLIMATE REPORT
NATIONAL WEATHER SERVICE ABERDEEN SD
532 PM CDT SUN SEP 14 2014


...................................

...THE SISSETON SD CLIMATE SUMMARY FOR SEPTEMBER 14 2014...
VALID TODAY AS OF 0500 PM LOCAL TIME.

CLIMATE NORMAL PERIOD 1981 TO 2010
CLIMATE RECORD PERIOD 1900 TO 2014


WEATHER ITEM   OBSERVED TIME   RECORD YEAR NORMAL DEPARTURE LAST
                VALUE   (LST)  VALUE       VALUE  FROM      YEAR
                                                  NORMAL
..................................................................
TEMPERATURE (F)
 TODAY
  MAXIMUM         61    158 PM  97    1969  73    -12       63
  MINIMUM         40    637 AM  32    1956  48              52
  AVERAGE         51                        61    -10       58

PRECIPITATION (IN)
  TODAY            0.00          1.54 1941   0.09  -0.09     0.82
  MONTH TO DATE    0.07                      1.09  -1.02     0.85
  SINCE SEP 1      0.07                      1.09  -1.02     0.85
  SINCE JAN 1     21.03                     17.83   3.20    19.52

DEGREE DAYS
 HEATING
  TODAY           14                         6      8        7
  MONTH TO DATE   95                        60     35       27
  SINCE SEP 1     95                        60     35       27
  SINCE JUL 1    132                       103     29       76

 COOLING
  TODAY            0                         1     -1        0
  MONTH TO DATE   23                        33    -10       65
  SINCE SEP 1     23                        33    -10       65
  SINCE JAN 1    423                       512    -89      600
..................................................................


WIND (MPH)
  HIGHEST WIND SPEED    17   HIGHEST WIND DIRECTION    NW (330)
  HIGHEST GUST SPEED    22   HIGHEST GUST DIRECTION    NW (320)
  AVERAGE WIND SPEED     9.2


SKY COVER
  POSSIBLE SUNSHINE  MM
  AVERAGE SKY COVER 0.0


WEATHER CONDITIONS
 THE FOLLOWING WEATHER WAS RECORDED TODAY.
  NO SIGNIFICANT WEATHER WAS OBSERVED.


RELATIVE HUMIDITY (PERCENT)
 HIGHEST    89           500 AM
 LOWEST     51           200 PM
 AVERAGE    70

..........................................................


THE SISSETON SD CLIMATE NORMALS FOR TOMORROW
                         NORMAL    RECORD    YEAR
 MAXIMUM TEMPERATURE (F)   73       101      1955
 MINIMUM TEMPERATURE (F)   48        30      2011
                                             1964


SUNRISE AND SUNSET
SEPTEMBER 14 2014.....SUNRISE   705 AM CDT   SUNSET   741 PM CDT
SEPTEMBER 15 2014.....SUNRISE   706 AM CDT   SUNSET   739 PM CDT


-  INDICATES NEGATIVE NUMBERS.
R  INDICATES RECORD WAS SET OR TIED.
MM INDICATES DATA IS MISSING.
T  INDICATES TRACE AMOUNT.




$$
