000
CDUS43 KABR 300905
CLI8D3


CLIMATE REPORT
NATIONAL WEATHER SERVICE ABERDEEN SD
404 AM CDT THU JUL 30 2015


...................................

...THE SISSETON SD CLIMATE SUMMARY FOR JULY 29 2015...

CLIMATE NORMAL PERIOD 1981 TO 2010
CLIMATE RECORD PERIOD 1900 TO 2015


WEATHER ITEM   OBSERVED TIME   RECORD YEAR NORMAL DEPARTURE LAST
                VALUE   (LST)  VALUE       VALUE  FROM      YEAR
                                                  NORMAL
..................................................................
TEMPERATURE (F)
 YESTERDAY
  MAXIMUM         82    438 PM 103    1975  83     -1       78
  MINIMUM         62   1017 PM  40    1952  60      2       50
  AVERAGE         72                        72      0       64

PRECIPITATION (IN)
  YESTERDAY        0.00          2.20 1989   0.10  -0.10     0.00
  MONTH TO DATE    3.17                      3.37  -0.20     1.74
  SINCE JUN 1      4.55                      7.11  -2.56    10.41
  SINCE JAN 1     12.20                     14.09  -1.89    18.78

DEGREE DAYS
 HEATING
  YESTERDAY        0                         0      0        1
  MONTH TO DATE   13                         3     10       20
  SINCE JUN 1     27                        65    -38       55
  SINCE JUL 1     13                         3     10       20

 COOLING
  YESTERDAY        7                         7      0        0
  MONTH TO DATE  195                       192      3      127
  SINCE JUN 1    319                       286     33      215
  SINCE JAN 1    336                       309     27      276
..................................................................


WIND (MPH)
  HIGHEST WIND SPEED    33   HIGHEST WIND DIRECTION    NW (310)
  HIGHEST GUST SPEED    42   HIGHEST GUST DIRECTION    NW (300)
  AVERAGE WIND SPEED    17.3


SKY COVER
  POSSIBLE SUNSHINE  MM
  AVERAGE SKY COVER 0.0


WEATHER CONDITIONS
 THE FOLLOWING WEATHER WAS RECORDED YESTERDAY.
  NO SIGNIFICANT WEATHER WAS OBSERVED.


RELATIVE HUMIDITY (PERCENT)
 HIGHEST    68           900 PM
 LOWEST     36           300 PM
 AVERAGE    52

..........................................................


THE SISSETON SD CLIMATE NORMALS FOR TODAY
                         NORMAL    RECORD    YEAR
 MAXIMUM TEMPERATURE (F)   83       105      1933
 MINIMUM TEMPERATURE (F)   60        44      1952


SUNRISE AND SUNSET
JULY 30 2015..........SUNRISE   609 AM CDT   SUNSET   859 PM CDT
JULY 31 2015..........SUNRISE   610 AM CDT   SUNSET   858 PM CDT


-  INDICATES NEGATIVE NUMBERS.
R  INDICATES RECORD WAS SET OR TIED.
MM INDICATES DATA IS MISSING.
T  INDICATES TRACE AMOUNT.




$$
