000
CDUS46 KMFR 020840
CLIAAT


CLIMATE REPORT
NATIONAL WEATHER SERVICE MEDFORD, OR
136 AM PDT THU JUL 2 2015


...................................

...THE ALTURAS CA CLIMATE SUMMARY FOR JULY 1 2015...

CLIMATE NORMAL PERIOD 1981 TO 2010
CLIMATE RECORD PERIOD 1905 TO 2015


WEATHER ITEM   OBSERVED TIME   RECORD YEAR NORMAL DEPARTURE LAST
                VALUE   (LST)  VALUE       VALUE  FROM      YEAR
                                                  NORMAL
..................................................................
TEMPERATURE (F)
 YESTERDAY
  MAXIMUM        101R   158 PM 101    2014  84     17      101
  MINIMUM         54    427 AM  28    1976  44     10       47
  AVERAGE         78                        64     14       74

PRECIPITATION (IN)
  YESTERDAY        0.00          0.60 1954   0.01  -0.01     0.00
  MONTH TO DATE    0.00                      0.01  -0.01     0.00
  SINCE OCT 1      9.91                     12.96  -3.05     6.04
  SINCE JAN 1      5.40                      8.45  -3.05     5.41

SNOWFALL (IN)
  YESTERDAY       MM                        MM     MM       MM
  MONTH TO DATE   MM                        MM     MM       MM
  SINCE JUL 1     MM                        MM     MM       MM
  SNOW DEPTH      MM

DEGREE DAYS
 HEATING
  YESTERDAY        0                         3     -3        0
  MONTH TO DATE    0                         3     -3        0
  SINCE JUN 1     30                       183   -153       89
  SINCE JUL 1      0                         3     -3        0

 COOLING
  YESTERDAY       13                         1     12        9
  MONTH TO DATE   13                         1     12        9
  SINCE JUN 1    116                        12    104       29
  SINCE JAN 1    116                        12    104       29
..................................................................


WIND (MPH)
  HIGHEST WIND SPEED    24   HIGHEST WIND DIRECTION     W (260)
  HIGHEST GUST SPEED    29   HIGHEST GUST DIRECTION     W (260)
  AVERAGE WIND SPEED     7.1


SKY COVER
  POSSIBLE SUNSHINE  MM
  AVERAGE SKY COVER 0.0


WEATHER CONDITIONS
 THE FOLLOWING WEATHER WAS RECORDED YESTERDAY.
  NO SIGNIFICANT WEATHER WAS OBSERVED.


RELATIVE HUMIDITY (PERCENT)
 HIGHEST    67           500 AM
 LOWEST     12           200 PM
 AVERAGE    40

..........................................................


THE ALTURAS CA CLIMATE NORMALS FOR TODAY
                         NORMAL    RECORD    YEAR
 MAXIMUM TEMPERATURE (F)   84       104      2013
 MINIMUM TEMPERATURE (F)   44        30      1976


SUNRISE AND SUNSET
JULY  2 2015..........SUNRISE   533 AM PDT   SUNSET   840 PM PDT
JULY  3 2015..........SUNRISE   533 AM PDT   SUNSET   840 PM PDT


-  INDICATES NEGATIVE NUMBERS.
R  INDICATES RECORD WAS SET OR TIED.
MM INDICATES DATA IS MISSING.
T  INDICATES TRACE AMOUNT.




$$
