000
CDUS46 KMFR 220845
CLIAAT


CLIMATE REPORT
NATIONAL WEATHER SERVICE MEDFORD, OR
145 AM PDT SAT JUL 22 2017


...................................

...THE ALTURAS CA CLIMATE SUMMARY FOR JULY 21 2017...

CLIMATE NORMAL PERIOD 1981 TO 2010
CLIMATE RECORD PERIOD 1905 TO 2017


WEATHER ITEM   OBSERVED TIME   RECORD YEAR NORMAL DEPARTURE LAST
                VALUE   (LST)  VALUE       VALUE  FROM      YEAR
                                                  NORMAL
..................................................................
TEMPERATURE (F)
 YESTERDAY
  MAXIMUM         90    411 PM 103    1988  90      0       89
  MINIMUM         46    459 AM  33    1983  45      1       41
  AVERAGE         68                        67      1       65

PRECIPITATION (IN)
  YESTERDAY        0.00          0.19 1936   0.02  -0.02     0.00
  MONTH TO DATE    0.00                      0.18  -0.18     0.05
  SINCE OCT 1     14.28                     13.13   1.15    13.42
  SINCE JAN 1     10.53                      8.62   1.91     7.44

SNOWFALL (IN)
  YESTERDAY       MM                        MM     MM       MM
  MONTH TO DATE   MM                        MM     MM       MM
  SINCE JUL 1     MM                        MM     MM       MM
  SNOW DEPTH      MM

DEGREE DAYS
 HEATING
  YESTERDAY        0                         1     -1        0
  MONTH TO DATE    1                        31    -30       37
  SINCE JUN 1    110                       211   -101      155
  SINCE JUL 1      1                        31    -30       37

 COOLING
  YESTERDAY        3                         3      0        0
  MONTH TO DATE  100                        49     51       35
  SINCE JUN 1    182                        60    122       83
  SINCE JAN 1    182                        60    122       83
..................................................................


WIND (MPH)
  HIGHEST WIND SPEED    14   HIGHEST WIND DIRECTION    NW (330)
  HIGHEST GUST SPEED    19   HIGHEST GUST DIRECTION     W (270)
  AVERAGE WIND SPEED     4.5


SKY COVER
  POSSIBLE SUNSHINE  MM
  AVERAGE SKY COVER 0.0


WEATHER CONDITIONS
 THE FOLLOWING WEATHER WAS RECORDED YESTERDAY.
  NO SIGNIFICANT WEATHER WAS OBSERVED.


RELATIVE HUMIDITY (PERCENT)
 HIGHEST    76           400 AM
 LOWEST      9           200 PM
 AVERAGE    43

..........................................................


THE ALTURAS CA CLIMATE NORMALS FOR TODAY
                         NORMAL    RECORD    YEAR
 MAXIMUM TEMPERATURE (F)   90       103      2003
 MINIMUM TEMPERATURE (F)   45        34      1999


SUNRISE AND SUNSET
JULY 22 2017..........SUNRISE   548 AM PDT   SUNSET   829 PM PDT
JULY 23 2017..........SUNRISE   549 AM PDT   SUNSET   828 PM PDT


-  INDICATES NEGATIVE NUMBERS.
R  INDICATES RECORD WAS SET OR TIED.
MM INDICATES DATA IS MISSING.
T  INDICATES TRACE AMOUNT.




$$
