000
CDUS46 KMFR 060843
CLIAAT


CLIMATE REPORT
NATIONAL WEATHER SERVICE MEDFORD, OR
1243 AM PST FRI MAR 6 2015


...................................

...THE ALTURAS CA CLIMATE SUMMARY FOR MARCH 5 2015...

CLIMATE NORMAL PERIOD 1981 TO 2010
CLIMATE RECORD PERIOD 1905 TO 2015


WEATHER ITEM   OBSERVED TIME   RECORD YEAR NORMAL DEPARTURE LAST
                VALUE   (LST)  VALUE       VALUE  FROM      YEAR
                                                  NORMAL
..................................................................
TEMPERATURE (F)
 YESTERDAY
  MAXIMUM         63    329 PM  68    1987  50     13       54
  MINIMUM         14    523 AM  -5    1976  24    -10       35
  AVERAGE         39                        37      2       45

PRECIPITATION (IN)
  YESTERDAY        0.00          1.09 1991   0.05  -0.05     0.04
  MONTH TO DATE    0.00                      0.24  -0.24     0.53
  SINCE OCT 1      5.64                      7.85  -2.21     2.76
  SINCE JAN 1      1.13                      3.34  -2.21     2.13

SNOWFALL (IN)
  YESTERDAY       MM                        MM     MM       MM
  MONTH TO DATE   MM                        MM     MM       MM
  SINCE JUL 1     MM                        MM     MM        0.0
  SNOW DEPTH      MM

DEGREE DAYS
 HEATING
  YESTERDAY       26                        28     -2       20
  MONTH TO DATE  147                       140      7      107
  SINCE MAR 1    147                       140      7      107
  SINCE JUL 1   3774                      5007  -1233     4872

 COOLING
  YESTERDAY        0                         0      0        0
  MONTH TO DATE    0                         0      0        0
  SINCE MAR 1      0                         0      0        0
  SINCE JAN 1      0                         0      0        0
..................................................................


WIND (MPH)
  HIGHEST WIND SPEED    12   HIGHEST WIND DIRECTION     W (280)
  HIGHEST GUST SPEED    14   HIGHEST GUST DIRECTION     W (280)
  AVERAGE WIND SPEED     2.2


SKY COVER
  POSSIBLE SUNSHINE  MM
  AVERAGE SKY COVER 0.0


WEATHER CONDITIONS
 THE FOLLOWING WEATHER WAS RECORDED YESTERDAY.
  FOG
  HAZE


RELATIVE HUMIDITY (PERCENT)
 HIGHEST    84           300 AM
 LOWEST     11           500 PM
 AVERAGE    48

..........................................................


THE ALTURAS CA CLIMATE NORMALS FOR TODAY
                         NORMAL    RECORD    YEAR
 MAXIMUM TEMPERATURE (F)   50        78      1941
 MINIMUM TEMPERATURE (F)   24        -7      1917


SUNRISE AND SUNSET
MARCH  6 2015.........SUNRISE   629 AM PST   SUNSET   559 PM PST
MARCH  7 2015.........SUNRISE   627 AM PST   SUNSET   600 PM PST


-  INDICATES NEGATIVE NUMBERS.
R  INDICATES RECORD WAS SET OR TIED.
MM INDICATES DATA IS MISSING.
T  INDICATES TRACE AMOUNT.




$$
