000
CDUS46 KMFR 220836
CLIAAT


CLIMATE REPORT
NATIONAL WEATHER SERVICE MEDFORD, OR
1236 AM PST MON JAN 22 2018


...................................

...THE ALTURAS CA CLIMATE SUMMARY FOR JANUARY 21 2018...

CLIMATE NORMAL PERIOD 1981 TO 2010
CLIMATE RECORD PERIOD 1905 TO 2018


WEATHER ITEM   OBSERVED TIME   RECORD YEAR NORMAL DEPARTURE LAST
                VALUE   (LST)  VALUE       VALUE  FROM      YEAR
                                                  NORMAL
..................................................................
TEMPERATURE (F)
 YESTERDAY
  MAXIMUM         37   1134 AM  69    1961  42     -5       41
  MINIMUM         14   1219 AM -30    1937  18     -4       30
  AVERAGE         26                        30     -4       36

PRECIPITATION (IN)
  YESTERDAY        0.02          2.02 1943   0.05  -0.03     0.00
  MONTH TO DATE    1.18                      1.23  -0.05     3.10
  SINCE OCT 1      4.18                      5.74  -1.56     6.85
  SINCE JAN 1      1.18                      1.23  -0.05     3.10

SNOWFALL (IN)
  YESTERDAY       MM                        MM     MM       MM
  MONTH TO DATE   MM                        MM     MM       MM
  SINCE JUL 1     MM                        MM     MM       MM
  SNOW DEPTH      MM

DEGREE DAYS
 HEATING
  YESTERDAY       39                        35      4       29
  MONTH TO DATE  564                       747   -183      845
  SINCE DEC 1   1612                      1847   -235     2004
  SINCE JUL 1   3166                      3657   -491     3512

 COOLING
  YESTERDAY        0                         0      0        0
  MONTH TO DATE    0                         0      0        0
  SINCE DEC 1      0                         0      0        0
  SINCE JAN 1      0                         0      0        0
..................................................................


WIND (MPH)
  HIGHEST WIND SPEED    18   HIGHEST WIND DIRECTION     S (180)
  HIGHEST GUST SPEED    24   HIGHEST GUST DIRECTION     S (180)
  AVERAGE WIND SPEED     8.2


SKY COVER
  POSSIBLE SUNSHINE  MM
  AVERAGE SKY COVER 0.7


WEATHER CONDITIONS
 THE FOLLOWING WEATHER WAS RECORDED YESTERDAY.
  LIGHT SNOW
  FOG
  HAZE


RELATIVE HUMIDITY (PERCENT)
 HIGHEST    92           100 AM
 LOWEST     64          1100 AM
 AVERAGE    78

..........................................................


THE ALTURAS CA CLIMATE NORMALS FOR TODAY
                         NORMAL    RECORD    YEAR
 MAXIMUM TEMPERATURE (F)   42        62      1961
 MINIMUM TEMPERATURE (F)   18       -24      1962


SUNRISE AND SUNSET
JANUARY 22 2018.......SUNRISE   722 AM PST   SUNSET   506 PM PST
JANUARY 23 2018.......SUNRISE   722 AM PST   SUNSET   507 PM PST


-  INDICATES NEGATIVE NUMBERS.
R  INDICATES RECORD WAS SET OR TIED.
MM INDICATES DATA IS MISSING.
T  INDICATES TRACE AMOUNT.




$$
