000
CDUS46 KMFR 300035
CLIAAT


CLIMATE REPORT
NATIONAL WEATHER SERVICE MEDFORD, OR
535 PM PDT MON MAY 29 2017


...................................

...THE ALTURAS CA CLIMATE SUMMARY FOR MAY 29 2017...
VALID TODAY AS OF 0500 PM LOCAL TIME.

CLIMATE NORMAL PERIOD 1981 TO 2010
CLIMATE RECORD PERIOD 1905 TO 2017


WEATHER ITEM   OBSERVED TIME   RECORD YEAR NORMAL DEPARTURE LAST
                VALUE   (LST)  VALUE       VALUE  FROM      YEAR
                                                  NORMAL
..................................................................
TEMPERATURE (F)
 TODAY
  MAXIMUM         86    348 PM  95    1983  72     14       77
  MINIMUM         41    458 AM  24    1976  38      3       35
  AVERAGE         64                        55      9       56

PRECIPITATION (IN)
  TODAY            0.00          0.56 1934   0.04  -0.04     0.00
  MONTH TO DATE    0.19                      1.28  -1.09     1.17
  SINCE OCT 1     13.12                     11.97   1.15    12.81
  SINCE JAN 1      9.37                      7.46   1.91     6.83

SNOWFALL (IN)
  TODAY           MM                        MM     MM       MM
  MONTH TO DATE   MM                        MM     MM       MM
  SINCE JUL 1     MM                        MM     MM       MM
  SNOW DEPTH      MM

DEGREE DAYS
 HEATING
  TODAY            1                        10     -9        9
  MONTH TO DATE  277                       392   -115      334
  SINCE MAR 1   1573                      1869   -296     1478
  SINCE JUL 1   6235                      6736   -501     5865

 COOLING
  TODAY            0                         0      0        0
  MONTH TO DATE    0                         0      0        0
  SINCE MAR 1      0                         0      0        0
  SINCE JAN 1      0                         0      0        0
..................................................................


WIND (MPH)
  HIGHEST WIND SPEED    16   HIGHEST WIND DIRECTION    SE (120)
  HIGHEST GUST SPEED    22   HIGHEST GUST DIRECTION     E (110)
  AVERAGE WIND SPEED     1.9


SKY COVER
  POSSIBLE SUNSHINE  MM
  AVERAGE SKY COVER 0.0


WEATHER CONDITIONS
 THE FOLLOWING WEATHER WAS RECORDED TODAY.
  NO SIGNIFICANT WEATHER WAS OBSERVED.


RELATIVE HUMIDITY (PERCENT)
 HIGHEST    79           500 AM
 LOWEST     11           300 PM
 AVERAGE    45

..........................................................


THE ALTURAS CA CLIMATE NORMALS FOR TOMORROW
                         NORMAL    RECORD    YEAR
 MAXIMUM TEMPERATURE (F)   72        98      1910
 MINIMUM TEMPERATURE (F)   38        27      1982


SUNRISE AND SUNSET
MAY 29 2017...........SUNRISE   532 AM PDT   SUNSET   828 PM PDT
MAY 30 2017...........SUNRISE   532 AM PDT   SUNSET   828 PM PDT


-  INDICATES NEGATIVE NUMBERS.
R  INDICATES RECORD WAS SET OR TIED.
MM INDICATES DATA IS MISSING.
T  INDICATES TRACE AMOUNT.




$$
