000
CDUS41 KPHI 310634
CLIABE


CLIMATE REPORT
NATIONAL WEATHER SERVICE MOUNT HOLLY NJ
132 AM EST SAT JAN 31 2015


...................................

...THE ALLENTOWN PA CLIMATE SUMMARY FOR JANUARY 30 2015...

CLIMATE NORMAL PERIOD 1981 TO 2010
CLIMATE RECORD PERIOD 1922 TO 2015


WEATHER ITEM   OBSERVED TIME   RECORD YEAR NORMAL DEPARTURE LAST
                VALUE   (LST)  VALUE       VALUE  FROM      YEAR
                                                  NORMAL
..................................................................
TEMPERATURE (F)
 YESTERDAY
  MAXIMUM         36   1233 PM  66    2013  37     -1       26
                                      1947
  MINIMUM         15   1159 PM  -5    1928  20     -5        0
  AVERAGE         26                        28     -2       13

PRECIPITATION (IN)
  YESTERDAY        0.01          0.96 1925   0.10  -0.09     0.00
  MONTH TO DATE    2.72                      2.92  -0.20     4.54
  SINCE DEC 1      6.37                      6.50  -0.13     8.58
  SINCE JAN 1      2.72                      2.92  -0.20     4.54

SNOWFALL (IN)
  YESTERDAY        T             9.6  1966   0.4   -0.4      0.0
  MONTH TO DATE   12.8                       9.6    3.2     16.5
  SINCE DEC 1     13.4                      14.8   -1.4     30.2
  SINCE JUL 1     19.1                      15.5    3.6     30.2
  SNOW DEPTH       5

DEGREE DAYS
 HEATING
  YESTERDAY       39                        37      2       52
  MONTH TO DATE 1156                      1118     38     1266
  SINCE DEC 1   2016                      2133   -117     2289
  SINCE JUL 1   3151                      3313   -162     3448

 COOLING
  YESTERDAY        0                         0      0        0
  MONTH TO DATE    0                         0      0        0
  SINCE DEC 1      0                         0      0        0
  SINCE JAN 1      0                         0      0        0
..................................................................


WIND (MPH)
  HIGHEST WIND SPEED    30   HIGHEST WIND DIRECTION    NW (320)
  HIGHEST GUST SPEED    37   HIGHEST GUST DIRECTION    NW (330)
  AVERAGE WIND SPEED    11.7


SKY COVER
  POSSIBLE SUNSHINE  MM
  AVERAGE SKY COVER 0.9


WEATHER CONDITIONS
 THE FOLLOWING WEATHER WAS RECORDED YESTERDAY.
  LIGHT SNOW
  FOG
  HAZE


RELATIVE HUMIDITY (PERCENT)
 HIGHEST    85           100 AM
 LOWEST     49          1000 PM
 AVERAGE    67

..........................................................


THE ALLENTOWN PA CLIMATE NORMALS FOR TODAY
                         NORMAL    RECORD    YEAR
 MAXIMUM TEMPERATURE (F)   37        60      1974
 MINIMUM TEMPERATURE (F)   20        -9      1948


SUNRISE AND SUNSET
JANUARY 31 2015.......SUNRISE   713 AM EST   SUNSET   518 PM EST
FEBRUARY  1 2015......SUNRISE   712 AM EST   SUNSET   519 PM EST


-  INDICATES NEGATIVE NUMBERS.
R  INDICATES RECORD WAS SET OR TIED.
MM INDICATES DATA IS MISSING.
T  INDICATES TRACE AMOUNT.




$$
