000
CDUS41 KPHI 202132
CLIABE


CLIMATE REPORT
NATIONAL WEATHER SERVICE MOUNT HOLLY NJ
432 PM EST THU NOV 20 2014


...................................

...THE ALLENTOWN PA CLIMATE SUMMARY FOR NOVEMBER 20 2014...
VALID TODAY AS OF 0400 PM LOCAL TIME.

CLIMATE NORMAL PERIOD 1981 TO 2010
CLIMATE RECORD PERIOD 1922 TO 2014


WEATHER ITEM   OBSERVED TIME   RECORD YEAR NORMAL DEPARTURE LAST
                VALUE   (LST)  VALUE       VALUE  FROM      YEAR
                                                  NORMAL
..................................................................
TEMPERATURE (F)
 TODAY
  MAXIMUM         45    212 PM  75    1985  51     -6       46
  MINIMUM         20    240 AM  12    1924  32    -12       27
  AVERAGE         33                        41     -8       37

PRECIPITATION (IN)
  TODAY            0.00          2.56 1988   0.13  -0.13     0.00
  MONTH TO DATE    1.54                      2.22  -0.68     0.60
  SINCE SEP 1      5.50                     10.72  -5.22     5.09
  SINCE JAN 1     39.49                     40.49  -1.00    39.93

SNOWFALL (IN)
  TODAY            0.0           2.9  1961   0.0    0.0      0.0
  MONTH TO DATE    0.5                       0.2    0.3       T
  SINCE SEP 1      0.5                       0.2    0.3       T
  SINCE JUL 1      0.5                       0.2    0.3       T
  SNOW DEPTH       0

DEGREE DAYS
 HEATING
  TODAY           32                        24      8       28
  MONTH TO DATE  479                       411     68      414
  SINCE SEP 1    844                       911    -67      842
  SINCE JUL 1    848                       922    -74      846

 COOLING
  TODAY            0                         0      0        0
  MONTH TO DATE    0                         0      0        0
  SINCE SEP 1    120                        78     42      102
  SINCE JAN 1    807                       757     50      927
..................................................................


WIND (MPH)
  HIGHEST WIND SPEED    18   HIGHEST WIND DIRECTION     W (280)
  HIGHEST GUST SPEED    24   HIGHEST GUST DIRECTION     W (280)
  AVERAGE WIND SPEED     5.4


SKY COVER
  POSSIBLE SUNSHINE  MM
  AVERAGE SKY COVER 0.5


WEATHER CONDITIONS
 THE FOLLOWING WEATHER WAS RECORDED TODAY.
  NO SIGNIFICANT WEATHER WAS OBSERVED.


RELATIVE HUMIDITY (PERCENT)
 HIGHEST    77           300 AM
 LOWEST     32           400 PM
 AVERAGE    55

..........................................................


THE ALLENTOWN PA CLIMATE NORMALS FOR TOMORROW
                         NORMAL    RECORD    YEAR
 MAXIMUM TEMPERATURE (F)   50        73      1931
 MINIMUM TEMPERATURE (F)   32        17      1951


SUNRISE AND SUNSET
NOVEMBER 20 2014......SUNRISE   654 AM EST   SUNSET   440 PM EST
NOVEMBER 21 2014......SUNRISE   655 AM EST   SUNSET   440 PM EST


-  INDICATES NEGATIVE NUMBERS.
R  INDICATES RECORD WAS SET OR TIED.
MM INDICATES DATA IS MISSING.
T  INDICATES TRACE AMOUNT.




$$
