000
CDUS41 KPHI 242128
CLIABE


CLIMATE REPORT
NATIONAL WEATHER SERVICE MOUNT HOLLY NJ
427 PM EST FRI NOV 24 2017


...................................

...THE ALLENTOWN PA CLIMATE SUMMARY FOR NOVEMBER 24 2017...
VALID TODAY AS OF 0400 PM LOCAL TIME.

CLIMATE NORMAL PERIOD 1981 TO 2010
CLIMATE RECORD PERIOD 1922 TO 2017


WEATHER ITEM   OBSERVED TIME   RECORD YEAR NORMAL DEPARTURE LAST
                VALUE   (LST)  VALUE       VALUE  FROM      YEAR
                                                  NORMAL
..................................................................
TEMPERATURE (F)
 TODAY
  MAXIMUM         52    311 PM  71    2014  49      3       46
  MINIMUM         24    705 AM  16    2000  31     -7       33
  AVERAGE         38                        40     -2       40

PRECIPITATION (IN)
  TODAY            0.00          1.41 1961   0.12  -0.12      T
  MONTH TO DATE    1.51                      2.72  -1.21     0.60
  SINCE SEP 1      9.12                     11.22  -2.10     5.25
  SINCE JAN 1     48.26                     40.99   7.27    31.66

SNOWFALL (IN)
  TODAY            0.0           3.4  1971   0.1   -0.1      0.0
  MONTH TO DATE    T                         0.4   -0.4       T
  SINCE SEP 1      T                         0.4   -0.4       T
  SINCE JUL 1      T                         0.4   -0.4       T
  SNOW DEPTH       0

DEGREE DAYS
 HEATING
  TODAY           27                        25      2       25
  MONTH TO DATE  520                       509     11      446
  SINCE SEP 1    772                      1009   -237      784
  SINCE JUL 1    776                      1020   -244      784

 COOLING
  TODAY            0                         0      0        0
  MONTH TO DATE    0                         0      0        0
  SINCE SEP 1    196                        78    118      191
  SINCE JAN 1   1004                       757    247     1223
..................................................................


WIND (MPH)
  HIGHEST WIND SPEED    12   HIGHEST WIND DIRECTION    SW (240)
  HIGHEST GUST SPEED    14   HIGHEST GUST DIRECTION    SW (240)
  AVERAGE WIND SPEED     3.0


SKY COVER
  POSSIBLE SUNSHINE  MM
  AVERAGE SKY COVER 0.0


WEATHER CONDITIONS
 THE FOLLOWING WEATHER WAS RECORDED TODAY.
  NO SIGNIFICANT WEATHER WAS OBSERVED.


RELATIVE HUMIDITY (PERCENT)
 HIGHEST    81           100 AM
 LOWEST     30           200 PM
 AVERAGE    56

..........................................................


THE ALLENTOWN PA CLIMATE NORMALS FOR TOMORROW
                         NORMAL    RECORD    YEAR
 MAXIMUM TEMPERATURE (F)   49        72      1979
 MINIMUM TEMPERATURE (F)   30        16      2013
                                             1989
                                             1956


SUNRISE AND SUNSET
NOVEMBER 24 2017......SUNRISE   659 AM EST   SUNSET   438 PM EST
NOVEMBER 25 2017......SUNRISE   700 AM EST   SUNSET   437 PM EST


-  INDICATES NEGATIVE NUMBERS.
R  INDICATES RECORD WAS SET OR TIED.
MM INDICATES DATA IS MISSING.
T  INDICATES TRACE AMOUNT.




$$
