000
CDUS41 KPHI 220547
CLIABE


CLIMATE REPORT
NATIONAL WEATHER SERVICE MOUNT HOLLY NJ
146 AM EDT SAT JUL 22 2017


...................................

...THE ALLENTOWN PA CLIMATE SUMMARY FOR JULY 21 2017...

CLIMATE NORMAL PERIOD 1981 TO 2010
CLIMATE RECORD PERIOD 1922 TO 2017


WEATHER ITEM   OBSERVED TIME   RECORD YEAR NORMAL DEPARTURE LAST
                VALUE   (LST)  VALUE       VALUE  FROM      YEAR
                                                  NORMAL
..................................................................
TEMPERATURE (F)
 YESTERDAY
  MAXIMUM         91    354 PM 101    1980  84      7       90
                                      1930
  MINIMUM         70    303 AM  49    1966  63      7       58
                                      1965
  AVERAGE         81                        74      7       74

PRECIPITATION (IN)
  YESTERDAY        0.00          2.57 2003   0.16  -0.16     0.00
  MONTH TO DATE    5.17                      3.36   1.81     2.09
  SINCE JUN 1     10.47                      7.67   2.80     3.96
  SINCE JAN 1     27.65                     24.49   3.16    19.79

SNOWFALL (IN)
  YESTERDAY        0.0           0.0  2002   0.0    0.0      0.0
                                      2001
  MONTH TO DATE    0.0                       0.0    0.0      0.0
  SINCE JUN 1      0.0                       0.0    0.0      0.0
  SINCE JUL 1      0.0                       0.0    0.0      0.0
  SNOW DEPTH       0

DEGREE DAYS
 HEATING
  YESTERDAY        0                         0      0        0
  MONTH TO DATE    0                         0      0        0
  SINCE JUN 1     27                        33     -6        9
  SINCE JUL 1      0                         0      0        0

 COOLING
  YESTERDAY       16                         9      7        9
  MONTH TO DATE  245                       181     64      229
  SINCE JUN 1    453                       336    117      427
  SINCE JAN 1    513                       381    132      514
..................................................................


WIND (MPH)
  HIGHEST WIND SPEED    14   HIGHEST WIND DIRECTION    SW (240)
  HIGHEST GUST SPEED    17   HIGHEST GUST DIRECTION     W (250)
  AVERAGE WIND SPEED     4.8


SKY COVER
  POSSIBLE SUNSHINE  MM
  AVERAGE SKY COVER 0.1


WEATHER CONDITIONS
 THE FOLLOWING WEATHER WAS RECORDED YESTERDAY.
  FOG


RELATIVE HUMIDITY (PERCENT)
 HIGHEST    93          1200 AM
 LOWEST     50          1200 PM
 AVERAGE    72

..........................................................


THE ALLENTOWN PA CLIMATE NORMALS FOR TODAY
                         NORMAL    RECORD    YEAR
 MAXIMUM TEMPERATURE (F)   84       104      2011
 MINIMUM TEMPERATURE (F)   63        53      1966
                                             1944


SUNRISE AND SUNSET
JULY 22 2017..........SUNRISE   550 AM EDT   SUNSET   826 PM EDT
JULY 23 2017..........SUNRISE   551 AM EDT   SUNSET   825 PM EDT


-  INDICATES NEGATIVE NUMBERS.
R  INDICATES RECORD WAS SET OR TIED.
MM INDICATES DATA IS MISSING.
T  INDICATES TRACE AMOUNT.




$$
