000
CDUS41 KPHI 190628
CLIABE


CLIMATE REPORT
NATIONAL WEATHER SERVICE MOUNT HOLLY NJ
127 AM EST THU JAN 19 2017


...................................

...THE ALLENTOWN PA CLIMATE SUMMARY FOR JANUARY 18 2017...

CLIMATE NORMAL PERIOD 1981 TO 2010
CLIMATE RECORD PERIOD 1922 TO 2017


WEATHER ITEM   OBSERVED TIME   RECORD YEAR NORMAL DEPARTURE LAST
                VALUE   (LST)  VALUE       VALUE  FROM      YEAR
                                                  NORMAL
..................................................................
TEMPERATURE (F)
 YESTERDAY
  MAXIMUM         45    250 PM  63    2006  36      9       31
  MINIMUM         37    805 AM -10    1954  19     18       15
  AVERAGE         41                        27     14       23

PRECIPITATION (IN)
  YESTERDAY        0.06          1.22 2006   0.10  -0.04     0.00
  MONTH TO DATE    2.10                      1.74   0.36     1.42
  SINCE DEC 1      4.53                      5.32  -0.79     5.62
  SINCE JAN 1      2.10                      1.74   0.36     1.42

SNOWFALL (IN)
  YESTERDAY        0.0           4.5  1930   0.3   -0.3      0.0
  MONTH TO DATE    2.1                       5.5   -3.4      0.4
  SINCE DEC 1      2.8                      10.7   -7.9      0.4
  SINCE JUL 1      2.8                      11.4   -8.6      0.4
  SNOW DEPTH       0

DEGREE DAYS
 HEATING
  YESTERDAY       24                        38    -14       42
  MONTH TO DATE  584                       672    -88      603
  SINCE DEC 1   1534                      1687   -153     1189
  SINCE JUL 1   2439                      2867   -428     2071

 COOLING
  YESTERDAY        0                         0      0        0
  MONTH TO DATE    0                         0      0        0
  SINCE DEC 1      0                         0      0        0
  SINCE JAN 1      0                         0      0        0
..................................................................


WIND (MPH)
  HIGHEST WIND SPEED     8   HIGHEST WIND DIRECTION    NE (50)
  HIGHEST GUST SPEED    11   HIGHEST GUST DIRECTION     E (80)
  AVERAGE WIND SPEED     2.3


SKY COVER
  POSSIBLE SUNSHINE  MM
  AVERAGE SKY COVER 1.0


WEATHER CONDITIONS
 THE FOLLOWING WEATHER WAS RECORDED YESTERDAY.
  RAIN
  LIGHT RAIN
  FOG


RELATIVE HUMIDITY (PERCENT)
 HIGHEST    92          1200 AM
 LOWEST     76           200 PM
 AVERAGE    84

..........................................................


THE ALLENTOWN PA CLIMATE NORMALS FOR TODAY
                         NORMAL    RECORD    YEAR
 MAXIMUM TEMPERATURE (F)   36        60      1949
 MINIMUM TEMPERATURE (F)   19       -11      1994


SUNRISE AND SUNSET
JANUARY 19 2017.......SUNRISE   721 AM EST   SUNSET   504 PM EST
JANUARY 20 2017.......SUNRISE   721 AM EST   SUNSET   505 PM EST


-  INDICATES NEGATIVE NUMBERS.
R  INDICATES RECORD WAS SET OR TIED.
MM INDICATES DATA IS MISSING.
T  INDICATES TRACE AMOUNT.




$$
