000
CDUS41 KPHI 220627
CLIABE


CLIMATE REPORT
NATIONAL WEATHER SERVICE MOUNT HOLLY NJ
226 AM EDT FRI MAY 22 2015


...................................

...THE ALLENTOWN PA CLIMATE SUMMARY FOR MAY 21 2015...

CLIMATE NORMAL PERIOD 1981 TO 2010
CLIMATE RECORD PERIOD 1922 TO 2015


WEATHER ITEM   OBSERVED TIME   RECORD YEAR NORMAL DEPARTURE LAST
                VALUE   (LST)  VALUE       VALUE  FROM      YEAR
                                                  NORMAL
..................................................................
TEMPERATURE (F)
 YESTERDAY
  MAXIMUM         61    346 PM  92    1934  73    -12       69
  MINIMUM         46    122 AM  32    2002  50     -4       57
  AVERAGE         54                        62     -8       63

PRECIPITATION (IN)
  YESTERDAY        T             1.07 2001   0.13  -0.13      T
  MONTH TO DATE    0.08                      2.71  -2.63     2.32
  SINCE MAR 1      6.32                      9.66  -3.34    11.36
  SINCE JAN 1     10.87                     15.39  -4.52    20.35

SNOWFALL (IN)
  YESTERDAY        0.0           0.0    MM   0.0    0.0      0.0
  MONTH TO DATE    0.0                       0.0    0.0      0.0
  SINCE MAR 1     17.8                       5.9   11.9      1.4
  SINCE JUL 1     50.1                      32.9   17.2     68.1
  SNOW DEPTH       0

DEGREE DAYS
 HEATING
  YESTERDAY       11                         5      6        2
  MONTH TO DATE   63                       158    -95      115
  SINCE MAR 1   1429                      1419     10     1539
  SINCE JUL 1   5910                      5728    182     6137

 COOLING
  YESTERDAY        0                         2     -2        0
  MONTH TO DATE   61                        16     45       17
  SINCE MAR 1     61                        21     40       24
  SINCE JAN 1     61                        21     40       24
..................................................................


WIND (MPH)
  HIGHEST WIND SPEED    13   HIGHEST WIND DIRECTION    SW (240)
  HIGHEST GUST SPEED    16   HIGHEST GUST DIRECTION    SW (240)
  AVERAGE WIND SPEED     3.8


SKY COVER
  POSSIBLE SUNSHINE  MM
  AVERAGE SKY COVER 0.8


WEATHER CONDITIONS
 THE FOLLOWING WEATHER WAS RECORDED YESTERDAY.
  LIGHT RAIN


RELATIVE HUMIDITY (PERCENT)
 HIGHEST    77           400 AM
 LOWEST     37          1200 PM
 AVERAGE    57

..........................................................


THE ALLENTOWN PA CLIMATE NORMALS FOR TODAY
                         NORMAL    RECORD    YEAR
 MAXIMUM TEMPERATURE (F)   73        96      1941
 MINIMUM TEMPERATURE (F)   50        33      2002


SUNRISE AND SUNSET
MAY 22 2015...........SUNRISE   539 AM EDT   SUNSET   818 PM EDT
MAY 23 2015...........SUNRISE   538 AM EDT   SUNSET   819 PM EDT


-  INDICATES NEGATIVE NUMBERS.
R  INDICATES RECORD WAS SET OR TIED.
MM INDICATES DATA IS MISSING.
T  INDICATES TRACE AMOUNT.




$$
