000
CDUS41 KPHI 182133
CLIABE


CLIMATE REPORT
NATIONAL WEATHER SERVICE MOUNT HOLLY NJ
432 PM EST SUN FEB 18 2018


...................................

...THE ALLENTOWN PA CLIMATE SUMMARY FOR FEBRUARY 18 2018...
VALID TODAY AS OF 0400 PM LOCAL TIME.

CLIMATE NORMAL PERIOD 1981 TO 2010
CLIMATE RECORD PERIOD 1922 TO 2018


WEATHER ITEM   OBSERVED TIME   RECORD YEAR NORMAL DEPARTURE LAST
                VALUE   (LST)  VALUE       VALUE  FROM      YEAR
                                                  NORMAL
..................................................................
TEMPERATURE (F)
 TODAY
  MAXIMUM         44    100 PM  67    2017  41      3       67
                                      2011
  MINIMUM         25    519 AM  -6    1979  22      3       23
  AVERAGE         35                        31      4       45

PRECIPITATION (IN)
  TODAY            0.00          1.04 1960   0.09  -0.09     0.00
  MONTH TO DATE    3.86                      1.73   2.13     1.20
  SINCE DEC 1      8.91                      8.34   0.57     7.02
  SINCE JAN 1      7.03                      4.76   2.27     4.59

SNOWFALL (IN)
  TODAY            0.0           3.9  2000   0.5   -0.5      0.0
  MONTH TO DATE    9.4                       7.5    1.9      7.1
  SINCE DEC 1     25.3                      22.7    2.6     10.0
  SINCE JUL 1     25.3                      23.4    1.9     10.0
  SNOW DEPTH       6

DEGREE DAYS
 HEATING
  TODAY           30                        34     -4       20
  MONTH TO DATE  554                       636    -82      549
  SINCE DEC 1   2712                      2806    -94     2429
  SINCE JUL 1   3625                      3986   -361     3334

 COOLING
  TODAY            0                         0      0        0
  MONTH TO DATE    0                         0      0        0
  SINCE DEC 1      0                         0      0        0
  SINCE JAN 1      0                         0      0        0
..................................................................


WIND (MPH)
  HIGHEST WIND SPEED    18   HIGHEST WIND DIRECTION    NW (320)
  HIGHEST GUST SPEED    25   HIGHEST GUST DIRECTION     N (340)
  AVERAGE WIND SPEED     7.7


SKY COVER
  POSSIBLE SUNSHINE  MM
  AVERAGE SKY COVER 0.4


WEATHER CONDITIONS
 THE FOLLOWING WEATHER WAS RECORDED TODAY.
  FOG


RELATIVE HUMIDITY (PERCENT)
 HIGHEST    89          1200 AM
 LOWEST     45           400 PM
 AVERAGE    67

..........................................................


THE ALLENTOWN PA CLIMATE NORMALS FOR TOMORROW
                         NORMAL    RECORD    YEAR
 MAXIMUM TEMPERATURE (F)   41        68      2017
 MINIMUM TEMPERATURE (F)   22         0      1936


SUNRISE AND SUNSET
FEBRUARY 18 2018......SUNRISE   651 AM EST   SUNSET   540 PM EST
FEBRUARY 19 2018......SUNRISE   650 AM EST   SUNSET   541 PM EST


-  INDICATES NEGATIVE NUMBERS.
R  INDICATES RECORD WAS SET OR TIED.
MM INDICATES DATA IS MISSING.
T  INDICATES TRACE AMOUNT.




$$
