000
CDUS44 KSJT 300753
CLIABI


CLIMATE REPORT
NATIONAL WEATHER SERVICE SAN ANGELO TX
153 AM CST FRI JAN 30 2015


...................................

...THE ABILENE CLIMATE SUMMARY FOR JANUARY 29 2015...

CLIMATE NORMAL PERIOD 1981 TO 2010
CLIMATE RECORD PERIOD 1886 TO 2015


WEATHER ITEM   OBSERVED TIME   RECORD YEAR NORMAL DEPARTURE LAST
                VALUE   (LST)  VALUE       VALUE  FROM      YEAR
                                                  NORMAL
..................................................................
TEMPERATURE (F)
 YESTERDAY
  MAXIMUM         63    246 PM  84    1967  58      5       48
  MINIMUM         47   1159 PM   8    1966  34     13       13
  AVERAGE         55                        46      9       31

PRECIPITATION (IN)
  YESTERDAY        0.00          1.82 1999   0.04  -0.04     0.00
  MONTH TO DATE    1.47                      0.94   0.53      T
  SINCE DEC 1      2.00                      2.17  -0.17     1.11
  SINCE JAN 1      1.47                      0.94   0.53      T

SNOWFALL (IN)
  YESTERDAY        0.0           1.1  1994   0.0    0.0      0.0
  MONTH TO DATE    T                         1.4   -1.4      0.0
  SINCE NOV 1      0.1                       3.2   -3.1      1.3
  SINCE JUL 1      0.1                       3.2   -3.1      1.3

DEGREE DAYS
 HEATING
  YESTERDAY       10                        19     -9       34
  MONTH TO DATE  642                       586     56      611
  SINCE DEC 1   1095                      1198   -103     1309
  SINCE JUL 1   1512                      1631   -119     1781

 COOLING
  YESTERDAY        0                         0      0        0
  MONTH TO DATE    0                         0      0        0
  SINCE DEC 1      0                         1     -1        1
  SINCE JAN 1      0                         0      0        0
..................................................................


WIND (MPH)
  HIGHEST WIND SPEED    23   HIGHEST WIND DIRECTION     N (10)
  HIGHEST GUST SPEED    30   HIGHEST GUST DIRECTION     N (10)
  AVERAGE WIND SPEED    11.2


SKY COVER
  POSSIBLE SUNSHINE  MM
  AVERAGE SKY COVER 0.2


WEATHER CONDITIONS
 THE FOLLOWING WEATHER WAS RECORDED YESTERDAY.
  NO SIGNIFICANT WEATHER WAS OBSERVED.


RELATIVE HUMIDITY (PERCENT)
 HIGHEST    74           500 AM
 LOWEST     34           300 PM
 AVERAGE    54

..........................................................


THE ABILENE CLIMATE NORMALS FOR TODAY
                         NORMAL    RECORD    YEAR
 MAXIMUM TEMPERATURE (F)   58        82      1967
 MINIMUM TEMPERATURE (F)   34         5      1895


SUNRISE AND SUNSET
JANUARY 30 2015.......SUNRISE   734 AM CST   SUNSET   610 PM CST
JANUARY 31 2015.......SUNRISE   734 AM CST   SUNSET   611 PM CST


-  INDICATES NEGATIVE NUMBERS.
R  INDICATES RECORD WAS SET OR TIED.
MM INDICATES DATA IS MISSING.
T  INDICATES TRACE AMOUNT.




$$
