000
CDUS44 KSJT 190750
CLIABI


CLIMATE REPORT
NATIONAL WEATHER SERVICE SAN ANGELO TX
250 AM CDT SAT AUG 19 2017


...................................

...THE ABILENE CLIMATE SUMMARY FOR AUGUST 18 2017...

CLIMATE NORMAL PERIOD 1981 TO 2010
CLIMATE RECORD PERIOD 1886 TO 2017


WEATHER ITEM   OBSERVED TIME   RECORD YEAR NORMAL DEPARTURE LAST
                VALUE   (LST)  VALUE       VALUE  FROM      YEAR
                                                  NORMAL
..................................................................
TEMPERATURE (F)
 YESTERDAY
  MAXIMUM         93    426 PM 104    1945  94     -1       83
                                      1909
                                      1899
  MINIMUM         70    310 AM  62    1967  72     -2       71
  AVERAGE         82                        83     -1       77

PRECIPITATION (IN)
  YESTERDAY        0.00          1.00 1910   0.09  -0.09     0.11
  MONTH TO DATE    3.36                      1.45   1.91     0.76
  SINCE JUN 1      6.08                      6.88  -0.80     4.53
  SINCE JAN 1     13.95                     15.82  -1.87    22.33

DEGREE DAYS
 HEATING
  YESTERDAY        0                         0      0        0
  MONTH TO DATE    0                         0      0        0
  SINCE JUN 1      0                         1     -1        0
  SINCE JUL 1      0                         0      0        0

 COOLING
  YESTERDAY       17                        18     -1       12
  MONTH TO DATE  293                       336    -43      371
  SINCE JUN 1   1328                      1332     -4     1502
  SINCE JAN 1   1747                      1729     18     1811
..................................................................


WIND (MPH)
  HIGHEST WIND SPEED    14   HIGHEST WIND DIRECTION    SE (150)
  HIGHEST GUST SPEED    19   HIGHEST GUST DIRECTION    NW (310)
  AVERAGE WIND SPEED     6.9


SKY COVER
  POSSIBLE SUNSHINE  MM
  AVERAGE SKY COVER 0.1


WEATHER CONDITIONS
 THE FOLLOWING WEATHER WAS RECORDED YESTERDAY.
  THUNDERSTORM


RELATIVE HUMIDITY (PERCENT)
 HIGHEST    93           100 AM
 LOWEST     41           400 PM
 AVERAGE    67

..........................................................


THE ABILENE CLIMATE NORMALS FOR TODAY
                         NORMAL    RECORD    YEAR
 MAXIMUM TEMPERATURE (F)   94       105      1986
                                             1930
 MINIMUM TEMPERATURE (F)   72        60      2015
                                             1950


SUNRISE AND SUNSET
AUGUST 19 2017........SUNRISE   706 AM CDT   SUNSET   818 PM CDT
AUGUST 20 2017........SUNRISE   706 AM CDT   SUNSET   817 PM CDT


-  INDICATES NEGATIVE NUMBERS.
R  INDICATES RECORD WAS SET OR TIED.
MM INDICATES DATA IS MISSING.
T  INDICATES TRACE AMOUNT.




$$
