000
CDUS44 KSJT 280804
CLIABI


CLIMATE REPORT
NATIONAL WEATHER SERVICE SAN ANGELO TX
304 AM CDT WED JUN 28 2017


...................................

...THE ABILENE CLIMATE SUMMARY FOR JUNE 27 2017...

CLIMATE NORMAL PERIOD 1981 TO 2010
CLIMATE RECORD PERIOD 1886 TO 2017


WEATHER ITEM   OBSERVED TIME   RECORD YEAR NORMAL DEPARTURE LAST
                VALUE   (LST)  VALUE       VALUE  FROM      YEAR
                                                  NORMAL
..................................................................
TEMPERATURE (F)
 YESTERDAY
  MAXIMUM         91    355 PM 109    1994  92     -1       93
  MINIMUM         65    543 AM  56    2006  70     -5       70
  AVERAGE         78                        81     -3       82

PRECIPITATION (IN)
  YESTERDAY        0.00          2.87 2007   0.08  -0.08     0.00
  MONTH TO DATE    1.67                      3.31  -1.64     2.49
  SINCE JUN 1      1.67                      3.31  -1.64     2.49
  SINCE JAN 1      9.54                     12.25  -2.71    20.29

DEGREE DAYS
 HEATING
  YESTERDAY        0                         0      0        0
  MONTH TO DATE    0                         0      0        0
  SINCE JUN 1      0                         0      0        0
  SINCE JUL 1   1826                      2558   -732     2058

 COOLING
  YESTERDAY       13                        16     -3       17
  MONTH TO DATE  387                       385      2      403
  SINCE JUN 1    387                       385      2      403
  SINCE JAN 1    806                       782     24      712
..................................................................


WIND (MPH)
  HIGHEST WIND SPEED    20   HIGHEST WIND DIRECTION    SE (130)
  HIGHEST GUST SPEED    22   HIGHEST GUST DIRECTION    SE (130)
  AVERAGE WIND SPEED     8.7


SKY COVER
  POSSIBLE SUNSHINE  MM
  AVERAGE SKY COVER 0.1


WEATHER CONDITIONS
 THE FOLLOWING WEATHER WAS RECORDED YESTERDAY.
  NO SIGNIFICANT WEATHER WAS OBSERVED.


RELATIVE HUMIDITY (PERCENT)
 HIGHEST   100           100 AM
 LOWEST     43           200 PM
 AVERAGE    72

..........................................................


THE ABILENE CLIMATE NORMALS FOR TODAY
                         NORMAL    RECORD    YEAR
 MAXIMUM TEMPERATURE (F)   92       109      1980
 MINIMUM TEMPERATURE (F)   71        56      1985


SUNRISE AND SUNSET
JUNE 28 2017..........SUNRISE   634 AM CDT   SUNSET   850 PM CDT
JUNE 29 2017..........SUNRISE   635 AM CDT   SUNSET   850 PM CDT


-  INDICATES NEGATIVE NUMBERS.
R  INDICATES RECORD WAS SET OR TIED.
MM INDICATES DATA IS MISSING.
T  INDICATES TRACE AMOUNT.




$$
