000
CDUS44 KSJT 302234
CLIABI


CLIMATE REPORT
NATIONAL WEATHER SERVICE SAN ANGELO TX
533 PM CDT SUN APR 30 2017


...................................

...THE ABILENE CLIMATE SUMMARY FOR APRIL 30 2017...
VALID TODAY AS OF 0500 PM LOCAL TIME.

CLIMATE NORMAL PERIOD 1981 TO 2010
CLIMATE RECORD PERIOD 1886 TO 2017


WEATHER ITEM   OBSERVED TIME   RECORD YEAR NORMAL DEPARTURE LAST
                VALUE   (LST)  VALUE       VALUE  FROM      YEAR
                                                  NORMAL
..................................................................
TEMPERATURE (F)
 TODAY
  MAXIMUM         68    351 PM  99    1948  81    -13       77
  MINIMUM         41    626 AM  34    1903  56    -15       50
  AVERAGE         55                        69    -14       64

PRECIPITATION (IN)
  TODAY            0.00          0.90 1974   0.08  -0.08     0.00
  MONTH TO DATE    1.34                      1.64  -0.30     6.24
  SINCE MAR 1      1.76                      3.38  -1.62     8.55
  SINCE JAN 1      5.14                      5.76  -0.62     9.27

SNOWFALL (IN)
  TODAY            0.0           0.0  2000   0.0    0.0      0.0
  MONTH TO DATE    0.0                       0.3   -0.3       T
  SINCE NOV 1      T                         4.7   -4.7      5.1
  SINCE JUL 1      T                         4.7   -4.7      5.1

DEGREE DAYS
 HEATING
  TODAY           10                         2      8        1
  MONTH TO DATE   83                       113    -30       80
  SINCE MAR 1    229                       409   -180      267
  SINCE JUL 1   1810                      2542   -732     2021

 COOLING
  TODAY            0                         5     -5        0
  MONTH TO DATE  104                        99      5       63
  SINCE MAR 1    188                       128     60       81
  SINCE JAN 1    219                       133     86       95
..................................................................


WIND (MPH)
  HIGHEST WIND SPEED    39   HIGHEST WIND DIRECTION    NW (300)
  HIGHEST GUST SPEED    48   HIGHEST GUST DIRECTION    NW (300)
  AVERAGE WIND SPEED    24.2


SKY COVER
  POSSIBLE SUNSHINE  MM
  AVERAGE SKY COVER 0.1


WEATHER CONDITIONS
 THE FOLLOWING WEATHER WAS RECORDED TODAY.
  NO SIGNIFICANT WEATHER WAS OBSERVED.


RELATIVE HUMIDITY (PERCENT)
 HIGHEST    83          1200 AM
 LOWEST     26           300 PM
 AVERAGE    55

..........................................................


THE ABILENE CLIMATE NORMALS FOR TOMORROW
                         NORMAL    RECORD    YEAR
 MAXIMUM TEMPERATURE (F)   81       100      2002
 MINIMUM TEMPERATURE (F)   57        36      1909
                                             1903


SUNRISE AND SUNSET
APRIL 30 2017.........SUNRISE   653 AM CDT   SUNSET   819 PM CDT
MAY  1 2017...........SUNRISE   652 AM CDT   SUNSET   820 PM CDT


-  INDICATES NEGATIVE NUMBERS.
R  INDICATES RECORD WAS SET OR TIED.
MM INDICATES DATA IS MISSING.
T  INDICATES TRACE AMOUNT.




$$
