000
CDUS44 KSJT 280652
CLIABI


CLIMATE REPORT
NATIONAL WEATHER SERVICE SAN ANGELO TX
151 AM CDT FRI AUG 28 2015


...................................

...THE ABILENE CLIMATE SUMMARY FOR AUGUST 27 2015...

CLIMATE NORMAL PERIOD 1981 TO 2010
CLIMATE RECORD PERIOD 1886 TO 2015


WEATHER ITEM   OBSERVED TIME   RECORD YEAR NORMAL DEPARTURE LAST
                VALUE   (LST)  VALUE       VALUE  FROM      YEAR
                                                  NORMAL
..................................................................
TEMPERATURE (F)
 YESTERDAY
  MAXIMUM         98    336 PM 104    2011  93      5       98
  MINIMUM         71    651 AM  59    1906  70      1       74
  AVERAGE         85                        81      4       86

PRECIPITATION (IN)
  YESTERDAY        0.00          1.18 1923   0.09  -0.09     0.00
  MONTH TO DATE    0.62                      2.23  -1.61     0.07
  SINCE JUN 1     12.54                      7.66   4.88     6.28
  SINCE JAN 1     25.17                     16.60   8.57    10.27

DEGREE DAYS
 HEATING
  YESTERDAY        0                         0      0        0
  MONTH TO DATE    0                         0      0        0
  SINCE JUN 1      0                         1     -1        0
  SINCE JUL 1      0                         0      0        0

 COOLING
  YESTERDAY       20                        16      4       21
  MONTH TO DATE  555                       490     65      545
  SINCE JUN 1   1627                      1486    141     1593
  SINCE JAN 1   2016                      1883    133     2107
..................................................................


WIND (MPH)
  HIGHEST WIND SPEED    17   HIGHEST WIND DIRECTION    SE (130)
  HIGHEST GUST SPEED    21   HIGHEST GUST DIRECTION     S (160)
  AVERAGE WIND SPEED     8.3


SKY COVER
  POSSIBLE SUNSHINE  MM
  AVERAGE SKY COVER 0.0


WEATHER CONDITIONS
 THE FOLLOWING WEATHER WAS RECORDED YESTERDAY.
  NO SIGNIFICANT WEATHER WAS OBSERVED.


RELATIVE HUMIDITY (PERCENT)
 HIGHEST    84           500 AM
 LOWEST     27           300 PM
 AVERAGE    56

..........................................................


THE ABILENE CLIMATE NORMALS FOR TODAY
                         NORMAL    RECORD    YEAR
 MAXIMUM TEMPERATURE (F)   92       107      2011
 MINIMUM TEMPERATURE (F)   70        50      1992


SUNRISE AND SUNSET
AUGUST 28 2015........SUNRISE   711 AM CDT   SUNSET   808 PM CDT
AUGUST 29 2015........SUNRISE   712 AM CDT   SUNSET   807 PM CDT


-  INDICATES NEGATIVE NUMBERS.
R  INDICATES RECORD WAS SET OR TIED.
MM INDICATES DATA IS MISSING.
T  INDICATES TRACE AMOUNT.




$$
