000
CDUS44 KSJT 210725
CLIABI


CLIMATE REPORT
NATIONAL WEATHER SERVICE SAN ANGELO TX
224 AM CDT THU AUG 21 2014


...................................

...THE ABILENE CLIMATE SUMMARY FOR AUGUST 20 2014...

CLIMATE NORMAL PERIOD 1981 TO 2010
CLIMATE RECORD PERIOD 1886 TO 2014


WEATHER ITEM   OBSERVED TIME   RECORD YEAR NORMAL DEPARTURE LAST
                VALUE   (LST)  VALUE       VALUE  FROM      YEAR
                                                  NORMAL
..................................................................
TEMPERATURE (F)
 YESTERDAY
  MAXIMUM         96    419 PM 106    1943  94      2       95
  MINIMUM         74    631 AM  57    1940  72      2       72
  AVERAGE         85                        83      2       84

PRECIPITATION (IN)
  YESTERDAY        0.00          2.99 2004   0.09  -0.09     0.00
  MONTH TO DATE    0.07                      1.62  -1.55     0.45
  SINCE JUN 1      6.28                      7.05  -0.77    10.02
  SINCE JAN 1     10.27                     15.99  -5.72    16.24

DEGREE DAYS
 HEATING
  YESTERDAY        0                         0      0        0
  MONTH TO DATE    0                         0      0        0
  SINCE JUN 1      0                         1     -1        0
  SINCE JUL 1      0                         0      0        0

 COOLING
  YESTERDAY       20                        18      2       19
  MONTH TO DATE  388                       372     16      402
  SINCE JUN 1   1436                      1368     68     1467
  SINCE JAN 1   1950                      1765    185     1948
..................................................................


WIND (MPH)
  HIGHEST WIND SPEED    28   HIGHEST WIND DIRECTION     S (180)
  HIGHEST GUST SPEED    29   HIGHEST GUST DIRECTION     S (190)
  AVERAGE WIND SPEED    16.1


SKY COVER
  POSSIBLE SUNSHINE  MM
  AVERAGE SKY COVER 0.0


WEATHER CONDITIONS
 THE FOLLOWING WEATHER WAS RECORDED YESTERDAY.
  NO SIGNIFICANT WEATHER WAS OBSERVED.


RELATIVE HUMIDITY (PERCENT)
 HIGHEST    74           500 AM
 LOWEST     31           500 PM
 AVERAGE    53

..........................................................


THE ABILENE CLIMATE NORMALS FOR TODAY
                         NORMAL    RECORD    YEAR
 MAXIMUM TEMPERATURE (F)   94       104      1930
 MINIMUM TEMPERATURE (F)   71        57      1956


SUNRISE AND SUNSET
AUGUST 21 2014........SUNRISE   707 AM CDT   SUNSET   816 PM CDT
AUGUST 22 2014........SUNRISE   707 AM CDT   SUNSET   815 PM CDT


-  INDICATES NEGATIVE NUMBERS.
R  INDICATES RECORD WAS SET OR TIED.
MM INDICATES DATA IS MISSING.
T  INDICATES TRACE AMOUNT.




$$
