000
CDUS44 KSJT 170847
CLIABI


CLIMATE REPORT
NATIONAL WEATHER SERVICE SAN ANGELO TX
246 AM CST TUE JAN 17 2017


...................................

...THE ABILENE CLIMATE SUMMARY FOR JANUARY 16 2017...

CLIMATE NORMAL PERIOD 1981 TO 2010
CLIMATE RECORD PERIOD 1886 TO 2017


WEATHER ITEM   OBSERVED TIME   RECORD YEAR NORMAL DEPARTURE LAST
                VALUE   (LST)  VALUE       VALUE  FROM      YEAR
                                                  NORMAL
..................................................................
TEMPERATURE (F)
 YESTERDAY
  MAXIMUM         63    432 PM  84    1938  57      6       50
  MINIMUM         34    406 AM   3    1888  33      1       28
  AVERAGE         49                        45      4       39

PRECIPITATION (IN)
  YESTERDAY        0.00          1.17 2004   0.03  -0.03     0.00
  MONTH TO DATE    1.50                      0.47   1.03     0.04
  SINCE DEC 1      2.89                      1.70   1.19     2.24
  SINCE JAN 1      1.50                      0.47   1.03     0.04

SNOWFALL (IN)
  YESTERDAY        0.0           1.0  1953   0.0    0.0      0.0
  MONTH TO DATE    T                         0.9   -0.9       T
  SINCE NOV 1      T                         2.7   -2.7      5.1
  SINCE JUL 1      T                         2.7   -2.7      5.1

DEGREE DAYS
 HEATING
  YESTERDAY       16                        20     -4       26
  MONTH TO DATE  320                       330    -10      338
  SINCE DEC 1    886                       942    -56      814
  SINCE JUL 1   1077                      1375   -298     1157

 COOLING
  YESTERDAY        0                         0      0        0
  MONTH TO DATE    3                         0      3        0
  SINCE DEC 1      3                         1      2        0
  SINCE JAN 1      3                         0      3        0
..................................................................


WIND (MPH)
  HIGHEST WIND SPEED    15   HIGHEST WIND DIRECTION     N (10)
  HIGHEST GUST SPEED    20   HIGHEST GUST DIRECTION     N (360)
  AVERAGE WIND SPEED     5.3


SKY COVER
  POSSIBLE SUNSHINE  MM
  AVERAGE SKY COVER 0.2


WEATHER CONDITIONS
 THE FOLLOWING WEATHER WAS RECORDED YESTERDAY.
  FOG
  FOG W/VISIBILITY <= 1/4 MILE
  HAZE


RELATIVE HUMIDITY (PERCENT)
 HIGHEST   100          1200 AM
 LOWEST     52           400 PM
 AVERAGE    76

..........................................................


THE ABILENE CLIMATE NORMALS FOR TODAY
                         NORMAL    RECORD    YEAR
 MAXIMUM TEMPERATURE (F)   57        80      1974
                                             1906
 MINIMUM TEMPERATURE (F)   33        -1      1930


SUNRISE AND SUNSET
JANUARY 17 2017.......SUNRISE   740 AM CST   SUNSET   558 PM CST
JANUARY 18 2017.......SUNRISE   740 AM CST   SUNSET   559 PM CST


-  INDICATES NEGATIVE NUMBERS.
R  INDICATES RECORD WAS SET OR TIED.
MM INDICATES DATA IS MISSING.
T  INDICATES TRACE AMOUNT.




$$
