145
CDUS44 KSJT 230811
CLIABI


CLIMATE REPORT
NATIONAL WEATHER SERVICE SAN ANGELO TX
211 AM CST THU FEB 23 2017


...................................

...THE ABILENE CLIMATE SUMMARY FOR FEBRUARY 22 2017...

CLIMATE NORMAL PERIOD 1981 TO 2010
CLIMATE RECORD PERIOD 1886 TO 2017


WEATHER ITEM   OBSERVED TIME   RECORD YEAR NORMAL DEPARTURE LAST
                VALUE   (LST)  VALUE       VALUE  FROM      YEAR
                                                  NORMAL
..................................................................
TEMPERATURE (F)
 YESTERDAY
  MAXIMUM         87    352 PM  93    1996  62     25       60
  MINIMUM         46    331 AM  16    1894  38      8       47
  AVERAGE         67                        50     17       54

PRECIPITATION (IN)
  YESTERDAY        0.00          1.13 2015   0.05  -0.05     0.56
  MONTH TO DATE    1.45                      1.05   0.40     0.56
  SINCE DEC 1      4.77                      3.30   1.47     2.80
  SINCE JAN 1      3.38                      2.07   1.31     0.60

SNOWFALL (IN)
  YESTERDAY        0.0           0.6  1968   0.0    0.0      0.0
  MONTH TO DATE    0.0                       0.6   -0.6      0.0
  SINCE NOV 1      T                         3.9   -3.9      5.1
  SINCE JUL 1      T                         3.9   -3.9      5.1

DEGREE DAYS
 HEATING
  YESTERDAY        0                        15    -15       11
  MONTH TO DATE  231                       379   -148      256
  SINCE DEC 1   1345                      1615   -270     1320
  SINCE JUL 1   1536                      2048   -512     1663

 COOLING
  YESTERDAY        2                         0      2        0
  MONTH TO DATE   16                         0     16       14
  SINCE DEC 1     19                         2     17       14
  SINCE JAN 1     19                         1     18       14
..................................................................


WIND (MPH)
  HIGHEST WIND SPEED    17   HIGHEST WIND DIRECTION     W (260)
  HIGHEST GUST SPEED    22   HIGHEST GUST DIRECTION     W (270)
  AVERAGE WIND SPEED     8.9


SKY COVER
  POSSIBLE SUNSHINE  MM
  AVERAGE SKY COVER 0.0


WEATHER CONDITIONS
 THE FOLLOWING WEATHER WAS RECORDED YESTERDAY.
  THUNDERSTORM


RELATIVE HUMIDITY (PERCENT)
 HIGHEST    65           100 AM
 LOWEST     17           400 PM
 AVERAGE    41

..........................................................


THE ABILENE CLIMATE NORMALS FOR TODAY
                         NORMAL    RECORD    YEAR
 MAXIMUM TEMPERATURE (F)   62        89      1918
 MINIMUM TEMPERATURE (F)   39        13      1901


SUNRISE AND SUNSET
FEBRUARY 23 2017......SUNRISE   713 AM CST   SUNSET   632 PM CST
FEBRUARY 24 2017......SUNRISE   712 AM CST   SUNSET   632 PM CST


-  INDICATES NEGATIVE NUMBERS.
R  INDICATES RECORD WAS SET OR TIED.
MM INDICATES DATA IS MISSING.
T  INDICATES TRACE AMOUNT.




$$
