000
CDUS45 KABQ 230833
CLIABQ


CLIMATE REPORT
NATIONAL WEATHER SERVICE ALBUQUERQUE NM
230 AM MDT SAT MAY 23 2015


...................................

...THE ALBUQUERQUE  NM CLIMATE SUMMARY FOR MAY 22 2015...

CLIMATE NORMAL PERIOD 1981 TO 2010
CLIMATE RECORD PERIOD 1891 TO 2015


WEATHER ITEM   OBSERVED TIME   RECORD YEAR NORMAL DEPARTURE LAST
                VALUE   (LST)  VALUE       VALUE  FROM      YEAR
                                                  NORMAL
..................................................................
TEMPERATURE (F)
 YESTERDAY
  MAXIMUM         75    453 PM  96    1984  81     -6       82
  MINIMUM         48    511 AM  35    1962  54     -6       61
                                      1915
  AVERAGE         62                        68     -6       72

PRECIPITATION (IN)
  YESTERDAY        0.00          0.98 1940   0.01  -0.01
  MONTH TO DATE    1.63                      0.35   1.28
  SINCE MAR 1      2.10                      1.53   0.57
  SINCE JAN 1      3.41                      2.39   1.02

SNOWFALL (IN)
  YESTERDAY        0.0
  MONTH TO DATE    T
  SINCE MAR 1      T
  SINCE JUL 1     15.2
  SNOW DEPTH       0

DEGREE DAYS
 HEATING
  YESTERDAY        3                         1      2        0
  MONTH TO DATE  106                        63     43       94
  SINCE MAR 1    711                       864   -153      818
  SINCE JUL 1   3632                      4167   -535     3961

 COOLING
  YESTERDAY        0                         4     -4        7
  MONTH TO DATE    4                        47    -43       52
  SINCE MAR 1      4                        54    -50       58
  SINCE JAN 1      4                        54    -50       58
..................................................................


WIND (MPH)
  HIGHEST WIND SPEED    33   HIGHEST WIND DIRECTION     S (160)
  HIGHEST GUST SPEED    50   HIGHEST GUST DIRECTION     S (160)
  AVERAGE WIND SPEED    11.8


SKY COVER
  POSSIBLE SUNSHINE  MM
  AVERAGE SKY COVER 0.5


WEATHER CONDITIONS
 THE FOLLOWING WEATHER WAS RECORDED YESTERDAY.
  NO SIGNIFICANT WEATHER WAS OBSERVED.


RELATIVE HUMIDITY (PERCENT)
 HIGHEST    86           400 AM
 LOWEST     19           400 PM
 AVERAGE    53

..........................................................


THE ALBUQUERQUE  NM CLIMATE NORMALS FOR TODAY
                         NORMAL    RECORD    YEAR
 MAXIMUM TEMPERATURE (F)   81        97      2000
 MINIMUM TEMPERATURE (F)   55        36      1975


SUNRISE AND SUNSET
MAY 23 2015...........SUNRISE   558 AM MDT   SUNSET   809 PM MDT
MAY 24 2015...........SUNRISE   557 AM MDT   SUNSET   810 PM MDT


-  INDICATES NEGATIVE NUMBERS.
R  INDICATES RECORD WAS SET OR TIED.
MM INDICATES DATA IS MISSING.
T  INDICATES TRACE AMOUNT.

$$
