000
CDUS45 KABQ 040826
CLIABQ


CLIMATE REPORT
NATIONAL WEATHER SERVICE ALBUQUERQUE NM
226 AM MDT SAT JUL 4 2015


...................................

...THE ALBUQUERQUE  NM CLIMATE SUMMARY FOR JULY 3 2015...

CLIMATE NORMAL PERIOD 1981 TO 2010
CLIMATE RECORD PERIOD 1891 TO 2015


WEATHER ITEM   OBSERVED TIME   RECORD YEAR NORMAL DEPARTURE LAST
                VALUE   (LST)  VALUE       VALUE  FROM      YEAR
                                                  NORMAL
..................................................................
TEMPERATURE (F)
 YESTERDAY
  MAXIMUM         88    440 PM 104    1957  91     -3       91
  MINIMUM         69    549 AM  45    1916  66      3       61
  AVERAGE         79                        78      1       76

PRECIPITATION (IN)
  YESTERDAY        0.00          0.88 1968   0.04  -0.04
  MONTH TO DATE    0.05                      0.11  -0.06
  SINCE JUN 1      0.61                      0.77  -0.16
  SINCE JAN 1      4.25                      3.31   0.94

SNOWFALL (IN)
  YESTERDAY        0.0
  MONTH TO DATE    0.0
  SINCE JUN 1      0.0
  SINCE JUL 1      0.0
  SNOW DEPTH       0

DEGREE DAYS
 HEATING
  YESTERDAY        0                         0      0        0
  MONTH TO DATE    0                         0      0        0
  SINCE JUN 1      0                         4     -4        0
  SINCE JUL 1      0                         0      0        0

 COOLING
  YESTERDAY       14                        13      1       11
  MONTH TO DATE   50                        39     11       41
  SINCE JUN 1    437                       341     96      427
  SINCE JAN 1    470                       439     31      539
..................................................................


WIND (MPH)
  HIGHEST WIND SPEED    26   HIGHEST WIND DIRECTION    SE (130)
  HIGHEST GUST SPEED    31   HIGHEST GUST DIRECTION    SE (120)
  AVERAGE WIND SPEED     7.0


SKY COVER
  POSSIBLE SUNSHINE  MM
  AVERAGE SKY COVER 0.8


WEATHER CONDITIONS
 THE FOLLOWING WEATHER WAS RECORDED YESTERDAY.
  THUNDERSTORM


RELATIVE HUMIDITY (PERCENT)
 HIGHEST    70           100 AM
 LOWEST     31           300 PM
 AVERAGE    51

..........................................................


THE ALBUQUERQUE  NM CLIMATE NORMALS FOR TODAY
                         NORMAL    RECORD    YEAR
 MAXIMUM TEMPERATURE (F)   91       103      1957
 MINIMUM TEMPERATURE (F)   66        46      1916


SUNRISE AND SUNSET
JULY  4 2015..........SUNRISE   557 AM MDT   SUNSET   824 PM MDT
JULY  5 2015..........SUNRISE   558 AM MDT   SUNSET   824 PM MDT


-  INDICATES NEGATIVE NUMBERS.
R  INDICATES RECORD WAS SET OR TIED.
MM INDICATES DATA IS MISSING.
T  INDICATES TRACE AMOUNT.




$$
