000
CDUS45 KABQ 020827
CLIABQ


CLIMATE REPORT
NATIONAL WEATHER SERVICE ALBUQUERQUE NM
227 AM MDT WED SEP 2 2015


...................................

...THE ALBUQUERQUE  NM CLIMATE SUMMARY FOR SEPTEMBER 1 2015...

CLIMATE NORMAL PERIOD 1981 TO 2010
CLIMATE RECORD PERIOD 1891 TO 2015


WEATHER ITEM   OBSERVED TIME   RECORD YEAR NORMAL DEPARTURE LAST
                VALUE   (LST)  VALUE       VALUE  FROM      YEAR
                                                  NORMAL
..................................................................
TEMPERATURE (F)
 YESTERDAY
  MAXIMUM         88    158 PM  97    1982  85      3       93
                                      1905
  MINIMUM         65    546 AM  47    1917  63      2       63
  AVERAGE         77                        74      3       78

PRECIPITATION (IN)
  YESTERDAY        T             0.92 1938   0.04  -0.04
  MONTH TO DATE    T                         0.04  -0.04
  SINCE SEP 1      T                         0.04  -0.04
  SINCE JAN 1      7.80                      6.32   1.48

SNOWFALL (IN)
  YESTERDAY        0.0
  MONTH TO DATE    0.0
  SINCE SEP 1      0.0
  SINCE JUL 1      0.0
  SNOW DEPTH       0

DEGREE DAYS
 HEATING
  YESTERDAY        0                         0      0        0
  MONTH TO DATE    0                         0      0        0
  SINCE SEP 1      0                         0      0        0
  SINCE JUL 1      0                         0      0        0

 COOLING
  YESTERDAY       12                         9      3       13
  MONTH TO DATE   12                         9      3       13
  SINCE SEP 1     12                         9      3       13
  SINCE JAN 1   1238                      1166     72     1243
..................................................................


WIND (MPH)
  HIGHEST WIND SPEED    28   HIGHEST WIND DIRECTION    SW (220)
  HIGHEST GUST SPEED    32   HIGHEST GUST DIRECTION    SW (210)
  AVERAGE WIND SPEED     6.7


SKY COVER
  POSSIBLE SUNSHINE  MM
  AVERAGE SKY COVER 0.6


WEATHER CONDITIONS
 THE FOLLOWING WEATHER WAS RECORDED YESTERDAY.
  LIGHT RAIN


RELATIVE HUMIDITY (PERCENT)
 HIGHEST    52           500 AM
 LOWEST     21           100 PM
 AVERAGE    37

..........................................................


THE ALBUQUERQUE  NM CLIMATE NORMALS FOR TODAY
                         NORMAL    RECORD    YEAR
 MAXIMUM TEMPERATURE (F)   85        98      1983
 MINIMUM TEMPERATURE (F)   63        47      1917


SUNRISE AND SUNSET
SEPTEMBER  2 2015.....SUNRISE   640 AM MDT   SUNSET   732 PM MDT
SEPTEMBER  3 2015.....SUNRISE   640 AM MDT   SUNSET   731 PM MDT


-  INDICATES NEGATIVE NUMBERS.
R  INDICATES RECORD WAS SET OR TIED.
MM INDICATES DATA IS MISSING.
T  INDICATES TRACE AMOUNT.




$$
