000
CDUS45 KABQ 210012
CLIABQ


CLIMATE REPORT
NATIONAL WEATHER SERVICE ALBUQUERQUE NM
612 PM MDT WED SEP 20 2017


...................................

...THE ALBUQUERQUE  NM CLIMATE SUMMARY FOR SEPTEMBER 20 2017...
VALID TODAY AS OF 0500 PM LOCAL TIME.

CLIMATE NORMAL PERIOD 1981 TO 2010
CLIMATE RECORD PERIOD 1891 TO 2017


WEATHER ITEM   OBSERVED TIME   RECORD YEAR NORMAL DEPARTURE LAST
                VALUE   (LST)  VALUE       VALUE  FROM      YEAR
                                                  NORMAL
..................................................................
TEMPERATURE (F)
 TODAY
  MAXIMUM         85    450 PM  93    1956  79      6       86
  MINIMUM         57    623 AM  34    1912  56      1       60
  AVERAGE         71                        68      3       73

PRECIPITATION (IN)
  TODAY            0.00          0.95 1974   0.03  -0.03
  MONTH TO DATE    0.10                      0.71  -0.61
  SINCE SEP 1      0.10                      0.71  -0.61
  SINCE JAN 1      5.53                      6.99  -1.46

SNOWFALL (IN)
  TODAY            0.0
  MONTH TO DATE    0.0
  SINCE SEP 1      0.0
  SINCE JUL 1      0.0
  SNOW DEPTH       0

DEGREE DAYS
 HEATING
  TODAY            0                         1     -1        0
  MONTH TO DATE    0                         6     -6        0
  SINCE SEP 1      0                         6     -6        0
  SINCE JUL 1      0                         6     -6        0

 COOLING
  TODAY            6                         4      2        8
  MONTH TO DATE  198                       131     67      160
  SINCE SEP 1    198                       131     67      160
  SINCE JAN 1   1508                      1288    220     1472
..................................................................


WIND (MPH)
  HIGHEST WIND SPEED    17   HIGHEST WIND DIRECTION    SW (210)
  HIGHEST GUST SPEED    22   HIGHEST GUST DIRECTION     W (250)
  AVERAGE WIND SPEED     7.4


SKY COVER
  POSSIBLE SUNSHINE  MM
  AVERAGE SKY COVER 0.2



RELATIVE HUMIDITY (PERCENT)
 HIGHEST    47           600 AM
 LOWEST      9           400 PM
 AVERAGE    28

..........................................................


THE ALBUQUERQUE  NM CLIMATE NORMALS FOR TOMORROW
                         NORMAL    RECORD    YEAR
 MAXIMUM TEMPERATURE (F)   79        91      1966
                                             1944
                                             1926
 MINIMUM TEMPERATURE (F)   56        32      1912


SUNRISE AND SUNSET
SEPTEMBER 20 2017.....SUNRISE   653 AM MDT   SUNSET   706 PM MDT
SEPTEMBER 21 2017.....SUNRISE   654 AM MDT   SUNSET   704 PM MDT


-  INDICATES NEGATIVE NUMBERS.
R  INDICATES RECORD WAS SET OR TIED.
MM INDICATES DATA IS MISSING.
T  INDICATES TRACE AMOUNT.




$$
