000
CDUS45 KABQ 270832
CLIABQ


CLIMATE REPORT
NATIONAL WEATHER SERVICE ALBUQUERQUE NM
128 AM MST TUE JAN 27 2015


...................................

...THE ALBUQUERQUE  NM CLIMATE SUMMARY FOR JANUARY 26 2015...

CLIMATE NORMAL PERIOD 1981 TO 2010
CLIMATE RECORD PERIOD 1897 TO 2015


WEATHER ITEM   OBSERVED TIME   RECORD YEAR NORMAL DEPARTURE LAST
                VALUE   (LST)  VALUE       VALUE  FROM      YEAR
                                                  NORMAL
..................................................................
TEMPERATURE (F)
 YESTERDAY
  MAXIMUM         58    414 PM  70    1914  48     10       59
  MINIMUM         30   1227 AM   3    1937  27      3       29
  AVERAGE         44                        37      7       44

PRECIPITATION (IN)
  YESTERDAY        0.00          0.30 1916   0.01  -0.01
  MONTH TO DATE    0.42                      0.31   0.11
  SINCE DEC 1      1.56                      0.81   0.75
  SINCE JAN 1      0.42                      0.31   0.11

SNOWFALL (IN)
  YESTERDAY        0.0
  MONTH TO DATE    3.3
  SINCE DEC 1      4.5
  SINCE JUL 1      4.5
  SNOW DEPTH       0

DEGREE DAYS
 HEATING
  YESTERDAY       21                        28     -7       21
  MONTH TO DATE  740                       750    -10      692
  SINCE DEC 1   1527                      1640   -113     1596
  SINCE JUL 1   2210                      2507   -297     2486

 COOLING
  YESTERDAY        0                         0      0        0
  MONTH TO DATE    0                         0      0        0
  SINCE DEC 1      0                         0      0        0
  SINCE JAN 1      0                         0      0        0
..................................................................


WIND (MPH)
  HIGHEST WIND SPEED    14   HIGHEST WIND DIRECTION     N (360)
  HIGHEST GUST SPEED    17   HIGHEST GUST DIRECTION     N (360)
  AVERAGE WIND SPEED     4.3


SKY COVER
  POSSIBLE SUNSHINE  MM
  AVERAGE SKY COVER 0.3


WEATHER CONDITIONS
 THE FOLLOWING WEATHER WAS RECORDED YESTERDAY.
  NO SIGNIFICANT WEATHER WAS OBSERVED.


RELATIVE HUMIDITY (PERCENT)
 HIGHEST    69           200 AM
 LOWEST     32           300 PM
 AVERAGE    51

..........................................................


THE ALBUQUERQUE  NM CLIMATE NORMALS FOR TODAY
                         NORMAL    RECORD    YEAR
 MAXIMUM TEMPERATURE (F)   48        66      1914
 MINIMUM TEMPERATURE (F)   27         6      1948


SUNRISE AND SUNSET
JANUARY 27 2015.......SUNRISE   709 AM MST   SUNSET   530 PM MST
JANUARY 28 2015.......SUNRISE   708 AM MST   SUNSET   531 PM MST


-  INDICATES NEGATIVE NUMBERS.
R  INDICATES RECORD WAS SET OR TIED.
MM INDICATES DATA IS MISSING.
T  INDICATES TRACE AMOUNT.

$$
