000
CDUS45 KABQ 060019
CLIABQ


CLIMATE REPORT
NATIONAL WEATHER SERVICE ALBUQUERQUE NM
618 PM MDT THU MAY 5 2016


...................................

...THE ALBUQUERQUE  NM CLIMATE SUMMARY FOR MAY 5 2016...
VALID TODAY AS OF 0500 PM LOCAL TIME.

CLIMATE NORMAL PERIOD 1981 TO 2010
CLIMATE RECORD PERIOD 1891 TO 2016


WEATHER ITEM   OBSERVED TIME   RECORD YEAR NORMAL DEPARTURE LAST
                VALUE   (LST)  VALUE       VALUE  FROM      YEAR
                                                  NORMAL
..................................................................
TEMPERATURE (F)
 TODAY
  MAXIMUM         84    358 PM  92    1947  75      9       63
  MINIMUM         53    545 AM  33    1915  49      4       50
                                      1912
  AVERAGE         69                        62      7       57

PRECIPITATION (IN)
  TODAY            0.00          0.47 1969   0.02  -0.02
  MONTH TO DATE    0.02                      0.08  -0.06
  SINCE MAR 1      0.68                      1.26  -0.58
  SINCE JAN 1      1.10                      2.12  -1.02

SNOWFALL (IN)
  TODAY            0.0
  MONTH TO DATE    T
  SINCE MAR 1      T
  SINCE JUL 1      9.8
  SNOW DEPTH       0

DEGREE DAYS
 HEATING
  TODAY            0                         4     -4        8
  MONTH TO DATE   38                        22     16       13
  SINCE MAR 1    722                       823   -101      618
  SINCE JUL 1   3732                      4126   -394     3539

 COOLING
  TODAY            4                         1      3        0
  MONTH TO DATE    4                         5     -1        4
  SINCE MAR 1      9                        12     -3        4
  SINCE JAN 1      9                        12     -3        4
..................................................................


WIND (MPH)
  HIGHEST WIND SPEED    21   HIGHEST WIND DIRECTION    SW (210)
  HIGHEST GUST SPEED    28   HIGHEST GUST DIRECTION    SW (210)
  AVERAGE WIND SPEED     6.6


SKY COVER
  POSSIBLE SUNSHINE  MM
  AVERAGE SKY COVER 0.2



RELATIVE HUMIDITY (PERCENT)
 HIGHEST    32           400 AM
 LOWEST     11           400 PM
 AVERAGE    22

..........................................................


THE ALBUQUERQUE  NM CLIMATE NORMALS FOR TOMORROW
                         NORMAL    RECORD    YEAR
 MAXIMUM TEMPERATURE (F)   76        92      1947
 MINIMUM TEMPERATURE (F)   50        29      1975


SUNRISE AND SUNSET
MAY  5 2016...........SUNRISE   611 AM MDT   SUNSET   756 PM MDT
MAY  6 2016...........SUNRISE   610 AM MDT   SUNSET   757 PM MDT


-  INDICATES NEGATIVE NUMBERS.
R  INDICATES RECORD WAS SET OR TIED.
MM INDICATES DATA IS MISSING.
T  INDICATES TRACE AMOUNT.




$$
