000
CDUS45 KABQ 040837
CLIABQ


CLIMATE REPORT
NATIONAL WEATHER SERVICE ALBUQUERQUE NM
135 AM MST WED MAR 4 2015


...................................

...THE ALBUQUERQUE  NM CLIMATE SUMMARY FOR MARCH 3 2015...

CLIMATE NORMAL PERIOD 1981 TO 2010
CLIMATE RECORD PERIOD 1891 TO 2015


WEATHER ITEM   OBSERVED TIME   RECORD YEAR NORMAL DEPARTURE LAST
                VALUE   (LST)  VALUE       VALUE  FROM      YEAR
                                                  NORMAL
..................................................................
TEMPERATURE (F)
 YESTERDAY
  MAXIMUM         56    452 PM  77    1972  57     -1       57
  MINIMUM         40   1159 PM  13    1971  34      6       34
  AVERAGE         48                        45      3       46

PRECIPITATION (IN)
  YESTERDAY        T             0.32 1992   0.02  -0.02
                                      1981
  MONTH TO DATE    T                         0.05  -0.05
  SINCE MAR 1      T                         0.05  -0.05
  SINCE JAN 1      1.31                      0.91   0.40

SNOWFALL (IN)
  YESTERDAY        0.0
  MONTH TO DATE    0.0
  SINCE MAR 1      0.0
  SINCE JUL 1     15.2
  SNOW DEPTH       0

DEGREE DAYS
 HEATING
  YESTERDAY       17                        20     -3       19
  MONTH TO DATE   52                        60     -8       52
  SINCE MAR 1     52                        60     -8       52
  SINCE JUL 1   2973                      3363   -390     3195

 COOLING
  YESTERDAY        0                         0      0        0
  MONTH TO DATE    0                         0      0        0
  SINCE MAR 1      0                         0      0        0
  SINCE JAN 1      0                         0      0        0
..................................................................


WIND (MPH)
  HIGHEST WIND SPEED    17   HIGHEST WIND DIRECTION    NW (320)
  HIGHEST GUST SPEED    24   HIGHEST GUST DIRECTION     W (290)
  AVERAGE WIND SPEED     6.7


SKY COVER
  POSSIBLE SUNSHINE  MM
  AVERAGE SKY COVER 0.6


WEATHER CONDITIONS
 THE FOLLOWING WEATHER WAS RECORDED YESTERDAY.
  NO SIGNIFICANT WEATHER WAS OBSERVED.


RELATIVE HUMIDITY (PERCENT)
 HIGHEST    76           600 AM
 LOWEST     24           600 PM
 AVERAGE    50

..........................................................


THE ALBUQUERQUE  NM CLIMATE NORMALS FOR TODAY
                         NORMAL    RECORD    YEAR
 MAXIMUM TEMPERATURE (F)   57        77      1972
                                             1910
 MINIMUM TEMPERATURE (F)   34        10      1966


SUNRISE AND SUNSET
MARCH  4 2015.........SUNRISE   632 AM MST   SUNSET   605 PM MST
MARCH  5 2015.........SUNRISE   631 AM MST   SUNSET   605 PM MST


-  INDICATES NEGATIVE NUMBERS.
R  INDICATES RECORD WAS SET OR TIED.
MM INDICATES DATA IS MISSING.
T  INDICATES TRACE AMOUNT.




$$
