000
CDUS45 KABQ 170835
CLIABQ


CLIMATE REPORT
NATIONAL WEATHER SERVICE ALBUQUERQUE NM
135 AM MST TUE JAN 17 2017


...................................

...THE ALBUQUERQUE  NM CLIMATE SUMMARY FOR JANUARY 16 2017...

CLIMATE NORMAL PERIOD 1981 TO 2010
CLIMATE RECORD PERIOD 1891 TO 2017


WEATHER ITEM   OBSERVED TIME   RECORD YEAR NORMAL DEPARTURE LAST
                VALUE   (LST)  VALUE       VALUE  FROM      YEAR
                                                  NORMAL
..................................................................
TEMPERATURE (F)
 YESTERDAY
  MAXIMUM         48    419 PM  64    2000  47      1       45
                                      1913
  MINIMUM         36    927 AM   7    1919  26     10       27
  AVERAGE         42                        36      6       36

PRECIPITATION (IN)
  YESTERDAY        0.06          0.50 1895   0.01   0.05
  MONTH TO DATE    0.86                      0.20   0.66
  SINCE DEC 1      1.37                      0.70   0.67
  SINCE JAN 1      0.86                      0.20   0.66

SNOWFALL (IN)
  YESTERDAY        0.0
  MONTH TO DATE    0.6
  SINCE DEC 1      0.7
  SINCE JUL 1      0.8
  SNOW DEPTH       0

DEGREE DAYS
 HEATING
  YESTERDAY       23                        29     -6       29
  MONTH TO DATE  375                       468    -93      502
  SINCE DEC 1   1166                      1358   -192     1367
  SINCE JUL 1   1743                      2225   -482     2084

 COOLING
  YESTERDAY        0                         0      0        0
  MONTH TO DATE    0                         0      0        0
  SINCE DEC 1      0                         0      0        0
  SINCE JAN 1      0                         0      0        0
..................................................................


WIND (MPH)
  HIGHEST WIND SPEED    14   HIGHEST WIND DIRECTION     E (110)
  HIGHEST GUST SPEED    17   HIGHEST GUST DIRECTION     E (110)
  AVERAGE WIND SPEED     4.6


SKY COVER
  POSSIBLE SUNSHINE  MM
  AVERAGE SKY COVER 0.7


WEATHER CONDITIONS
 THE FOLLOWING WEATHER WAS RECORDED YESTERDAY.
  LIGHT RAIN
  FOG


RELATIVE HUMIDITY (PERCENT)
 HIGHEST   100           400 AM
 LOWEST     61           400 PM
 AVERAGE    81

..........................................................


THE ALBUQUERQUE  NM CLIMATE NORMALS FOR TODAY
                         NORMAL    RECORD    YEAR
 MAXIMUM TEMPERATURE (F)   47        67      2000
 MINIMUM TEMPERATURE (F)   26         1      1915


SUNRISE AND SUNSET
JANUARY 17 2017.......SUNRISE   713 AM MST   SUNSET   520 PM MST
JANUARY 18 2017.......SUNRISE   713 AM MST   SUNSET   521 PM MST


-  INDICATES NEGATIVE NUMBERS.
R  INDICATES RECORD WAS SET OR TIED.
MM INDICATES DATA IS MISSING.
T  INDICATES TRACE AMOUNT.




$$
