000
CDUS45 KABQ 240829
CLIABQ


CLIMATE REPORT
NATIONAL WEATHER SERVICE ALBUQUERQUE NM
227 AM MDT SUN JUL 24 2016


...................................

...THE ALBUQUERQUE  NM CLIMATE SUMMARY FOR JULY 23 2016...

CLIMATE NORMAL PERIOD 1981 TO 2010
CLIMATE RECORD PERIOD 1891 TO 2016


WEATHER ITEM   OBSERVED TIME   RECORD YEAR NORMAL DEPARTURE LAST
                VALUE   (LST)  VALUE       VALUE  FROM      YEAR
                                                  NORMAL
..................................................................
TEMPERATURE (F)
 YESTERDAY
  MAXIMUM        100R   513 PM 100    1981  89     11       93
                                      1963
  MINIMUM         68    609 AM  57    1973  67      1       69
                                      1930
                                      1914
  AVERAGE         84                        78      6       81

PRECIPITATION (IN)
  YESTERDAY        T             1.19 2004   0.05  -0.05
  MONTH TO DATE    0.19                      1.05  -0.86
  SINCE JUN 1      0.36                      1.71  -1.35
  SINCE JAN 1      1.55                      4.25  -2.70

SNOWFALL (IN)
  YESTERDAY        0.0
  MONTH TO DATE    0.0
  SINCE JUN 1      0.0
  SINCE JUL 1      0.0
  SNOW DEPTH       0

DEGREE DAYS
 HEATING
  YESTERDAY        0                         0      0        0
  MONTH TO DATE    0                         0      0        0
  SINCE JUN 1      0                         4     -4        0
  SINCE JUL 1      0                         0      0        0

 COOLING
  YESTERDAY       19                        13      6       16
  MONTH TO DATE  382                       310     72      265
  SINCE JUN 1    821                       612    209      652
  SINCE JAN 1    892                       710    182      685
..................................................................


WIND (MPH)
  HIGHEST WIND SPEED    22   HIGHEST WIND DIRECTION    SW (240)
  HIGHEST GUST SPEED    29   HIGHEST GUST DIRECTION    SW (240)
  AVERAGE WIND SPEED     7.3


SKY COVER
  POSSIBLE SUNSHINE  MM
  AVERAGE SKY COVER 0.5


WEATHER CONDITIONS
 THE FOLLOWING WEATHER WAS RECORDED YESTERDAY.
  THUNDERSTORM
  LIGHT RAIN


RELATIVE HUMIDITY (PERCENT)
 HIGHEST    53           600 AM
 LOWEST     12           400 PM
 AVERAGE    33

..........................................................


THE ALBUQUERQUE  NM CLIMATE NORMALS FOR TODAY
                         NORMAL    RECORD    YEAR
 MAXIMUM TEMPERATURE (F)   89       103      1963
 MINIMUM TEMPERATURE (F)   67        51      1913


SUNRISE AND SUNSET
JULY 24 2016..........SUNRISE   610 AM MDT   SUNSET   815 PM MDT
JULY 25 2016..........SUNRISE   611 AM MDT   SUNSET   815 PM MDT


-  INDICATES NEGATIVE NUMBERS.
R  INDICATES RECORD WAS SET OR TIED.
MM INDICATES DATA IS MISSING.
T  INDICATES TRACE AMOUNT.




$$
