000
CDUS45 KABQ 300844
CLIABQ


CLIMATE REPORT
NATIONAL WEATHER SERVICE ALBUQUERQUE NM
242 AM MDT SUN APR 30 2017


...................................

...THE ALBUQUERQUE  NM CLIMATE SUMMARY FOR APRIL 29 2017...

CLIMATE NORMAL PERIOD 1981 TO 2010
CLIMATE RECORD PERIOD 1891 TO 2017


WEATHER ITEM   OBSERVED TIME   RECORD YEAR NORMAL DEPARTURE LAST
                VALUE   (LST)  VALUE       VALUE  FROM      YEAR
                                                  NORMAL
..................................................................
TEMPERATURE (F)
 YESTERDAY
  MAXIMUM         49    346 PM  88    1992  73    -24       59
                                      1981
                                      1943
  MINIMUM         32   1021 AM  31    1991  47    -15       42
  AVERAGE         41                        60    -19       51

PRECIPITATION (IN)
  YESTERDAY        0.23          1.28 1907   0.01   0.22
  MONTH TO DATE    0.78                      0.59   0.19
  SINCE MAR 1      0.98                      1.16  -0.18
  SINCE JAN 1      2.37                      2.02   0.35

SNOWFALL (IN)
  YESTERDAY        0.7
  MONTH TO DATE    0.7
  SINCE MAR 1      0.7
  SINCE JUL 1      3.6
  SNOW DEPTH       0

DEGREE DAYS
 HEATING
  YESTERDAY       24                         5     19       14
  MONTH TO DATE  223                       272    -49      260
  SINCE MAR 1    531                       796   -265      672
  SINCE JUL 1   3213                      4099   -886     3682

 COOLING
  YESTERDAY        0                         1     -1        0
  MONTH TO DATE    4                         5     -1        5
  SINCE MAR 1      5                         5      0        5
  SINCE JAN 1      5                         5      0        5
..................................................................


WIND (MPH)
  HIGHEST WIND SPEED    22   HIGHEST WIND DIRECTION     E (80)
  HIGHEST GUST SPEED    24   HIGHEST GUST DIRECTION     E (80)
  AVERAGE WIND SPEED     7.6


SKY COVER
  POSSIBLE SUNSHINE  MM
  AVERAGE SKY COVER 0.9


WEATHER CONDITIONS
 THE FOLLOWING WEATHER WAS RECORDED YESTERDAY.
  RAIN
  LIGHT RAIN
  HEAVY SNOW
  SNOW
  LIGHT SNOW
  FOG


RELATIVE HUMIDITY (PERCENT)
 HIGHEST   100          1100 PM
 LOWEST     46           400 PM
 AVERAGE    73

..........................................................


THE ALBUQUERQUE  NM CLIMATE NORMALS FOR TODAY
                         NORMAL    RECORD    YEAR
 MAXIMUM TEMPERATURE (F)   74        88      1981
 MINIMUM TEMPERATURE (F)   48        27      1975


SUNRISE AND SUNSET
APRIL 30 2017.........SUNRISE   616 AM MDT   SUNSET   751 PM MDT
MAY  1 2017...........SUNRISE   615 AM MDT   SUNSET   752 PM MDT


-  INDICATES NEGATIVE NUMBERS.
R  INDICATES RECORD WAS SET OR TIED.
MM INDICATES DATA IS MISSING.
T  INDICATES TRACE AMOUNT.

$$
