454
CDUS43 KABR 272238
CLIABR


CLIMATE REPORT
NATIONAL WEATHER SERVICE ABERDEEN SD
536 PM CDT THU JUL 27 2017


...................................

...THE ABERDEEN SD CLIMATE SUMMARY FOR JULY 27 2017...
VALID TODAY AS OF 0500 PM LOCAL TIME.

CLIMATE NORMAL PERIOD 1981 TO 2010
CLIMATE RECORD PERIOD 1893 TO 2017


WEATHER ITEM   OBSERVED TIME   RECORD YEAR NORMAL DEPARTURE LAST
                VALUE   (LST)  VALUE       VALUE  FROM      YEAR
                                                  NORMAL
..................................................................
TEMPERATURE (F)
 TODAY
  MAXIMUM         85    232 PM 110    1931  84      1       81
  MINIMUM         57    520 AM  41    2013  59     -2       65
  AVERAGE         71                        72     -1       73

PRECIPITATION (IN)
  TODAY            0.00          2.14 1914   0.08  -0.08     0.00
  MONTH TO DATE    2.05                      2.68  -0.63     3.69
  SINCE JUN 1      5.99                      6.38  -0.39     5.10
  SINCE JAN 1      9.37                     13.52  -4.15    12.04

DEGREE DAYS
 COOLING
  TODAY            6                         7     -1        8
  MONTH TO DATE  250                       180     70      198
  SINCE JUN 1    383                       272    111      390
  SINCE JAN 1    395                       295    100      423
..................................................................


WIND (MPH)
  HIGHEST WIND SPEED    10   HIGHEST WIND DIRECTION     E (90)
  HIGHEST GUST SPEED    13   HIGHEST GUST DIRECTION     E (90)
  AVERAGE WIND SPEED     4.1


SKY COVER
  POSSIBLE SUNSHINE  MM
  AVERAGE SKY COVER 0.0


WEATHER CONDITIONS
 THE FOLLOWING WEATHER WAS RECORDED TODAY.
  NO SIGNIFICANT WEATHER WAS OBSERVED.


RELATIVE HUMIDITY (PERCENT)
 HIGHEST   100           400 AM
 LOWEST     43           400 PM
 AVERAGE    72

..........................................................


THE ABERDEEN SD CLIMATE NORMALS FOR TOMORROW
                         NORMAL    RECORD    YEAR
 MAXIMUM TEMPERATURE (F)   84       109      1975
 MINIMUM TEMPERATURE (F)   59        40      2013


SUNRISE AND SUNSET
JULY 27 2017..........SUNRISE   612 AM CDT   SUNSET   907 PM CDT
JULY 28 2017..........SUNRISE   614 AM CDT   SUNSET   906 PM CDT


-  INDICATES NEGATIVE NUMBERS.
R  INDICATES RECORD WAS SET OR TIED.
MM INDICATES DATA IS MISSING.
T  INDICATES TRACE AMOUNT.

&&

PEAK WIND WAS 13 MPH FROM THE EAST AT 251 PM CDT

$$
