000
CDUS43 KABR 201038
CLIABR


CLIMATE REPORT
NATIONAL WEATHER SERVICE ABERDEEN SD
537 AM CDT SUN APR 20 2014


...................................

...THE ABERDEEN SD CLIMATE SUMMARY FOR APRIL 19 2014...

CLIMATE NORMAL PERIOD 1981 TO 2010
CLIMATE RECORD PERIOD 1896 TO 2014


WEATHER ITEM   OBSERVED TIME   RECORD YEAR NORMAL DEPARTURE LAST
                VALUE   (LST)  VALUE       VALUE  FROM      YEAR
                                                  NORMAL
..................................................................
TEMPERATURE (F)
 YESTERDAY
  MAXIMUM         70    447 PM  91    1915  59     11       34
  MINIMUM         36   1105 PM  12    1988  33      3       20
  AVERAGE         53                        46      7       27

PRECIPITATION (IN)
  YESTERDAY        0.00          1.91 1968   0.06  -0.06     0.00
  MONTH TO DATE    0.11                      0.98  -0.87     1.97
  SINCE MAR 1      0.88                      2.14  -1.26     2.21
  SINCE JAN 1      1.32                      3.16  -1.84     4.05

SNOWFALL (IN)
  YESTERDAY        0.0
  MONTH TO DATE    0.2
  SINCE OCT 1     32.7
  SINCE JUL 1     32.7
  SNOW DEPTH       0

DEGREE DAYS
 HEATING
  YESTERDAY       12                        19     -7       38
  MONTH TO DATE  517                       442     75      639
  SINCE MAR 1   1739                      1530    209     2034
  SINCE JUL 1   8898                      7993    905     8448

 COOLING
  YESTERDAY        0                         0      0        0
  MONTH TO DATE    0                         0      0        0
  SINCE MAR 1      0                         0      0        0
  SINCE JAN 1      0                         0      0        0
..................................................................


WIND (MPH)
  HIGHEST WIND SPEED    29   HIGHEST WIND DIRECTION    NW (320)
  HIGHEST GUST SPEED    37   HIGHEST GUST DIRECTION     S (170)
  AVERAGE WIND SPEED    13.1


SKY COVER
  POSSIBLE SUNSHINE  MM
  AVERAGE SKY COVER 0.1


WEATHER CONDITIONS
 THE FOLLOWING WEATHER WAS RECORDED YESTERDAY.
  NO SIGNIFICANT WEATHER WAS OBSERVED.


RELATIVE HUMIDITY (PERCENT)
 HIGHEST    76           600 AM
 LOWEST     17           500 PM
 AVERAGE    47

..........................................................


THE ABERDEEN SD CLIMATE NORMALS FOR TODAY
                         NORMAL    RECORD    YEAR
 MAXIMUM TEMPERATURE (F)   60        93      1980
 MINIMUM TEMPERATURE (F)   34        11      2013
                                             1966


SUNRISE AND SUNSET
APRIL 20 2014.........SUNRISE   640 AM CDT   SUNSET   826 PM CDT
APRIL 21 2014.........SUNRISE   638 AM CDT   SUNSET   828 PM CDT


-  INDICATES NEGATIVE NUMBERS.
R  INDICATES RECORD WAS SET OR TIED.
MM INDICATES DATA IS MISSING.
T  INDICATES TRACE AMOUNT.




$$
