000
CDUS43 KABR 290907
CLIABR


CLIMATE REPORT
NATIONAL WEATHER SERVICE ABERDEEN SD
406 AM CDT MON AUG 29 2016


...................................

...THE ABERDEEN SD CLIMATE SUMMARY FOR AUGUST 28 2016...

CLIMATE NORMAL PERIOD 1981 TO 2010
CLIMATE RECORD PERIOD 1893 TO 2016


WEATHER ITEM   OBSERVED TIME   RECORD YEAR NORMAL DEPARTURE LAST
                VALUE   (LST)  VALUE       VALUE  FROM      YEAR
                                                  NORMAL
..................................................................
TEMPERATURE (F)
 YESTERDAY
  MAXIMUM         92    412 PM 104    1937  79     13       79
  MINIMUM         65   1241 AM  31    1893  53     12       58
  AVERAGE         79                        66     13       69

PRECIPITATION (IN)
  YESTERDAY        0.00          1.25 2014   0.07  -0.07     0.00
  MONTH TO DATE    2.00                      2.19  -0.19     2.94
  SINCE JUN 1      7.10                      8.91  -1.81     9.10
  SINCE JAN 1     14.04                     16.05  -2.01    17.32

DEGREE DAYS
 HEATING
  YESTERDAY        0                         2     -2        0
  MONTH TO DATE   23                        30     -7       37
  SINCE JUN 1     51                       120    -69       56
  SINCE JUL 1     31                        44    -13       42

 COOLING
  YESTERDAY       14                         4     10        4
  MONTH TO DATE  187                       152     35      139
  SINCE JUN 1    609                       452    157      527
  SINCE JAN 1    642                       475    167      541
..................................................................


WIND (MPH)
  HIGHEST WIND SPEED    25   HIGHEST WIND DIRECTION     S (170)
  HIGHEST GUST SPEED    34   HIGHEST GUST DIRECTION     S (170)
  AVERAGE WIND SPEED    14.4


SKY COVER
  POSSIBLE SUNSHINE  MM
  AVERAGE SKY COVER 0.1


WEATHER CONDITIONS
 THE FOLLOWING WEATHER WAS RECORDED YESTERDAY.
  THUNDERSTORM


RELATIVE HUMIDITY (PERCENT)
 HIGHEST    93          1200 AM
 LOWEST     47           400 PM
 AVERAGE    70

..........................................................


THE ABERDEEN SD CLIMATE NORMALS FOR TODAY
                         NORMAL    RECORD    YEAR
 MAXIMUM TEMPERATURE (F)   79       100      1961
 MINIMUM TEMPERATURE (F)   53        30      1893


SUNRISE AND SUNSET
AUGUST 29 2016........SUNRISE   652 AM CDT   SUNSET   816 PM CDT
AUGUST 30 2016........SUNRISE   653 AM CDT   SUNSET   814 PM CDT


-  INDICATES NEGATIVE NUMBERS.
R  INDICATES RECORD WAS SET OR TIED.
MM INDICATES DATA IS MISSING.
T  INDICATES TRACE AMOUNT.




$$
