000
CDUS43 KABR 191034
CLIABR


CLIMATE REPORT
NATIONAL WEATHER SERVICE ABERDEEN SD
434 AM CST SUN NOV 19 2017


...................................

...THE ABERDEEN SD CLIMATE SUMMARY FOR NOVEMBER 18 2017...

CLIMATE NORMAL PERIOD 1981 TO 2010
CLIMATE RECORD PERIOD 1893 TO 2017


WEATHER ITEM   OBSERVED TIME   RECORD YEAR NORMAL DEPARTURE LAST
                VALUE   (LST)  VALUE       VALUE  FROM      YEAR
                                                  NORMAL
..................................................................
TEMPERATURE (F)
 YESTERDAY
  MAXIMUM         33    235 PM  71    1908  38     -5       34
  MINIMUM         12   1159 PM -13    1896  18     -6       26
  AVERAGE         23                        28     -5       30

PRECIPITATION (IN)
  YESTERDAY        0.00          1.15 1895   0.02  -0.02     0.07
  MONTH TO DATE    0.11                      0.48  -0.37     0.23
  SINCE SEP 1      2.81                      4.66  -1.85     3.27
  SINCE JAN 1     14.87                     20.95  -6.08    17.33

SNOWFALL (IN)
  YESTERDAY        0.0           6.0  1895   0.3   -0.3      0.7
  MONTH TO DATE    0.8                       3.5   -2.7      2.9
  SINCE OCT 1      0.8                       4.2   -3.4      2.9
  SINCE JUL 1      0.8                       4.2   -3.4      2.9
  SNOW DEPTH       0

DEGREE DAYS
 HEATING
  YESTERDAY       42                        37      5       35
  MONTH TO DATE  670                       583     87      329
  SINCE SEP 1   1382                      1423    -41      918
  SINCE JUL 1   1401                      1474    -73      949

 COOLING
  YESTERDAY        0                         0      0        0
  MONTH TO DATE    0                         0      0        0
  SINCE SEP 1     67                        42     25       61
  SINCE JAN 1    552                       525     27      722
..................................................................


WIND (MPH)
  HIGHEST WIND SPEED    24   HIGHEST WIND DIRECTION    NW (310)
  HIGHEST GUST SPEED    30   HIGHEST GUST DIRECTION    NW (330)
  AVERAGE WIND SPEED    10.7


SKY COVER
  POSSIBLE SUNSHINE  MM
  AVERAGE SKY COVER 0.2


WEATHER CONDITIONS
 THE FOLLOWING WEATHER WAS RECORDED YESTERDAY.
  NO SIGNIFICANT WEATHER WAS OBSERVED.


RELATIVE HUMIDITY (PERCENT)
 HIGHEST    92           600 AM
 LOWEST     45           200 PM
 AVERAGE    69

..........................................................


THE ABERDEEN SD CLIMATE NORMALS FOR TODAY
                         NORMAL    RECORD    YEAR
 MAXIMUM TEMPERATURE (F)   37        75      1908
 MINIMUM TEMPERATURE (F)   17       -11      1914


SUNRISE AND SUNSET
NOVEMBER 19 2017......SUNRISE   738 AM CST   SUNSET   500 PM CST
NOVEMBER 20 2017......SUNRISE   740 AM CST   SUNSET   459 PM CST


-  INDICATES NEGATIVE NUMBERS.
R  INDICATES RECORD WAS SET OR TIED.
MM INDICATES DATA IS MISSING.
T  INDICATES TRACE AMOUNT.




$$
