000
CDUS43 KABR 282232
CLIABR


CLIMATE REPORT
NATIONAL WEATHER SERVICE ABERDEEN SD
531 PM CDT THU JUL 28 2016


...................................

...THE ABERDEEN SD CLIMATE SUMMARY FOR JULY 28 2016...
VALID TODAY AS OF 0500 PM LOCAL TIME.

CLIMATE NORMAL PERIOD 1981 TO 2010
CLIMATE RECORD PERIOD 1893 TO 2016


WEATHER ITEM   OBSERVED TIME   RECORD YEAR NORMAL DEPARTURE LAST
                VALUE   (LST)  VALUE       VALUE  FROM      YEAR
                                                  NORMAL
..................................................................
TEMPERATURE (F)
 TODAY
  MAXIMUM         79    316 PM 109    1975  84     -5       81
  MINIMUM         61    619 AM  40    2013  59      2       60
  AVERAGE         70                        72     -2       71

PRECIPITATION (IN)
  TODAY            T             1.35 1955   0.09  -0.09     0.56
  MONTH TO DATE    3.69                      2.77   0.92     4.06
  SINCE JUN 1      5.10                      6.47  -1.37     6.16
  SINCE JAN 1     12.04                     13.61  -1.57    14.38

DEGREE DAYS
 COOLING
  TODAY            5                         7     -2        6
  MONTH TO DATE  203                       187     16      231
  SINCE JUN 1    395                       279    116      370
  SINCE JAN 1    428                       302    126      384
..................................................................


WIND (MPH)
  HIGHEST WIND SPEED    12   HIGHEST WIND DIRECTION     E (70)
  HIGHEST GUST SPEED    15   HIGHEST GUST DIRECTION     E (70)
  AVERAGE WIND SPEED     6.2


SKY COVER
  POSSIBLE SUNSHINE  MM
  AVERAGE SKY COVER 0.4


WEATHER CONDITIONS
 THE FOLLOWING WEATHER WAS RECORDED TODAY.
  LIGHT RAIN


RELATIVE HUMIDITY (PERCENT)
 HIGHEST    90           400 AM
 LOWEST     54           400 PM
 AVERAGE    72

..........................................................


THE ABERDEEN SD CLIMATE NORMALS FOR TOMORROW
                         NORMAL    RECORD    YEAR
 MAXIMUM TEMPERATURE (F)   84       109      1933
                                             1917
 MINIMUM TEMPERATURE (F)   59        42      2014
                                             1899


SUNRISE AND SUNSET
JULY 28 2016..........SUNRISE   614 AM CDT   SUNSET   906 PM CDT
JULY 29 2016..........SUNRISE   615 AM CDT   SUNSET   905 PM CDT


-  INDICATES NEGATIVE NUMBERS.
R  INDICATES RECORD WAS SET OR TIED.
MM INDICATES DATA IS MISSING.
T  INDICATES TRACE AMOUNT.

&&

PEAK WIND WAS 15 MPH FROM THE EAST AT 313 PM CDT.




$$
