000
CDUS43 KABR 282240
CLIABR


CLIMATE REPORT
NATIONAL WEATHER SERVICE ABERDEEN SD
535 PM CDT THU AUG 28 2014


...................................

...THE ABERDEEN SD CLIMATE SUMMARY FOR AUGUST 28 2014...
VALID TODAY AS OF 0500 PM LOCAL TIME.

CLIMATE NORMAL PERIOD 1981 TO 2010
CLIMATE RECORD PERIOD 1893 TO 2014


WEATHER ITEM   OBSERVED TIME   RECORD YEAR NORMAL DEPARTURE LAST
                VALUE   (LST)  VALUE       VALUE  FROM      YEAR
                                                  NORMAL
..................................................................
TEMPERATURE (F)
 TODAY
  MAXIMUM         70    359 PM 104    1937  79     -9       87
  MINIMUM         61   1216 AM  31    1893  53      8       69
  AVERAGE         66                        66      0       78

PRECIPITATION (IN)
  TODAY            0.04          1.10 1993   0.07  -0.03     0.10
  MONTH TO DATE    4.97                      2.19   2.78     0.15
  SINCE JUN 1      8.98                      8.91   0.07     5.05
  SINCE JAN 1     14.41                     16.05  -1.64    13.57

DEGREE DAYS
 COOLING
  TODAY            1                         4     -3       13
  MONTH TO DATE   97                       152    -55      142
  SINCE JUN 1    257                       452   -195      432
  SINCE JAN 1    299                       475   -176      453
..................................................................


WIND (MPH)
  HIGHEST WIND SPEED    12   HIGHEST WIND DIRECTION     E (110)
  HIGHEST GUST SPEED    13   HIGHEST GUST DIRECTION     E (110)
  AVERAGE WIND SPEED     5.8


SKY COVER
  POSSIBLE SUNSHINE  MM
  AVERAGE SKY COVER 0.9


WEATHER CONDITIONS
 THE FOLLOWING WEATHER WAS RECORDED TODAY.
  LIGHT RAIN
  FOG


RELATIVE HUMIDITY (PERCENT)
 HIGHEST   100          1200 AM
 LOWEST     90          1100 AM
 AVERAGE    95

..........................................................


THE ABERDEEN SD CLIMATE NORMALS FOR TOMORROW
                         NORMAL    RECORD    YEAR
 MAXIMUM TEMPERATURE (F)   79       100      1961
 MINIMUM TEMPERATURE (F)   53        30      1893


SUNRISE AND SUNSET
AUGUST 28 2014........SUNRISE   650 AM CDT   SUNSET   819 PM CDT
AUGUST 29 2014........SUNRISE   652 AM CDT   SUNSET   817 PM CDT


-  INDICATES NEGATIVE NUMBERS.
R  INDICATES RECORD WAS SET OR TIED.
MM INDICATES DATA IS MISSING.
T  INDICATES TRACE AMOUNT.

&&

PEAK WIND WAS 13 MPH FROM THE EAST AT 228 PM CDT

$$
