000
CDUS43 KABR 271031
CLIABR


CLIMATE REPORT
NATIONAL WEATHER SERVICE ABERDEEN SD
531 AM CDT WED MAY 27 2015


...................................

...THE ABERDEEN SD CLIMATE SUMMARY FOR MAY 26 2015...

CLIMATE NORMAL PERIOD 1981 TO 2010
CLIMATE RECORD PERIOD 1893 TO 2015


WEATHER ITEM   OBSERVED TIME   RECORD YEAR NORMAL DEPARTURE LAST
                VALUE   (LST)  VALUE       VALUE  FROM      YEAR
                                                  NORMAL
..................................................................
TEMPERATURE (F)
 YESTERDAY
  MAXIMUM         79    428 PM  94    1900  71      8       74
  MINIMUM         45    432 AM  30    1992  48     -3       59
  AVERAGE         62                        60      2       67

PRECIPITATION (IN)
  YESTERDAY        T             2.40 1906   0.09  -0.09     0.00
  MONTH TO DATE    5.86                      2.62   3.24     1.46
  SINCE MAR 1      6.64                      5.63   1.01     4.27
  SINCE JAN 1      7.69                      6.65   1.04     4.71

DEGREE DAYS
 HEATING
  YESTERDAY        3                         6     -3        0
  MONTH TO DATE  268                       257     11      338
  SINCE MAR 1   1681                      1965   -284     2282
  SINCE JUL 1   7949                      8428   -479     9441

 COOLING
  YESTERDAY        0                         1     -1        2
  MONTH TO DATE    2                        16    -14       16
  SINCE MAR 1      2                        18    -16       16
  SINCE JAN 1      2                        18    -16       16
..................................................................


WIND (MPH)
  HIGHEST WIND SPEED    30   HIGHEST WIND DIRECTION    NW (320)
  HIGHEST GUST SPEED    37   HIGHEST GUST DIRECTION    NW (320)
  AVERAGE WIND SPEED     6.6


SKY COVER
  POSSIBLE SUNSHINE  MM
  AVERAGE SKY COVER 0.1


WEATHER CONDITIONS
 THE FOLLOWING WEATHER WAS RECORDED YESTERDAY.
  THUNDERSTORM
  LIGHT RAIN
  FOG


RELATIVE HUMIDITY (PERCENT)
 HIGHEST    93           300 AM
 LOWEST     39           400 PM
 AVERAGE    66

..........................................................


THE ABERDEEN SD CLIMATE NORMALS FOR TODAY
                         NORMAL    RECORD    YEAR
 MAXIMUM TEMPERATURE (F)   72        98      1934
 MINIMUM TEMPERATURE (F)   48        28      1907


SUNRISE AND SUNSET
MAY 27 2015...........SUNRISE   552 AM CDT   SUNSET   910 PM CDT
MAY 28 2015...........SUNRISE   551 AM CDT   SUNSET   911 PM CDT


-  INDICATES NEGATIVE NUMBERS.
R  INDICATES RECORD WAS SET OR TIED.
MM INDICATES DATA IS MISSING.
T  INDICATES TRACE AMOUNT.




$$
