000
CDUS43 KABR 122323
CLIABR


CLIMATE REPORT
NATIONAL WEATHER SERVICE ABERDEEN SD
520 PM CST FRI FEB 12 2016


...................................

...THE ABERDEEN SD CLIMATE SUMMARY FOR FEBRUARY 12 2016...
VALID TODAY AS OF 0500 PM LOCAL TIME.

CLIMATE NORMAL PERIOD 1981 TO 2010
CLIMATE RECORD PERIOD 1893 TO 2016


WEATHER ITEM   OBSERVED TIME   RECORD YEAR NORMAL DEPARTURE LAST
                VALUE   (LST)  VALUE       VALUE  FROM      YEAR
                                                  NORMAL
..................................................................
TEMPERATURE (F)
 TODAY
  MAXIMUM         15    356 AM  62    1921  27    -12       17
  MINIMUM          7    359 PM -36    1905   6      1       -3
  AVERAGE         11                        16     -5        7

PRECIPITATION (IN)
  TODAY            T             1.15 1908   0.02  -0.02     0.07
  MONTH TO DATE    0.19                      0.19   0.00     0.27
  SINCE DEC 1      0.97                      1.18  -0.21     1.20
  SINCE JAN 1      0.33                      0.66  -0.33     0.95

SNOWFALL (IN)
  TODAY            T
  MONTH TO DATE    1.7
  SINCE OCT 1     19.1
  SINCE JUL 1     19.1
  SNOW DEPTH       1

DEGREE DAYS
 HEATING
  TODAY           54                        49      5       58
  MONTH TO DATE  487                       603   -116      596
  SINCE DEC 1   3258                      3774   -516     3350
  SINCE JUL 1   4670                      5737  -1067     5396
..................................................................


WIND (MPH)
  HIGHEST WIND SPEED    20   HIGHEST WIND DIRECTION     N (10)
  HIGHEST GUST SPEED    24   HIGHEST GUST DIRECTION     N (10)
  AVERAGE WIND SPEED    12.8


SKY COVER
  POSSIBLE SUNSHINE  MM
  AVERAGE SKY COVER 0.5


WEATHER CONDITIONS
 THE FOLLOWING WEATHER WAS RECORDED TODAY.
  LIGHT SNOW
  HAZE


RELATIVE HUMIDITY (PERCENT)
 HIGHEST    84          1200 AM
 LOWEST     55           200 PM
 AVERAGE    70

..........................................................


THE ABERDEEN SD CLIMATE NORMALS FOR TOMORROW
                         NORMAL    RECORD    YEAR
 MAXIMUM TEMPERATURE (F)   27        60      1901
 MINIMUM TEMPERATURE (F)    6       -34      1905


SUNRISE AND SUNSET
FEBRUARY 12 2016......SUNRISE   741 AM CST   SUNSET   556 PM CST
FEBRUARY 13 2016......SUNRISE   739 AM CST   SUNSET   557 PM CST


-  INDICATES NEGATIVE NUMBERS.
R  INDICATES RECORD WAS SET OR TIED.
MM INDICATES DATA IS MISSING.
T  INDICATES TRACE AMOUNT.

&&

PEAK WIND WAS 24 MPH FROM THE NORTH AT 822 AM

$$
