000
CDUS43 KABR 301035
CLIABR


CLIMATE REPORT
NATIONAL WEATHER SERVICE ABERDEEN SD
534 AM CDT SUN AUG 30 2015


...................................

...THE ABERDEEN SD CLIMATE SUMMARY FOR AUGUST 29 2015...

CLIMATE NORMAL PERIOD 1981 TO 2010
CLIMATE RECORD PERIOD 1893 TO 2015


WEATHER ITEM   OBSERVED TIME   RECORD YEAR NORMAL DEPARTURE LAST
                VALUE   (LST)  VALUE       VALUE  FROM      YEAR
                                                  NORMAL
..................................................................
TEMPERATURE (F)
 YESTERDAY
  MAXIMUM         84    458 PM 100    1961  79      5       79
  MINIMUM         60    654 AM  30    1893  53      7       59
  AVERAGE         72                        66      6       69

PRECIPITATION (IN)
  YESTERDAY        0.00          1.10 1999   0.08  -0.08     0.00
                                      1899
  MONTH TO DATE    2.94                      2.27   0.67     6.18
  SINCE JUN 1      9.10                      8.99   0.11    10.19
  SINCE JAN 1     17.32                     16.13   1.19    15.62

DEGREE DAYS
 HEATING
  YESTERDAY        0                         2     -2        0
  MONTH TO DATE   37                        32      5       24
  SINCE JUN 1     56                       122    -66      144
  SINCE JUL 1     42                        46     -4       61

 COOLING
  YESTERDAY        7                         3      4        4
  MONTH TO DATE  146                       155     -9      101
  SINCE JUN 1    534                       455     79      261
  SINCE JAN 1    548                       478     70      303
..................................................................


WIND (MPH)
  HIGHEST WIND SPEED    15   HIGHEST WIND DIRECTION     S (190)
  HIGHEST GUST SPEED    18   HIGHEST GUST DIRECTION     S (190)
  AVERAGE WIND SPEED    10.1


SKY COVER
  POSSIBLE SUNSHINE  MM
  AVERAGE SKY COVER 0.0


WEATHER CONDITIONS
 THE FOLLOWING WEATHER WAS RECORDED YESTERDAY.
  NO SIGNIFICANT WEATHER WAS OBSERVED.


RELATIVE HUMIDITY (PERCENT)
 HIGHEST    97           500 AM
 LOWEST     65           200 PM
 AVERAGE    81

..........................................................


THE ABERDEEN SD CLIMATE NORMALS FOR TODAY
                         NORMAL    RECORD    YEAR
 MAXIMUM TEMPERATURE (F)   79       100      1898
 MINIMUM TEMPERATURE (F)   53        37      2003


SUNRISE AND SUNSET
AUGUST 30 2015........SUNRISE   652 AM CDT   SUNSET   815 PM CDT
AUGUST 31 2015........SUNRISE   654 AM CDT   SUNSET   814 PM CDT


-  INDICATES NEGATIVE NUMBERS.
R  INDICATES RECORD WAS SET OR TIED.
MM INDICATES DATA IS MISSING.
T  INDICATES TRACE AMOUNT.




$$
