000
CDUS42 KTAE 170630
CLIABY


CLIMATE REPORT
NATIONAL WEATHER SERVICE TALLAHASSEE FL
130 AM EST WED JAN 17 2018


...................................

...THE ALBANY CLIMATE SUMMARY FOR JANUARY 16 2018...

CLIMATE NORMAL PERIOD 1981 TO 2010
CLIMATE RECORD PERIOD 1930 TO 2018


WEATHER ITEM   OBSERVED TIME   RECORD YEAR NORMAL DEPARTURE LAST
                VALUE   (LST)  VALUE       VALUE  FROM      YEAR
                                                  NORMAL
..................................................................
TEMPERATURE (F)
 YESTERDAY
  MAXIMUM         61    339 PM  80    2013  61      0       79
  MINIMUM         28    712 AM  18    1972  38    -10       54
  AVERAGE         45                        49     -4       67

PRECIPITATION (IN)
  YESTERDAY        0.00                      0.15  -0.15     0.00
  MONTH TO DATE    0.53                      2.11  -1.58     3.30
  SINCE DEC 1      3.65                      5.86  -2.21    13.98
  SINCE JAN 1      0.53                      2.11  -1.58     3.30

SNOWFALL (IN)
  YESTERDAY        0.0
  MONTH TO DATE    0.0
  SINCE DEC 1      0.0
  SINCE JUL 1      0.0

DEGREE DAYS
 HEATING
  YESTERDAY       20                        16      4        0
  MONTH TO DATE  334                       256     78      159
  SINCE DEC 1    695                       699     -4      412
  SINCE JUL 1    910                       969    -59      553

 COOLING
  YESTERDAY        0                         0      0        2
  MONTH TO DATE    5                         0      5        9
  SINCE DEC 1     18                         9      9       32
  SINCE JAN 1      5                         0      5        9
..................................................................


WIND (MPH)
  HIGHEST WIND SPEED    15   HIGHEST WIND DIRECTION    NW (330)
  HIGHEST GUST SPEED    19   HIGHEST GUST DIRECTION    NW (330)
  AVERAGE WIND SPEED     3.4




RELATIVE HUMIDITY (PERCENT)
 HIGHEST    92
 LOWEST     32
 AVERAGE    62

..........................................................


THE ALBANY CLIMATE NORMALS FOR TODAY
                         NORMAL    RECORD    YEAR
 MAXIMUM TEMPERATURE (F)   61        80      2017
                                             1950
 MINIMUM TEMPERATURE (F)   38        11      1977


SUNRISE AND SUNSET
JANUARY 17 2018.......SUNRISE   736 AM EST   SUNSET   558 PM EST
JANUARY 18 2018.......SUNRISE   736 AM EST   SUNSET   559 PM EST


-  INDICATES NEGATIVE NUMBERS.
R  INDICATES RECORD WAS SET OR TIED.
MM INDICATES DATA IS MISSING.
T  INDICATES TRACE AMOUNT.




$$
