000
CDUS42 KTAE 290634
CLIABY


CLIMATE REPORT
NATIONAL WEATHER SERVICE TALLAHASSEE FL
234 AM EDT WED MAR 29 2017


...................................

...THE ALBANY CLIMATE SUMMARY FOR MARCH 28 2017...

CLIMATE NORMAL PERIOD 1981 TO 2010
CLIMATE RECORD PERIOD 1930 TO 2017


WEATHER ITEM   OBSERVED TIME   RECORD YEAR NORMAL DEPARTURE LAST
                VALUE   (LST)  VALUE       VALUE  FROM      YEAR
                                                  NORMAL
..................................................................
TEMPERATURE (F)
 YESTERDAY
  MAXIMUM         85    517 PM  87    2007  75     10       79
                                      1945
  MINIMUM         61    559 AM  29    1969  49     12       57
  AVERAGE         73                        62     11       68

PRECIPITATION (IN)
  YESTERDAY        0.00                      0.19  -0.19     0.00
  MONTH TO DATE    1.21                      4.49  -3.28     4.52
  SINCE MAR 1      1.21                      4.49  -3.28     4.52
  SINCE JAN 1     13.03                     13.47  -0.44    14.83

SNOWFALL (IN)
  YESTERDAY        0.0

DEGREE DAYS
 HEATING
  YESTERDAY        0                         4     -4        0
  MONTH TO DATE  163                       196    -33      111
  SINCE MAR 1    163                       196    -33      111
  SINCE JUL 1    966                      1756   -790     1246

 COOLING
  YESTERDAY        8                         1      7        3
  MONTH TO DATE   56                        28     28       74
  SINCE MAR 1     56                        28     28       74
  SINCE JAN 1     94                        37     57       77
..................................................................


WIND (MPH)
  HIGHEST WIND SPEED    15   HIGHEST WIND DIRECTION     W (250)
  HIGHEST GUST SPEED    22   HIGHEST GUST DIRECTION     W (270)
  AVERAGE WIND SPEED     5.8




RELATIVE HUMIDITY (PERCENT)
 HIGHEST    93
 LOWEST     37
 AVERAGE    65

..........................................................


THE ALBANY CLIMATE NORMALS FOR TODAY
                         NORMAL    RECORD    YEAR
 MAXIMUM TEMPERATURE (F)   75        90      2007
 MINIMUM TEMPERATURE (F)   49        27      1955


SUNRISE AND SUNSET
MARCH 29 2017.........SUNRISE   729 AM EDT   SUNSET   754 PM EDT
MARCH 30 2017.........SUNRISE   728 AM EDT   SUNSET   755 PM EDT


-  INDICATES NEGATIVE NUMBERS.
R  INDICATES RECORD WAS SET OR TIED.
MM INDICATES DATA IS MISSING.
T  INDICATES TRACE AMOUNT.




$$
