000
CDUS42 KTAE 280631
CLIABY


CLIMATE REPORT
NATIONAL WEATHER SERVICE TALLAHASSEE FL
231 AM EDT THU JUL 28 2016


...................................

...THE ALBANY CLIMATE SUMMARY FOR JULY 27 2016...

CLIMATE NORMAL PERIOD 1981 TO 2010
CLIMATE RECORD PERIOD 1930 TO 2016


WEATHER ITEM   OBSERVED TIME   RECORD YEAR NORMAL DEPARTURE LAST
                VALUE   (LST)  VALUE       VALUE  FROM      YEAR
                                                  NORMAL
..................................................................
TEMPERATURE (F)
 YESTERDAY
  MAXIMUM         95    400 PM 102    1983  93      2       96
  MINIMUM         74    619 AM  65    1965  72      2       71
  AVERAGE         85                        82      3       84

PRECIPITATION (IN)
  YESTERDAY        0.00                      0.16  -0.16     0.00
  MONTH TO DATE    2.13                      4.77  -2.64     3.55
  SINCE JUN 1      6.54                      9.71  -3.17     8.92
  SINCE JAN 1     29.27                     30.07  -0.80    24.78

SNOWFALL (IN)
  YESTERDAY        0.0

DEGREE DAYS
 HEATING
  YESTERDAY        0                         0      0        0
  MONTH TO DATE    0                         0      0        0
  SINCE JUN 1      0                         0      0        0
  SINCE JUL 1      0                         0      0        0

 COOLING
  YESTERDAY       20                        18      2       19
  MONTH TO DATE  543                       474     69      503
  SINCE JUN 1   1059                       939    120     1005
  SINCE JAN 1   1551                      1379    172     1609
..................................................................


WIND (MPH)
  HIGHEST WIND SPEED    13   HIGHEST WIND DIRECTION     W (270)
  HIGHEST GUST SPEED    19   HIGHEST GUST DIRECTION    SW (220)
  AVERAGE WIND SPEED     5.2




RELATIVE HUMIDITY (PERCENT)
 HIGHEST    94
 LOWEST     46
 AVERAGE    70

..........................................................


THE ALBANY CLIMATE NORMALS FOR TODAY
                         NORMAL    RECORD    YEAR
 MAXIMUM TEMPERATURE (F)   93       101      2010
                                             1968
 MINIMUM TEMPERATURE (F)   72        66      1990


SUNRISE AND SUNSET
JULY 28 2016..........SUNRISE   651 AM EDT   SUNSET   835 PM EDT
JULY 29 2016..........SUNRISE   651 AM EDT   SUNSET   835 PM EDT


-  INDICATES NEGATIVE NUMBERS.
R  INDICATES RECORD WAS SET OR TIED.
MM INDICATES DATA IS MISSING.
T  INDICATES TRACE AMOUNT.




$$
