000
CDUS42 KTAE 060632
CLIABY


CLIMATE REPORT
NATIONAL WEATHER SERVICE TALLAHASSEE FL
231 AM EDT FRI MAY 6 2016


...................................

...THE ALBANY CLIMATE SUMMARY FOR MAY 5 2016...

CLIMATE NORMAL PERIOD 1981 TO 2010
CLIMATE RECORD PERIOD 1930 TO 2016


WEATHER ITEM   OBSERVED TIME   RECORD YEAR NORMAL DEPARTURE LAST
                VALUE   (LST)  VALUE       VALUE  FROM      YEAR
                                                  NORMAL
..................................................................
TEMPERATURE (F)
 YESTERDAY
  MAXIMUM         73        MM  96    1955  85    -12       83
  MINIMUM         55        MM  39    1971  58     -3       56
  AVERAGE         64                        72     -8       70

PRECIPITATION (IN)
  YESTERDAY        0.00                      0.07  -0.07     0.00
  MONTH TO DATE    0.34                      0.36  -0.02     0.00
  SINCE MAR 1     11.98                      9.05   2.93     7.35
  SINCE JAN 1     22.29                     18.03   4.26    14.68

SNOWFALL (IN)
  YESTERDAY        0.0

DEGREE DAYS
 HEATING
  YESTERDAY        1                         0      1        0
  MONTH TO DATE    1                         0      1        2
  SINCE MAR 1    152                       274   -122      125
  SINCE JUL 1   1287                      1834   -547     1849

 COOLING
  YESTERDAY        0                         7     -7        5
  MONTH TO DATE   41                        32      9       12
  SINCE MAR 1    225                       163     62      258
  SINCE JAN 1    228                       172     56      260
..................................................................


WIND (MPH)
  HIGHEST WIND SPEED    21   HIGHEST WIND DIRECTION    NW (330)
  HIGHEST GUST SPEED    37   HIGHEST GUST DIRECTION     N (340)
  AVERAGE WIND SPEED    10.8




RELATIVE HUMIDITY (PERCENT)
 HIGHEST    86
 LOWEST     25
 AVERAGE    56

..........................................................


THE ALBANY CLIMATE NORMALS FOR TODAY
                         NORMAL    RECORD    YEAR
 MAXIMUM TEMPERATURE (F)   85        95      1955
 MINIMUM TEMPERATURE (F)   59        44      2013
                                             1968


SUNRISE AND SUNSET
MAY  6 2016...........SUNRISE   647 AM EDT   SUNSET   820 PM EDT
MAY  7 2016...........SUNRISE   646 AM EDT   SUNSET   821 PM EDT


-  INDICATES NEGATIVE NUMBERS.
R  INDICATES RECORD WAS SET OR TIED.
MM INDICATES DATA IS MISSING.
T  INDICATES TRACE AMOUNT.




$$
