000
CDUS42 KTAE 050633
CLIABY


CLIMATE REPORT
NATIONAL WEATHER SERVICE TALLAHASSEE FL
132 AM EST MON DEC 5 2016


...................................

...THE ALBANY CLIMATE SUMMARY FOR DECEMBER 4 2016...

CLIMATE NORMAL PERIOD 1981 TO 2010
CLIMATE RECORD PERIOD 1930 TO 2016


WEATHER ITEM   OBSERVED TIME   RECORD YEAR NORMAL DEPARTURE LAST
                VALUE   (LST)  VALUE       VALUE  FROM      YEAR
                                                  NORMAL
..................................................................
TEMPERATURE (F)
 YESTERDAY
  MAXIMUM         71    727 PM  82    1982  65      6       62
  MINIMUM         55    550 AM  19    1960  42     13       43
  AVERAGE         63                        53     10       53

PRECIPITATION (IN)
  YESTERDAY        2.69                      0.16   2.53     0.00
  MONTH TO DATE    2.69                      0.60   2.09     1.95
  SINCE DEC 1      2.69                      0.60   2.09     1.95
  SINCE JAN 1     41.05                     45.42  -4.37    44.64

SNOWFALL (IN)
  YESTERDAY        0.0

DEGREE DAYS
 HEATING
  YESTERDAY        2                        12    -10       12
  MONTH TO DATE   34                        47    -13       30
  SINCE DEC 1     34                        47    -13       30
  SINCE JUL 1    175                       317   -142      154

 COOLING
  YESTERDAY        0                         0      0        0
  MONTH TO DATE    0                         0      0        3
  SINCE DEC 1      0                         0      0        3
  SINCE JAN 1   3015                      2533    482     2884
..................................................................


WIND (MPH)
  HIGHEST WIND SPEED    14   HIGHEST WIND DIRECTION     S (160)
  HIGHEST GUST SPEED    20   HIGHEST GUST DIRECTION     S (160)
  AVERAGE WIND SPEED     6.7




RELATIVE HUMIDITY (PERCENT)
 HIGHEST   100
 LOWEST     51
 AVERAGE    76

..........................................................


THE ALBANY CLIMATE NORMALS FOR TODAY
                         NORMAL    RECORD    YEAR
 MAXIMUM TEMPERATURE (F)   65        83      1977
 MINIMUM TEMPERATURE (F)   41        19      1989


SUNRISE AND SUNSET
DECEMBER  5 2016......SUNRISE   722 AM EST   SUNSET   533 PM EST
DECEMBER  6 2016......SUNRISE   723 AM EST   SUNSET   533 PM EST


-  INDICATES NEGATIVE NUMBERS.
R  INDICATES RECORD WAS SET OR TIED.
MM INDICATES DATA IS MISSING.
T  INDICATES TRACE AMOUNT.




$$
