000
CDUS42 KTAE 230633
CLIABY


CLIMATE REPORT
NATIONAL WEATHER SERVICE TALLAHASSEE FL
232 AM EDT TUE MAY 23 2017


...................................

...THE ALBANY CLIMATE SUMMARY FOR MAY 22 2017...

CLIMATE NORMAL PERIOD 1981 TO 2010
CLIMATE RECORD PERIOD 1930 TO 2017


WEATHER ITEM   OBSERVED TIME   RECORD YEAR NORMAL DEPARTURE LAST
                VALUE   (LST)  VALUE       VALUE  FROM      YEAR
                                                  NORMAL
..................................................................
TEMPERATURE (F)
 YESTERDAY
  MAXIMUM         88    418 PM 100    1962  89     -1       84
  MINIMUM         70    533 AM  45    1981  64      6       59
  AVERAGE         79                        76      3       72

PRECIPITATION (IN)
  YESTERDAY        T                         0.07  -0.07     0.00
  MONTH TO DATE    2.32                      1.62   0.70     0.78
  SINCE MAR 1      5.67                     10.31  -4.64    12.42
  SINCE JAN 1     17.49                     19.29  -1.80    22.73

SNOWFALL (IN)
  YESTERDAY        0.0

DEGREE DAYS
 HEATING
  YESTERDAY        0                         0      0        0
  MONTH TO DATE   10                         0     10        4
  SINCE MAR 1    199                       274    -75      155
  SINCE JUL 1   1002                      1834   -832     1290

 COOLING
  YESTERDAY       14                        11      3        7
  MONTH TO DATE  206                       189     17      191
  SINCE MAR 1    487                       320    167      375
  SINCE JAN 1    525                       329    196      378
..................................................................


WIND (MPH)
  HIGHEST WIND SPEED    15   HIGHEST WIND DIRECTION     S (200)
  HIGHEST GUST SPEED    19   HIGHEST GUST DIRECTION    SW (220)
  AVERAGE WIND SPEED     5.8




RELATIVE HUMIDITY (PERCENT)
 HIGHEST    93
 LOWEST     53
 AVERAGE    73

..........................................................


THE ALBANY CLIMATE NORMALS FOR TODAY
                         NORMAL    RECORD    YEAR
 MAXIMUM TEMPERATURE (F)   89        99      1962
 MINIMUM TEMPERATURE (F)   64        46      1993


SUNRISE AND SUNSET
MAY 23 2017...........SUNRISE   636 AM EDT   SUNSET   832 PM EDT
MAY 24 2017...........SUNRISE   635 AM EDT   SUNSET   832 PM EDT


-  INDICATES NEGATIVE NUMBERS.
R  INDICATES RECORD WAS SET OR TIED.
MM INDICATES DATA IS MISSING.
T  INDICATES TRACE AMOUNT.




$$
