000
CDUS42 KTAE 180634
CLIABY


CLIMATE REPORT
NATIONAL WEATHER SERVICE TALLAHASSEE FL
134 AM EST WED JAN 18 2017


...................................

...THE ALBANY CLIMATE SUMMARY FOR JANUARY 17 2017...

CLIMATE NORMAL PERIOD 1981 TO 2010
CLIMATE RECORD PERIOD 1930 TO 2017


WEATHER ITEM   OBSERVED TIME   RECORD YEAR NORMAL DEPARTURE LAST
                VALUE   (LST)  VALUE       VALUE  FROM      YEAR
                                                  NORMAL
..................................................................
TEMPERATURE (F)
 YESTERDAY
  MAXIMUM         80R   227 PM  80    1950  61     19       57
  MINIMUM         49    757 AM  11    1977  38     11       36
  AVERAGE         65                        49     16       47

PRECIPITATION (IN)
  YESTERDAY        0.00                      0.13  -0.13     0.15
  MONTH TO DATE    3.30                      2.24   1.06     1.77
  SINCE DEC 1     13.98                      5.99   7.99     8.63
  SINCE JAN 1      3.30                      2.24   1.06     1.77

SNOWFALL (IN)
  YESTERDAY        0.0

DEGREE DAYS
 HEATING
  YESTERDAY        0                        16    -16       18
  MONTH TO DATE  159                       272   -113      275
  SINCE DEC 1    412                       715   -303      428
  SINCE JUL 1    553                       985   -432      552

 COOLING
  YESTERDAY        0                         0      0        0
  MONTH TO DATE    9                         0      9        0
  SINCE DEC 1     32                         9     23       76
  SINCE JAN 1      9                         0      9        0
..................................................................


WIND (MPH)
  HIGHEST WIND SPEED    20   HIGHEST WIND DIRECTION    SW (220)
  HIGHEST GUST SPEED    24   HIGHEST GUST DIRECTION    SW (230)
  AVERAGE WIND SPEED     4.9




RELATIVE HUMIDITY (PERCENT)
 HIGHEST   100
 LOWEST     48
 AVERAGE    74

..........................................................


THE ALBANY CLIMATE NORMALS FOR TODAY
                         NORMAL    RECORD    YEAR
 MAXIMUM TEMPERATURE (F)   61        79      1947
 MINIMUM TEMPERATURE (F)   38        12      1977


SUNRISE AND SUNSET
JANUARY 18 2017.......SUNRISE   736 AM EST   SUNSET   559 PM EST
JANUARY 19 2017.......SUNRISE   735 AM EST   SUNSET   600 PM EST


-  INDICATES NEGATIVE NUMBERS.
R  INDICATES RECORD WAS SET OR TIED.
MM INDICATES DATA IS MISSING.
T  INDICATES TRACE AMOUNT.




$$
