000
CDUS42 KTAE 262234
CLIABY


CLIMATE REPORT
NATIONAL WEATHER SERVICE TALLAHASSEE FL
533 PM EST THU FEB 26 2015


...................................

...THE ALBANY CLIMATE SUMMARY FOR FEBRUARY 26 2015...
VALID TODAY AS OF 0500 PM LOCAL TIME.

CLIMATE NORMAL PERIOD 1981 TO 2010
CLIMATE RECORD PERIOD 1930 TO 2015


WEATHER ITEM   OBSERVED TIME   RECORD YEAR NORMAL DEPARTURE LAST
                VALUE   (LST)  VALUE       VALUE  FROM      YEAR
                                                  NORMAL
..................................................................
TEMPERATURE (F)
 TODAY
  MAXIMUM         48   1228 PM  84    1944  67    -19       57
  MINIMUM         41    828 AM  17    1989  42     -1       42
  AVERAGE         45                        55    -10       50

PRECIPITATION (IN)
  TODAY            0.00                      0.17  -0.17     0.12
  MONTH TO DATE    3.50                      3.82  -0.32     3.59
  SINCE DEC 1     14.53                     12.39   2.14     8.34
  SINCE JAN 1      6.80                      8.64  -1.84     5.24

..................................................................







THE ALBANY CLIMATE NORMALS FOR TOMORROW
                         NORMAL    RECORD    YEAR
 MAXIMUM TEMPERATURE (F)   68        85      1944
 MINIMUM TEMPERATURE (F)   42        19      1967



-  INDICATES NEGATIVE NUMBERS.
R  INDICATES RECORD WAS SET OR TIED.
MM INDICATES DATA IS MISSING.
T  INDICATES TRACE AMOUNT.




$$
