000
CDUS42 KTAE 050640
CLIABY


CLIMATE REPORT
NATIONAL WEATHER SERVICE TALLAHASSEE FL
240 AM EDT SUN JUL 5 2015


...................................

...THE ALBANY CLIMATE SUMMARY FOR JULY 4 2015...

CLIMATE NORMAL PERIOD 1981 TO 2010
CLIMATE RECORD PERIOD 1930 TO 2015


WEATHER ITEM   OBSERVED TIME   RECORD YEAR NORMAL DEPARTURE LAST
                VALUE   (LST)  VALUE       VALUE  FROM      YEAR
                                                  NORMAL
..................................................................
TEMPERATURE (F)
 YESTERDAY
  MAXIMUM         89   1137 AM 103    1931  93     -4       90
  MINIMUM         70   1154 PM  62    1986  72     -2       67
  AVERAGE         80                        82     -2       79

PRECIPITATION (IN)
  YESTERDAY        0.16                      0.16   0.00     0.00
  MONTH TO DATE    0.48                      0.67  -0.19     0.00
  SINCE JUN 1      5.85                      5.61   0.24     4.76
  SINCE JAN 1     21.71                     25.97  -4.26    23.82

SNOWFALL (IN)
  YESTERDAY        0.0

DEGREE DAYS
 HEATING
  YESTERDAY        0                         0      0        0
  MONTH TO DATE    0                         0      0        0
  SINCE JUN 1      0                         0      0        0
  SINCE JUL 1      0                         0      0        0

 COOLING
  YESTERDAY       15                        17     -2       14
  MONTH TO DATE   63                        68     -5       74
  SINCE JUN 1    545                       533     12      539
  SINCE JAN 1   1149                       973    176      933
..................................................................


WIND (MPH)
  HIGHEST WIND SPEED    28   HIGHEST WIND DIRECTION     W (260)
  HIGHEST GUST SPEED    38   HIGHEST GUST DIRECTION     W (260)
  AVERAGE WIND SPEED     5.5




RELATIVE HUMIDITY (PERCENT)
 HIGHEST    94
 LOWEST     65
 AVERAGE    80

..........................................................


THE ALBANY CLIMATE NORMALS FOR TODAY
                         NORMAL    RECORD    YEAR
 MAXIMUM TEMPERATURE (F)   93       100      1979
 MINIMUM TEMPERATURE (F)   72        62      1986


SUNRISE AND SUNSET
JULY  5 2015..........SUNRISE   637 AM EDT   SUNSET   845 PM EDT
JULY  6 2015..........SUNRISE   638 AM EDT   SUNSET   845 PM EDT


-  INDICATES NEGATIVE NUMBERS.
R  INDICATES RECORD WAS SET OR TIED.
MM INDICATES DATA IS MISSING.
T  INDICATES TRACE AMOUNT.




$$
