000
CDUS42 KTAE 190633
CLIABY


CLIMATE REPORT
NATIONAL WEATHER SERVICE TALLAHASSEE FL
132 AM EST SUN FEB 19 2017


...................................

...THE ALBANY CLIMATE SUMMARY FOR FEBRUARY 18 2017...

CLIMATE NORMAL PERIOD 1981 TO 2010
CLIMATE RECORD PERIOD 1930 TO 2017


WEATHER ITEM   OBSERVED TIME   RECORD YEAR NORMAL DEPARTURE LAST
                VALUE   (LST)  VALUE       VALUE  FROM      YEAR
                                                  NORMAL
..................................................................
TEMPERATURE (F)
 YESTERDAY
  MAXIMUM         70    453 PM  85    1956  65      5       68
  MINIMUM         50    415 AM  15    1958  41      9       39
  AVERAGE         60                        53      7       54

PRECIPITATION (IN)
  YESTERDAY        0.02                      0.17  -0.15     0.00
  MONTH TO DATE    2.11                      2.52  -0.41     3.12
  SINCE DEC 1     21.57                     11.09  10.48    13.64
  SINCE JAN 1     10.89                      7.34   3.55     6.78

SNOWFALL (IN)
  YESTERDAY        0.0

DEGREE DAYS
 HEATING
  YESTERDAY        5                        12     -7       11
  MONTH TO DATE  120                       245   -125      246
  SINCE DEC 1    643                      1179   -536      915
  SINCE JUL 1    784                      1449   -665     1039

 COOLING
  YESTERDAY        0                         0      0        0
  MONTH TO DATE    6                         0      6        0
  SINCE DEC 1     49                        13     36       76
  SINCE JAN 1     26                         4     22        0
..................................................................


WIND (MPH)
  HIGHEST WIND SPEED    14   HIGHEST WIND DIRECTION     E (110)
  HIGHEST GUST SPEED    17   HIGHEST GUST DIRECTION     E (100)
  AVERAGE WIND SPEED     4.2




RELATIVE HUMIDITY (PERCENT)
 HIGHEST    93
 LOWEST     55
 AVERAGE    74

..........................................................


THE ALBANY CLIMATE NORMALS FOR TODAY
                         NORMAL    RECORD    YEAR
 MAXIMUM TEMPERATURE (F)   65        82      2011
                                             1951
 MINIMUM TEMPERATURE (F)   41        19      1958


SUNRISE AND SUNSET
FEBRUARY 19 2017......SUNRISE   714 AM EST   SUNSET   627 PM EST
FEBRUARY 20 2017......SUNRISE   713 AM EST   SUNSET   628 PM EST


-  INDICATES NEGATIVE NUMBERS.
R  INDICATES RECORD WAS SET OR TIED.
MM INDICATES DATA IS MISSING.
T  INDICATES TRACE AMOUNT.




$$
