000
CDUS44 KFWD 270700
CLIACT


CLIMATE REPORT
NATIONAL WEATHER SERVICE FORT WORTH TX
200 AM CDT FRI MAR 27 2015


...................................

...THE WACO CLIMATE SUMMARY FOR MARCH 26 2015...

CLIMATE NORMAL PERIOD 1981 TO 2010
CLIMATE RECORD PERIOD 1901 TO 2015


WEATHER ITEM   OBSERVED TIME   RECORD YEAR NORMAL DEPARTURE LAST
                VALUE   (LST)  VALUE       VALUE  FROM      YEAR
                                                  NORMAL
..................................................................
TEMPERATURE (F)
 YESTERDAY
  MAXIMUM         67    417 PM  94    2011  72     -5       65
  MINIMUM         42   1159 PM  22    2013  49     -7       38
  AVERAGE         55                        61     -6       52

PRECIPITATION (IN)
  YESTERDAY        0.01          1.78 1939   0.09  -0.08     0.02
  MONTH TO DATE    2.85                      2.72   0.13     0.60
  SINCE MAR 1      2.85                      2.72   0.13     0.60
  SINCE JAN 1      7.58                      7.47   0.11     1.36

SNOWFALL (IN)
  YESTERDAY       MM             0.0    MM   0.0   MM        0.0
  MONTH TO DATE    0.7                       0.1    0.6      0.1
  SINCE MAR 1      0.7                       0.1    0.6      0.1
  SINCE JUL 1      1.4                       1.0    0.4      0.1
  SNOW DEPTH       0

DEGREE DAYS
 HEATING
  YESTERDAY       10                         6      4       13
  MONTH TO DATE  285                       220     65      339
  SINCE MAR 1    285                       220     65      339
  SINCE JUL 1   2239                      2032    207     2482

 COOLING
  YESTERDAY        0                         2     -2        0
  MONTH TO DATE   14                        27    -13        4
  SINCE MAR 1     14                        27    -13        4
  SINCE JAN 1     14                        36    -22        4
..................................................................


WIND (MPH)
  HIGHEST WIND SPEED    29   HIGHEST WIND DIRECTION     N (350)
  HIGHEST GUST SPEED    38   HIGHEST GUST DIRECTION    NW (330)
  AVERAGE WIND SPEED    17.4


SKY COVER
  POSSIBLE SUNSHINE  MM
  AVERAGE SKY COVER 0.4


WEATHER CONDITIONS
 THE FOLLOWING WEATHER WAS RECORDED YESTERDAY.
  LIGHT RAIN
  FOG


RELATIVE HUMIDITY (PERCENT)
 HIGHEST    87           100 AM
 LOWEST     32           400 PM
 AVERAGE    60

..........................................................


THE WACO CLIMATE NORMALS FOR TODAY
                         NORMAL    RECORD    YEAR
 MAXIMUM TEMPERATURE (F)   73        93      1972
                                             1956
 MINIMUM TEMPERATURE (F)   50        27      1955
                                             1913


SUNRISE AND SUNSET
MARCH 27 2015.........SUNRISE   724 AM CDT   SUNSET   745 PM CDT
MARCH 28 2015.........SUNRISE   723 AM CDT   SUNSET   746 PM CDT


-  INDICATES NEGATIVE NUMBERS.
R  INDICATES RECORD WAS SET OR TIED.
MM INDICATES DATA IS MISSING.
T  INDICATES TRACE AMOUNT.




$$
