000
CDUS44 KFWD 230637
CLIACT

CLIMATE REPORT
NATIONAL WEATHER SERVICE FORT WORTH TX
1236 AM CST SUN NOV 23 2014


...................................

...THE WACO CLIMATE SUMMARY FOR NOVEMBER 22 2014...

CLIMATE NORMAL PERIOD 1981 TO 2010
CLIMATE RECORD PERIOD 1901 TO 2014


WEATHER ITEM   OBSERVED TIME   RECORD YEAR NORMAL DEPARTURE LAST
                VALUE   (LST)  VALUE       VALUE  FROM      YEAR
                                                  NORMAL
..................................................................
TEMPERATURE (F)
 YESTERDAY
  MAXIMUM         68   1257 PM  87    1983  66      2       47
  MINIMUM         57   1159 PM  27    1975  44     13       34
  AVERAGE         63                        55      8       41

PRECIPITATION (IN)
  YESTERDAY        0.83          2.44 1916   0.09   0.74     0.53
  MONTH TO DATE    2.68                      2.15   0.53     1.28
  SINCE SEP 1      8.97                      9.11  -0.14    14.01
  SINCE JAN 1     29.55                     31.27  -1.72    35.44

SNOWFALL (IN)
  YESTERDAY        0.0           6.5  1937   0.0    0.0      0.0
  MONTH TO DATE    0.0                       0.1   -0.1      0.0
  SINCE SEP 1      0.0                       0.1   -0.1      0.0
  SINCE JUL 1      0.0                       0.1   -0.1      0.0
  SNOW DEPTH       0

DEGREE DAYS
 HEATING
  YESTERDAY        2                        11     -9       24
  MONTH TO DATE  296                       163    133      174
  SINCE SEP 1    308                       230     78      223
  SINCE JUL 1    308                       230     78      223

 COOLING
  YESTERDAY        0                         1     -1        0
  MONTH TO DATE    1                        34    -33       18
  SINCE SEP 1    669                       595     74      659
  SINCE JAN 1   2744                      2790    -46     2870
..................................................................


WIND (MPH)
  HIGHEST WIND SPEED    21   HIGHEST WIND DIRECTION    SE (140)
  HIGHEST GUST SPEED    27   HIGHEST GUST DIRECTION    SE (150)
  AVERAGE WIND SPEED    11.3


SKY COVER
  POSSIBLE SUNSHINE  MM
  AVERAGE SKY COVER 0.8


WEATHER CONDITIONS
 THE FOLLOWING WEATHER WAS RECORDED YESTERDAY.
  THUNDERSTORM
  HEAVY RAIN
  RAIN
  LIGHT RAIN
  FOG


RELATIVE HUMIDITY (PERCENT)
 HIGHEST   100           600 PM
 LOWEST     81          1200 PM
 AVERAGE    91

..........................................................


THE WACO CLIMATE NORMALS FOR TODAY
                         NORMAL    RECORD    YEAR
 MAXIMUM TEMPERATURE (F)   65        87      2005
 MINIMUM TEMPERATURE (F)   44        23      1975


SUNRISE AND SUNSET
NOVEMBER 23 2014......SUNRISE   704 AM CST   SUNSET   527 PM CST
NOVEMBER 24 2014......SUNRISE   705 AM CST   SUNSET   526 PM CST


-  INDICATES NEGATIVE NUMBERS.
R  INDICATES RECORD WAS SET OR TIED.
MM INDICATES DATA IS MISSING.
T  INDICATES TRACE AMOUNT.




$$
