000
CDUS44 KFWD 200650
CLIACT


CLIMATE REPORT
NATIONAL WEATHER SERVICE FORT WORTH TX
1249 AM CST MON NOV 20 2017

...THE WACO CLIMATE SUMMARY FOR NOVEMBER 19 2017...

CLIMATE NORMAL PERIOD 1981 TO 2010
CLIMATE RECORD PERIOD 1901 TO 2017


WEATHER ITEM   OBSERVED TIME   RECORD YEAR NORMAL DEPARTURE LAST
                VALUE   (LST)  VALUE       VALUE  FROM      YEAR
                                                  NORMAL
..................................................................
TEMPERATURE (F)
 YESTERDAY
  MAXIMUM         64    156 PM  87    1949  67     -3       60
  MINIMUM         37   1159 PM  24    1903  45     -8       32
  AVERAGE         51                        56     -5       46

PRECIPITATION (IN)
  YESTERDAY        0.00          2.87 1992   0.08  -0.08     0.00
  MONTH TO DATE    1.30                      1.90  -0.60     2.97
  SINCE SEP 1      2.95                      8.86  -5.91     3.91
  SINCE JAN 1     31.66                     31.02   0.64    35.89

SNOWFALL (IN)
  YESTERDAY        0.0           0.0    MM   0.0    0.0      0.0
  MONTH TO DATE    0.0                       0.0    0.0      0.0
  SINCE SEP 1      0.0                       0.0    0.0      0.0
  SINCE JUL 1      0.0                       0.0    0.0      0.0
  SNOW DEPTH       0

DEGREE DAYS
 HEATING
  YESTERDAY       14                        10      4       19
  MONTH TO DATE   68                       132    -64       38
  SINCE SEP 1    149                       199    -50       47
  SINCE JUL 1    149                       199    -50       47

 COOLING
  YESTERDAY        0                         1     -1        0
  MONTH TO DATE   88                        31     57       55
  SINCE SEP 1    716                       592    124      800
  SINCE JAN 1   3056                      2787    269     3040
..................................................................


WIND (MPH)
  HIGHEST WIND SPEED    13   HIGHEST WIND DIRECTION     N (340)
  HIGHEST GUST SPEED    17   HIGHEST GUST DIRECTION    NE (40)
  AVERAGE WIND SPEED     5.7


SKY COVER
  POSSIBLE SUNSHINE  MM
  AVERAGE SKY COVER 0.0


WEATHER CONDITIONS
 THE FOLLOWING WEATHER WAS RECORDED YESTERDAY.
  FOG
  HAZE


RELATIVE HUMIDITY (PERCENT)
 HIGHEST    85          1000 PM
 LOWEST     24           200 PM
 AVERAGE    55

..........................................................


THE WACO CLIMATE NORMALS FOR TODAY
                         NORMAL    RECORD    YEAR
 MAXIMUM TEMPERATURE (F)   67        85      1949
 MINIMUM TEMPERATURE (F)   45        23      1937


SUNRISE AND SUNSET
NOVEMBER 20 2017......SUNRISE   701 AM CST   SUNSET   527 PM CST
NOVEMBER 21 2017......SUNRISE   702 AM CST   SUNSET   527 PM CST


-  INDICATES NEGATIVE NUMBERS.
R  INDICATES RECORD WAS SET OR TIED.
MM INDICATES DATA IS MISSING.
T  INDICATES TRACE AMOUNT.




$$
