000
CDUS44 KFWD 260639
CLIACT


CLIMATE REPORT
NATIONAL WEATHER SERVICE FORT WORTH TX
138 AM CDT WED APR 26 2017


...................................

...THE WACO CLIMATE SUMMARY FOR APRIL 25 2017...

CLIMATE NORMAL PERIOD 1981 TO 2010
CLIMATE RECORD PERIOD 1901 TO 2017


WEATHER ITEM   OBSERVED TIME   RECORD YEAR NORMAL DEPARTURE LAST
                VALUE   (LST)  VALUE       VALUE  FROM      YEAR
                                                  NORMAL
..................................................................
TEMPERATURE (F)
 YESTERDAY
  MAXIMUM         84    447 PM  94    1996  80      4       87
  MINIMUM         62    550 AM  38    1910  57      5       68
  AVERAGE         73                        69      4       78

PRECIPITATION (IN)
  YESTERDAY        0.00          2.28 1997   0.11  -0.11      T
  MONTH TO DATE    6.96                      2.15   4.81     5.43
  SINCE MAR 1     10.28                      5.30   4.98    10.76
  SINCE JAN 1     16.44                     10.05   6.39    13.21

SNOWFALL (IN)
  YESTERDAY        0.0           0.0         0.0    0.0      0.0
  MONTH TO DATE    0.0                       0.1   -0.1      0.0
  SINCE MAR 1      0.0                       0.2   -0.2      0.0
  SINCE JUL 1      T                         1.0   -1.0      0.0
  SNOW DEPTH       0

DEGREE DAYS
 HEATING
  YESTERDAY        0                         1     -1        0
  MONTH TO DATE   29                        73    -44       52
  SINCE MAR 1    147                       319   -172      203
  SINCE JUL 1   1323                      2131   -808     1680

 COOLING
  YESTERDAY        8                         5      3       13
  MONTH TO DATE  113                        83     30       64
  SINCE MAR 1    208                       117     91       95
  SINCE JAN 1    266                       126    140      103
..................................................................


WIND (MPH)
  HIGHEST WIND SPEED    29   HIGHEST WIND DIRECTION     S (170)
  HIGHEST GUST SPEED    34   HIGHEST GUST DIRECTION     S (180)
  AVERAGE WIND SPEED    18.3


SKY COVER
  POSSIBLE SUNSHINE  MM
  AVERAGE SKY COVER 0.4


WEATHER CONDITIONS
 THE FOLLOWING WEATHER WAS RECORDED YESTERDAY.
  LIGHT RAIN


RELATIVE HUMIDITY (PERCENT)
 HIGHEST    90           500 AM
 LOWEST     62           100 PM
 AVERAGE    76

..........................................................


THE WACO CLIMATE NORMALS FOR TODAY
                         NORMAL    RECORD    YEAR
 MAXIMUM TEMPERATURE (F)   80        97      1902
 MINIMUM TEMPERATURE (F)   58        38      1910


SUNRISE AND SUNSET
APRIL 26 2017.........SUNRISE   648 AM CDT   SUNSET   805 PM CDT
APRIL 27 2017.........SUNRISE   647 AM CDT   SUNSET   806 PM CDT


-  INDICATES NEGATIVE NUMBERS.
R  INDICATES RECORD WAS SET OR TIED.
MM INDICATES DATA IS MISSING.
T  INDICATES TRACE AMOUNT.




$$
