000
CDUS44 KFWD 300712
CLIACT


CLIMATE REPORT
NATIONAL WEATHER SERVICE FORT WORTH TX
212 AM CDT SAT APR 30 2016


...................................

...THE WACO CLIMATE SUMMARY FOR APRIL 29 2016...

CLIMATE NORMAL PERIOD 1981 TO 2010
CLIMATE RECORD PERIOD 1901 TO 2016


WEATHER ITEM   OBSERVED TIME   RECORD YEAR NORMAL DEPARTURE LAST
                VALUE   (LST)  VALUE       VALUE  FROM      YEAR
                                                  NORMAL
..................................................................
TEMPERATURE (F)
 YESTERDAY
  MAXIMUM         83    448 PM  96    1902  81      2       75
  MINIMUM         68   1159 PM  43    1996  59      9       47
  AVERAGE         76                        70      6       61

PRECIPITATION (IN)
  YESTERDAY        0.67          2.34 1944   0.11   0.56     0.00
  MONTH TO DATE    6.55                      2.57   3.98     4.49
  SINCE MAR 1     11.88                      5.72   6.16     7.34
  SINCE JAN 1     14.33                     10.47   3.86    12.07

SNOWFALL (IN)
  YESTERDAY        0.0           0.0    MM   0.0    0.0      0.0
  MONTH TO DATE    0.0                       0.1   -0.1      0.0
  SINCE MAR 1      0.0                       0.2   -0.2      0.7
  SINCE JUL 1      0.0                       1.0   -1.0      1.4
  SNOW DEPTH       0

DEGREE DAYS
 HEATING
  YESTERDAY        0                         1     -1        4
  MONTH TO DATE   52                        77    -25       54
  SINCE MAR 1    203                       323   -120      349
  SINCE JUL 1   1680                      2135   -455     2303

 COOLING
  YESTERDAY       11                         6      5        0
  MONTH TO DATE   98                       104     -6      134
  SINCE MAR 1    129                       138     -9      161
  SINCE JAN 1    137                       147    -10      161
..................................................................


WIND (MPH)
  HIGHEST WIND SPEED    26   HIGHEST WIND DIRECTION     W (270)
  HIGHEST GUST SPEED    34   HIGHEST GUST DIRECTION     W (260)
  AVERAGE WIND SPEED    12.7


SKY COVER
  POSSIBLE SUNSHINE  MM
  AVERAGE SKY COVER 0.9


WEATHER CONDITIONS
 THE FOLLOWING WEATHER WAS RECORDED YESTERDAY.
  THUNDERSTORM
  HEAVY RAIN
  RAIN
  LIGHT RAIN
  FOG
  HAZE


RELATIVE HUMIDITY (PERCENT)
 HIGHEST    93           500 AM
 LOWEST     69           500 PM
 AVERAGE    81

..........................................................


THE WACO CLIMATE NORMALS FOR TODAY
                         NORMAL    RECORD    YEAR
 MAXIMUM TEMPERATURE (F)   81        94      1981
                                             1902
 MINIMUM TEMPERATURE (F)   59        40      1996
                                             1908
                                             1903


SUNRISE AND SUNSET
APRIL 30 2016.........SUNRISE   644 AM CDT   SUNSET   808 PM CDT
MAY  1 2016...........SUNRISE   643 AM CDT   SUNSET   809 PM CDT


-  INDICATES NEGATIVE NUMBERS.
R  INDICATES RECORD WAS SET OR TIED.
MM INDICATES DATA IS MISSING.
T  INDICATES TRACE AMOUNT.




$$
