000
CDUS44 KFWD 242121
CLIACT

CLIMATE REPORT
NATIONAL WEATHER SERVICE FORT WORTH TX
420 PM CDT THU APR 24 2014


...................................

...THE WACO CLIMATE SUMMARY FOR APRIL 24 2014...
VALID AS OF 0400 PM LOCAL TIME.

CLIMATE NORMAL PERIOD 1981 TO 2010
CLIMATE RECORD PERIOD 1901 TO 2014


WEATHER ITEM   OBSERVED TIME   RECORD YEAR NORMAL DEPARTURE LAST
                VALUE   (LST)  VALUE       VALUE  FROM      YEAR
                                                  NORMAL
..................................................................
TEMPERATURE (F)
 TODAY
  MAXIMUM         88    259 PM  92    2003  80      8       63
                                      1984
  MINIMUM         65    645 AM  39    2013  57      8       39
                                      1995
  AVERAGE         77

PRECIPITATION (IN)
  TODAY            0.00          5.07 2004   0.11  -0.11     0.01
  MONTH TO DATE    1.70                      2.04  -0.34     1.73
  SINCE MAR 1      2.57                      5.19  -2.62     3.56
  SINCE JAN 1      3.33                      9.94  -6.61    10.71

SNOWFALL (IN)
  TODAY            0.0           0.0    MM   0.0    0.0      0.0
  MONTH TO DATE    0.0                       0.2   -0.2      0.0
  SINCE MAR 1      0.1                       0.3   -0.2      0.0
  SINCE JUL 1      0.1                       1.2   -1.1       T
  SNOW DEPTH       0

..................................................................


WIND (MPH)
  HIGHEST WIND SPEED    25   HIGHEST WIND DIRECTION     S (160)
  HIGHEST GUST SPEED    33   HIGHEST GUST DIRECTION     S (170)
  AVERAGE WIND SPEED    14.1




..........................................................


THE WACO CLIMATE NORMALS FOR TOMORROW
                         NORMAL    RECORD    YEAR
 MAXIMUM TEMPERATURE (F)   80        94      1996
 MINIMUM TEMPERATURE (F)   57        38      1910


SUNRISE AND SUNSET
APRIL 24 2014.........SUNRISE   650 AM CDT   SUNSET   804 PM CDT
APRIL 25 2014.........SUNRISE   649 AM CDT   SUNSET   805 PM CDT


-  INDICATES NEGATIVE NUMBERS.
R  INDICATES RECORD WAS SET OR TIED.
MM INDICATES DATA IS MISSING.
T  INDICATES TRACE AMOUNT.




$$
