000
CDUS44 KFWD 250637
CLIACT

CLIMATE REPORT
NATIONAL WEATHER SERVICE FORT WORTH TX
140 AM CDT MON JUL 25 2016

...................................

...THE WACO CLIMATE SUMMARY FOR JULY 24 2016...

CLIMATE NORMAL PERIOD 1981 TO 2010
CLIMATE RECORD PERIOD 1901 TO 2016


WEATHER ITEM   OBSERVED TIME   RECORD YEAR NORMAL DEPARTURE LAST
                VALUE   (LST)  VALUE       VALUE  FROM      YEAR
                                                  NORMAL
..................................................................
TEMPERATURE (F)
 YESTERDAY
  MAXIMUM        101    333 PM 105    2011  97      4       98
                                      1977
                                      1969
  MINIMUM         80    624 AM  65    1989  75      5       75
                                      1942
                                      1915
  AVERAGE         91                        86      5       87

PRECIPITATION (IN)
  YESTERDAY        0.00          2.74 1971   0.05  -0.05     0.00
  MONTH TO DATE    T                         1.39  -1.39     0.00
  SINCE JUN 1      4.59                      4.82  -0.23     5.97
  SINCE JAN 1     27.23                     19.71   7.52    27.31

DEGREE DAYS
 HEATING
  YESTERDAY        0                         0      0        0
  MONTH TO DATE    0                         0      0        0
  SINCE JUN 1      0                         0      0        0
  SINCE JUL 1      0                         0      0        0

 COOLING
  YESTERDAY       26                        21      5       22
  MONTH TO DATE  547                       479     68      486
  SINCE JUN 1   1076                       967    109      990
  SINCE JAN 1   1467                      1419     48     1425
..................................................................


WIND (MPH)
  HIGHEST WIND SPEED    18   HIGHEST WIND DIRECTION     S (190)
  HIGHEST GUST SPEED    24   HIGHEST GUST DIRECTION    SW (240)
  AVERAGE WIND SPEED     8.5


SKY COVER
  POSSIBLE SUNSHINE  MM
  AVERAGE SKY COVER 0.1


WEATHER CONDITIONS
 THE FOLLOWING WEATHER WAS RECORDED YESTERDAY.
  NO SIGNIFICANT WEATHER WAS OBSERVED.


RELATIVE HUMIDITY (PERCENT)
 HIGHEST    79           700 AM
 LOWEST     33           200 PM
 AVERAGE    56

..........................................................


THE WACO CLIMATE NORMALS FOR TODAY
                         NORMAL    RECORD    YEAR
 MAXIMUM TEMPERATURE (F)   97       108      1954
 MINIMUM TEMPERATURE (F)   75        65      1911


SUNRISE AND SUNSET
JULY 25 2016..........SUNRISE   641 AM CDT   SUNSET   830 PM CDT
JULY 26 2016..........SUNRISE   641 AM CDT   SUNSET   829 PM CDT


-  INDICATES NEGATIVE NUMBERS.
R  INDICATES RECORD WAS SET OR TIED.
MM INDICATES DATA IS MISSING.
T  INDICATES TRACE AMOUNT.

$$
