000
CDUS44 KFWD 290637
CLIACT


CLIMATE REPORT
NATIONAL WEATHER SERVICE FORT WORTH TX
136 AM CDT WED JUL 29 2015

...................................

...THE WACO CLIMATE SUMMARY FOR JULY 28 2015...

CLIMATE NORMAL PERIOD 1981 TO 2010
CLIMATE RECORD PERIOD 1901 TO 2015


WEATHER ITEM   OBSERVED TIME   RECORD YEAR NORMAL DEPARTURE LAST
                VALUE   (LST)  VALUE       VALUE  FROM      YEAR
                                                  NORMAL
..................................................................
TEMPERATURE (F)
 YESTERDAY
  MAXIMUM         99    332 PM 106    1969  98      1      100
  MINIMUM         77    616 AM  60    1994  75      2       74
  AVERAGE         88                        86      2       87

PRECIPITATION (IN)
  YESTERDAY        0.00          2.02 1902   0.06  -0.06     0.00
  MONTH TO DATE    0.00                      1.62  -1.62     0.15
  SINCE JUN 1      5.97                      5.05   0.92     8.46
  SINCE JAN 1     27.31                     19.94   7.37    19.60

DEGREE DAYS
 HEATING
  YESTERDAY        0                         0      0        0
  MONTH TO DATE    0                         0      0        0
  SINCE JUN 1      0                         0      0        0
  SINCE JUL 1      0                         0      0        0

 COOLING
  YESTERDAY       23                        21      2       22
  MONTH TO DATE  578                       563     15      510
  SINCE JUN 1   1082                      1051     31      991
  SINCE JAN 1   1517                      1503     14     1378
..................................................................


WIND (MPH)
  HIGHEST WIND SPEED    18   HIGHEST WIND DIRECTION     S (180)
  HIGHEST GUST SPEED    23   HIGHEST GUST DIRECTION     S (180)
  AVERAGE WIND SPEED    12.6


SKY COVER
  POSSIBLE SUNSHINE  MM
  AVERAGE SKY COVER 0.1


WEATHER CONDITIONS
 THE FOLLOWING WEATHER WAS RECORDED YESTERDAY.
  NO SIGNIFICANT WEATHER WAS OBSERVED.


RELATIVE HUMIDITY (PERCENT)
 HIGHEST    88           600 AM
 LOWEST     33           500 PM
 AVERAGE    61

..........................................................


THE WACO CLIMATE NORMALS FOR TODAY
                         NORMAL    RECORD    YEAR
 MAXIMUM TEMPERATURE (F)   98       106      1986
                                             1974
                                             1912
 MINIMUM TEMPERATURE (F)   75        65      1994


SUNRISE AND SUNSET
JULY 29 2015..........SUNRISE   643 AM CDT   SUNSET   827 PM CDT
JULY 30 2015..........SUNRISE   644 AM CDT   SUNSET   827 PM CDT


-  INDICATES NEGATIVE NUMBERS.
R  INDICATES RECORD WAS SET OR TIED.
MM INDICATES DATA IS MISSING.
T  INDICATES TRACE AMOUNT.

$$
