000
CDUS44 KFWD 072121
CLIACT


CLIMATE REPORT
NATIONAL WEATHER SERVICE FORT WORTH TX
421 PM CDT TUE JUL 7 2015


...................................

...THE WACO CLIMATE SUMMARY FOR JULY 7 2015...
VALID AS OF 0400 PM LOCAL TIME.

CLIMATE NORMAL PERIOD 1981 TO 2010
CLIMATE RECORD PERIOD 1901 TO 2015


WEATHER ITEM   OBSERVED TIME   RECORD YEAR NORMAL DEPARTURE LAST
                VALUE   (LST)  VALUE       VALUE  FROM      YEAR
                                                  NORMAL
..................................................................
TEMPERATURE (F)
 TODAY
  MAXIMUM         92    243 PM 105    1998  95     -3       95
  MINIMUM         78    622 AM  64    1968  74      4       74
  AVERAGE         85

PRECIPITATION (IN)
  TODAY            0.00          1.16 1932   0.06  -0.06     0.00
  MONTH TO DATE    0.00                      0.45  -0.45      T
  SINCE JUN 1      5.97                      3.88   2.09     8.31
  SINCE JAN 1     27.31                     18.77   8.54    19.45

..................................................................


WIND (MPH)
  HIGHEST WIND SPEED    26   HIGHEST WIND DIRECTION     S (190)
  HIGHEST GUST SPEED    31   HIGHEST GUST DIRECTION     S (190)
  AVERAGE WIND SPEED    17.5




..........................................................


THE WACO CLIMATE NORMALS FOR TOMORROW
                         NORMAL    RECORD    YEAR
 MAXIMUM TEMPERATURE (F)   95       105      1939
 MINIMUM TEMPERATURE (F)   74        63      1983


SUNRISE AND SUNSET
JULY  7 2015..........SUNRISE   630 AM CDT   SUNSET   837 PM CDT
JULY  8 2015..........SUNRISE   630 AM CDT   SUNSET   837 PM CDT


-  INDICATES NEGATIVE NUMBERS.
R  INDICATES RECORD WAS SET OR TIED.
MM INDICATES DATA IS MISSING.
T  INDICATES TRACE AMOUNT.




$$
