000
CDUS41 KPHI 310631
CLIACY


CLIMATE REPORT
NATIONAL WEATHER SERVICE MOUNT HOLLY NJ
231 AM EDT THU JUL 31 2014


...................................

...THE ATLANTIC CITY NJ CLIMATE SUMMARY FOR JULY 30 2014...

CLIMATE NORMAL PERIOD 1981 TO 2010
CLIMATE RECORD PERIOD 1874 TO 2014


WEATHER ITEM   OBSERVED TIME   RECORD YEAR NORMAL DEPARTURE LAST
                VALUE   (LST)  VALUE       VALUE  FROM      YEAR
                                                  NORMAL
..................................................................
TEMPERATURE (F)
 YESTERDAY
  MAXIMUM         80    417 PM  98    1917  85     -5       83
  MINIMUM         59    524 AM  53    1981  67     -8       59
                                      1968
  AVERAGE         70                        76     -6       71

PRECIPITATION (IN)
  YESTERDAY        0.00          2.45 1878   0.13  -0.13     0.00
  MONTH TO DATE    5.09                      3.59   1.50     3.40
  SINCE JUN 1      6.63                      6.70  -0.07    10.93
  SINCE JAN 1     26.81                     23.98   2.83    28.49

SNOWFALL (IN)
  YESTERDAY        0.0           0.0  1903   0.0    0.0      0.0
  MONTH TO DATE    0.0                       0.0    0.0      0.0
  SINCE JUN 1      0.0                       0.0    0.0      0.0
  SINCE JUL 1      0.0                       0.0    0.0      0.0
  SNOW DEPTH       0

DEGREE DAYS
 HEATING
  YESTERDAY        0                         0      0        0
  MONTH TO DATE    0                         0      0        0
  SINCE JUN 1     10                        27    -17        8
  SINCE JUL 1      0                         0      0        0

 COOLING
  YESTERDAY        5                        11     -6        6
  MONTH TO DATE  286                       335    -49      422
  SINCE JUN 1    482                       538    -56      633
  SINCE JAN 1    518                       602    -84      727
..................................................................


WIND (MPH)
  HIGHEST WIND SPEED    12   HIGHEST WIND DIRECTION    SW (220)
  HIGHEST GUST SPEED    17   HIGHEST GUST DIRECTION    NW (330)
  AVERAGE WIND SPEED     5.4


SKY COVER
  POSSIBLE SUNSHINE  MM
  AVERAGE SKY COVER 0.2


WEATHER CONDITIONS
 THE FOLLOWING WEATHER WAS RECORDED YESTERDAY.
  NO SIGNIFICANT WEATHER WAS OBSERVED.


RELATIVE HUMIDITY (PERCENT)
 HIGHEST    90           200 AM
 LOWEST     35           400 PM
 AVERAGE    63

..........................................................


THE ATLANTIC CITY NJ CLIMATE NORMALS FOR TODAY
                         NORMAL    RECORD    YEAR
 MAXIMUM TEMPERATURE (F)   85        99      1917
 MINIMUM TEMPERATURE (F)   67        54      2001


SUNRISE AND SUNSET
JULY 31 2014..........SUNRISE   557 AM EDT   SUNSET   812 PM EDT
AUGUST  1 2014........SUNRISE   558 AM EDT   SUNSET   811 PM EDT


-  INDICATES NEGATIVE NUMBERS.
R  INDICATES RECORD WAS SET OR TIED.
MM INDICATES DATA IS MISSING.
T  INDICATES TRACE AMOUNT.




$$
