000
CDUS41 KPHI 242130
CLIACY


CLIMATE REPORT
NATIONAL WEATHER SERVICE MOUNT HOLLY NJ
530 PM EDT SUN MAY 24 2015


...................................

...THE ATLANTIC CITY NJ CLIMATE SUMMARY FOR MAY 24 2015...
VALID TODAY AS OF 0500 PM LOCAL TIME.

CLIMATE NORMAL PERIOD 1981 TO 2010
CLIMATE RECORD PERIOD 1874 TO 2015


WEATHER ITEM   OBSERVED TIME   RECORD YEAR NORMAL DEPARTURE LAST
                VALUE   (LST)  VALUE       VALUE  FROM      YEAR
                                                  NORMAL
..................................................................
TEMPERATURE (F)
 TODAY
  MAXIMUM         76   1228 PM  94    1964  74      2       72
  MINIMUM         49    503 AM  38    1963  54     -5       52
  AVERAGE         63                        64     -1       62

PRECIPITATION (IN)
  TODAY            0.00          3.21 1978   0.12  -0.12     0.10
  MONTH TO DATE    0.71                      2.54  -1.83     1.76
  SINCE MAR 1      9.90                     10.38  -0.48    11.13
  SINCE JAN 1     17.96                     16.47   1.49    19.68

SNOWFALL (IN)
  TODAY            0.0           0.0  1903   0.0    0.0      0.0
  MONTH TO DATE    0.0                       0.0    0.0      0.0
  SINCE MAR 1      7.4                       1.4    6.0     15.6
  SINCE JUL 1     22.4                      16.5    5.9     43.8
  SNOW DEPTH       0

DEGREE DAYS
 HEATING
  TODAY            2                         4     -2        3
  MONTH TO DATE   80                       153    -73      101
  SINCE MAR 1   1279                      1266     13     1414
  SINCE JUL 1   5154                      4857    297     5277

 COOLING
  TODAY            0                         2     -2        0
  MONTH TO DATE   72                        34     38       14
  SINCE MAR 1     72                        43     29       14
  SINCE JAN 1     72                        43     29       14
..................................................................


WIND (MPH)
  HIGHEST WIND SPEED    20   HIGHEST WIND DIRECTION     S (190)
  HIGHEST GUST SPEED    26   HIGHEST GUST DIRECTION     S (200)
  AVERAGE WIND SPEED     9.1


SKY COVER
  POSSIBLE SUNSHINE  MM
  AVERAGE SKY COVER 0.0


WEATHER CONDITIONS
 THE FOLLOWING WEATHER WAS RECORDED TODAY.
  NO SIGNIFICANT WEATHER WAS OBSERVED.


RELATIVE HUMIDITY (PERCENT)
 HIGHEST    93           300 AM
 LOWEST     38           200 PM
 AVERAGE    66

..........................................................


THE ATLANTIC CITY NJ CLIMATE NORMALS FOR TOMORROW
                         NORMAL    RECORD    YEAR
 MAXIMUM TEMPERATURE (F)   74        94      1991
 MINIMUM TEMPERATURE (F)   54        38      1963


SUNRISE AND SUNSET
MAY 24 2015...........SUNRISE   538 AM EDT   SUNSET   813 PM EDT
MAY 25 2015...........SUNRISE   537 AM EDT   SUNSET   814 PM EDT


-  INDICATES NEGATIVE NUMBERS.
R  INDICATES RECORD WAS SET OR TIED.
MM INDICATES DATA IS MISSING.
T  INDICATES TRACE AMOUNT.




$$
