000
CDUS41 KPHI 072127
CLIACY


CLIMATE REPORT
NATIONAL WEATHER SERVICE MOUNT HOLLY NJ
526 PM EDT TUE JUL 7 2015


...................................

...THE ATLANTIC CITY NJ CLIMATE SUMMARY FOR JULY 7 2015...
VALID TODAY AS OF 0500 PM LOCAL TIME.

CLIMATE NORMAL PERIOD 1981 TO 2010
CLIMATE RECORD PERIOD 1874 TO 2015


WEATHER ITEM   OBSERVED TIME   RECORD YEAR NORMAL DEPARTURE LAST
                VALUE   (LST)  VALUE       VALUE  FROM      YEAR
                                                  NORMAL
..................................................................
TEMPERATURE (F)
 TODAY
  MAXIMUM         89    148 PM 100    2012  85      4       91
  MINIMUM         76    552 AM  47    1980  67      9       69
  AVERAGE         83                        76      7       80

PRECIPITATION (IN)
  TODAY            0.00          1.24 1984   0.11  -0.11     0.00
  MONTH TO DATE    1.62                      0.79   0.83     1.71
  SINCE JUN 1      9.98                      3.90   6.08     3.25
  SINCE JAN 1     27.94                     21.18   6.76    23.43

SNOWFALL (IN)
  TODAY            0.0           0.0  1903   0.0    0.0      0.0
  MONTH TO DATE    0.0                       0.0    0.0      0.0
  SINCE JUN 1      0.0                       0.0    0.0      0.0
  SINCE JUL 1      0.0                       0.0    0.0      0.0
  SNOW DEPTH      MM

DEGREE DAYS
 HEATING
  TODAY            0                         0      0        0
  MONTH TO DATE    0                         0      0        0
  SINCE JUN 1     26                        27     -1       10
  SINCE JUL 1      0                         0      0        0

 COOLING
  TODAY           18                        11      7       15
  MONTH TO DATE   67                        74     -7       80
  SINCE JUN 1    312                       277     35      276
  SINCE JAN 1    446                       341    105      312
..................................................................


WIND (MPH)
  HIGHEST WIND SPEED    17   HIGHEST WIND DIRECTION    SW (220)
  HIGHEST GUST SPEED    24   HIGHEST GUST DIRECTION     S (200)
  AVERAGE WIND SPEED    12.2


SKY COVER
  POSSIBLE SUNSHINE  MM
  AVERAGE SKY COVER 0.5


WEATHER CONDITIONS
 THE FOLLOWING WEATHER WAS RECORDED TODAY.
  NO SIGNIFICANT WEATHER WAS OBSERVED.


RELATIVE HUMIDITY (PERCENT)
 HIGHEST    70          1100 AM
 LOWEST     55           200 PM
 AVERAGE    63

..........................................................


THE ATLANTIC CITY NJ CLIMATE NORMALS FOR TOMORROW
                         NORMAL    RECORD    YEAR
 MAXIMUM TEMPERATURE (F)   86        98      1993
 MINIMUM TEMPERATURE (F)   67        53      2000


SUNRISE AND SUNSET
JULY  7 2015..........SUNRISE   538 AM EDT   SUNSET   828 PM EDT
JULY  8 2015..........SUNRISE   539 AM EDT   SUNSET   828 PM EDT


-  INDICATES NEGATIVE NUMBERS.
R  INDICATES RECORD WAS SET OR TIED.
MM INDICATES DATA IS MISSING.
T  INDICATES TRACE AMOUNT.




$$
