000
CDUS41 KPHI 240630
CLIACY


CLIMATE REPORT
NATIONAL WEATHER SERVICE MOUNT HOLLY NJ
229 AM EDT TUE MAY 24 2016


...................................

...THE ATLANTIC CITY NJ CLIMATE SUMMARY FOR MAY 23 2016...

CLIMATE NORMAL PERIOD 1981 TO 2010
CLIMATE RECORD PERIOD 1874 TO 2016


WEATHER ITEM   OBSERVED TIME   RECORD YEAR NORMAL DEPARTURE LAST
                VALUE   (LST)  VALUE       VALUE  FROM      YEAR
                                                  NORMAL
..................................................................
TEMPERATURE (F)
 YESTERDAY
  MAXIMUM         69    120 PM  95    1925  73     -4       69
  MINIMUM         54    451 AM  39    1981  53      1       43
  AVERAGE         62                        63     -1       56

PRECIPITATION (IN)
  YESTERDAY        0.15          0.87 1985   0.12   0.03     0.00
  MONTH TO DATE    4.76                      2.42   2.34     0.71
  SINCE MAR 1     10.79                     10.26   0.53     8.19
  SINCE JAN 1     18.14                     16.35   1.79    16.25

SNOWFALL (IN)
  YESTERDAY        0.0           0.0  1903   0.0    0.0      0.0
  MONTH TO DATE    0.0                       0.0    0.0      0.0
  SINCE MAR 1      6.9                       1.4    5.5      7.4
  SINCE JUL 1     27.5                      16.5   11.0     22.4
  SNOW DEPTH       0

DEGREE DAYS
 HEATING
  YESTERDAY        3                         4     -1        9
  MONTH TO DATE  194                       149     45       78
  SINCE MAR 1   1169                      1262    -93     1277
  SINCE JUL 1   4050                      4853   -803     5152

 COOLING
  YESTERDAY        0                         2     -2        0
  MONTH TO DATE    0                        32    -32       72
  SINCE MAR 1     14                        41    -27       72
  SINCE JAN 1     14                        41    -27       72
..................................................................


WIND (MPH)
  HIGHEST WIND SPEED    18   HIGHEST WIND DIRECTION     E (80)
  HIGHEST GUST SPEED    23   HIGHEST GUST DIRECTION     E (80)
  AVERAGE WIND SPEED     6.4


SKY COVER
  POSSIBLE SUNSHINE  MM
  AVERAGE SKY COVER 0.6


WEATHER CONDITIONS
 THE FOLLOWING WEATHER WAS RECORDED YESTERDAY.
  RAIN
  LIGHT RAIN
  FOG


RELATIVE HUMIDITY (PERCENT)
 HIGHEST    93          1200 AM
 LOWEST     47          1100 AM
 AVERAGE    70

..........................................................


THE ATLANTIC CITY NJ CLIMATE NORMALS FOR TODAY
                         NORMAL    RECORD    YEAR
 MAXIMUM TEMPERATURE (F)   74        94      1964
 MINIMUM TEMPERATURE (F)   54        38      1963


SUNRISE AND SUNSET
MAY 24 2016...........SUNRISE   537 AM EDT   SUNSET   814 PM EDT
MAY 25 2016...........SUNRISE   536 AM EDT   SUNSET   814 PM EDT


-  INDICATES NEGATIVE NUMBERS.
R  INDICATES RECORD WAS SET OR TIED.
MM INDICATES DATA IS MISSING.
T  INDICATES TRACE AMOUNT.




$$
