000
CDUS41 KPHI 180632
CLIACY


CLIMATE REPORT
NATIONAL WEATHER SERVICE MOUNT HOLLY NJ
229 AM EDT FRI APR 18 2014


...................................

...THE ATLANTIC CITY NJ CLIMATE SUMMARY FOR APRIL 17 2014...

CLIMATE NORMAL PERIOD 1981 TO 2010
CLIMATE RECORD PERIOD 1874 TO 2014


WEATHER ITEM   OBSERVED TIME   RECORD YEAR NORMAL DEPARTURE LAST
                VALUE   (LST)  VALUE       VALUE  FROM      YEAR
                                                  NORMAL
..................................................................
TEMPERATURE (F)
 YESTERDAY
  MAXIMUM         46    206 PM  94    2002  62    -16       70
  MINIMUM         28    142 AM  26    1980  42    -14       45
  AVERAGE         37                        52    -15       58

PRECIPITATION (IN)
  YESTERDAY        0.00          1.49 1954   0.12  -0.12     0.00
  MONTH TO DATE    1.46                      2.21  -0.75     1.43
  SINCE MAR 1      6.46                      6.42   0.04     6.09
  SINCE JAN 1     15.01                     12.51   2.50    13.55

SNOWFALL (IN)
  YESTERDAY        0.0           0.0  1903   0.0    0.0      0.0
  MONTH TO DATE    T                         0.2   -0.2      0.0
  SINCE MAR 1     15.6                       1.3   14.3      3.2
  SINCE JUL 1     43.8                      16.4   27.4     14.6
  SNOW DEPTH       0

DEGREE DAYS
 HEATING
  YESTERDAY       28                        13     15        7
  MONTH TO DATE  256                       264     -8      237
  SINCE MAR 1   1115                       970    145     1041
  SINCE JUL 1   4978                      4561    417     4459

 COOLING
  YESTERDAY        0                         0      0        0
  MONTH TO DATE    0                         0      0       15
  SINCE MAR 1      0                         0      0       15
  SINCE JAN 1      0                         0      0       15
..................................................................


WIND (MPH)
  HIGHEST WIND SPEED    22   HIGHEST WIND DIRECTION     E (100)
  HIGHEST GUST SPEED    30   HIGHEST GUST DIRECTION    NE (50)
  AVERAGE WIND SPEED    12.1


SKY COVER
  POSSIBLE SUNSHINE  MM
  AVERAGE SKY COVER 0.6


WEATHER CONDITIONS
 THE FOLLOWING WEATHER WAS RECORDED YESTERDAY.
  NO SIGNIFICANT WEATHER WAS OBSERVED.


RELATIVE HUMIDITY (PERCENT)
 HIGHEST    85          1200 AM
 LOWEST     53           900 AM
 AVERAGE    69

..........................................................


THE ATLANTIC CITY NJ CLIMATE NORMALS FOR TODAY
                         NORMAL    RECORD    YEAR
 MAXIMUM TEMPERATURE (F)   63        87      2002
 MINIMUM TEMPERATURE (F)   43        25      1875


SUNRISE AND SUNSET
APRIL 18 2014.........SUNRISE   617 AM EDT   SUNSET   739 PM EDT
APRIL 19 2014.........SUNRISE   615 AM EDT   SUNSET   740 PM EDT


-  INDICATES NEGATIVE NUMBERS.
R  INDICATES RECORD WAS SET OR TIED.
MM INDICATES DATA IS MISSING.
T  INDICATES TRACE AMOUNT.




$$
