000
CDUS41 KPHI 290628
CLIACY


CLIMATE REPORT
NATIONAL WEATHER SERVICE MOUNT HOLLY NJ
227 AM EDT FRI JUL 29 2016


...................................

...THE ATLANTIC CITY NJ CLIMATE SUMMARY FOR JULY 28 2016...

CLIMATE NORMAL PERIOD 1981 TO 2010
CLIMATE RECORD PERIOD 1874 TO 2016


WEATHER ITEM   OBSERVED TIME   RECORD YEAR NORMAL DEPARTURE LAST
                VALUE   (LST)  VALUE       VALUE  FROM      YEAR
                                                  NORMAL
..................................................................
TEMPERATURE (F)
 YESTERDAY
  MAXIMUM         90    104 PM  98    1999  85      5       87
  MINIMUM         70    522 AM  50    1977  67      3       73
  AVERAGE         80                        76      4       80

PRECIPITATION (IN)
  YESTERDAY        1.18          2.05 2012   0.12   1.06     0.25
  MONTH TO DATE    8.35                      3.34   5.01     6.58
  SINCE JUN 1     10.66                      6.45   4.21    14.94
  SINCE JAN 1     30.72                     23.73   6.99    31.19

SNOWFALL (IN)
  YESTERDAY        0.0           0.0  1903   0.0    0.0      0.0
  MONTH TO DATE    0.0                       0.0    0.0      0.0
  SINCE JUN 1      0.0                       0.0    0.0      0.0
  SINCE JUL 1      0.0                       0.0    0.0      0.0
  SNOW DEPTH       0

DEGREE DAYS
 HEATING
  YESTERDAY        0                         0      0        0
  MONTH TO DATE    0                         0      0        0
  SINCE JUN 1      4                        27    -23       26
  SINCE JUL 1      0                         0      0        0

 COOLING
  YESTERDAY       15                        11      4       15
  MONTH TO DATE  372                       313     59      311
  SINCE JUN 1    564                       516     48      556
  SINCE JAN 1    643                       580     63      690
..................................................................


WIND (MPH)
  HIGHEST WIND SPEED    17   HIGHEST WIND DIRECTION     N (340)
  HIGHEST GUST SPEED    21   HIGHEST GUST DIRECTION     N (340)
  AVERAGE WIND SPEED     4.6


SKY COVER
  POSSIBLE SUNSHINE  MM
  AVERAGE SKY COVER 0.4


WEATHER CONDITIONS
 THE FOLLOWING WEATHER WAS RECORDED YESTERDAY.
  THUNDERSTORM
  HEAVY RAIN
  RAIN
  LIGHT RAIN
  FOG
  HAZE


RELATIVE HUMIDITY (PERCENT)
 HIGHEST    93           200 AM
 LOWEST     50          1100 AM
 AVERAGE    72

..........................................................


THE ATLANTIC CITY NJ CLIMATE NORMALS FOR TODAY
                         NORMAL    RECORD    YEAR
 MAXIMUM TEMPERATURE (F)   85        98      2002
 MINIMUM TEMPERATURE (F)   67        53      1992
                                             1880


SUNRISE AND SUNSET
JULY 29 2016..........SUNRISE   556 AM EDT   SUNSET   813 PM EDT
JULY 30 2016..........SUNRISE   557 AM EDT   SUNSET   812 PM EDT


-  INDICATES NEGATIVE NUMBERS.
R  INDICATES RECORD WAS SET OR TIED.
MM INDICATES DATA IS MISSING.
T  INDICATES TRACE AMOUNT.




$$
