000
CDUS41 KPHI 230627
CLIACY


CLIMATE REPORT
NATIONAL WEATHER SERVICE MOUNT HOLLY NJ
227 AM EDT THU OCT 23 2014


...................................

...THE ATLANTIC CITY NJ CLIMATE SUMMARY FOR OCTOBER 22 2014...

CLIMATE NORMAL PERIOD 1981 TO 2010
CLIMATE RECORD PERIOD 1874 TO 2014


WEATHER ITEM   OBSERVED TIME   RECORD YEAR NORMAL DEPARTURE LAST
                VALUE   (LST)  VALUE       VALUE  FROM      YEAR
                                                  NORMAL
..................................................................
TEMPERATURE (F)
 YESTERDAY
  MAXIMUM         62   1129 AM  85    1920  65     -3       71
  MINIMUM         51   1159 PM  28    1974  44      7       43
  AVERAGE         57                        54      3       57

PRECIPITATION (IN)
  YESTERDAY        0.95          1.57 1880   0.11   0.84     0.00
  MONTH TO DATE    3.11                      2.41   0.70     4.25
  SINCE SEP 1      6.63                      5.56   1.07     5.43
  SINCE JAN 1     43.35                     33.78   9.57    36.85

SNOWFALL (IN)
  YESTERDAY        0.0           0.0  1903   0.0    0.0      0.0
  MONTH TO DATE    0.0                       0.0    0.0      0.0
  SINCE SEP 1      0.0                       0.0    0.0      0.0
  SINCE JUL 1      0.0                       0.0    0.0      0.0
  SNOW DEPTH       0

DEGREE DAYS
 HEATING
  YESTERDAY        8                        11     -3        8
  MONTH TO DATE  138                       182    -44      107
  SINCE SEP 1    176                       241    -65      209
  SINCE JUL 1    176                       244    -68      209

 COOLING
  YESTERDAY        0                         0      0        0
  MONTH TO DATE   15                        16     -1       36
  SINCE SEP 1    145                       141      4      132
  SINCE JAN 1    857                      1050   -193     1088
..................................................................


WIND (MPH)
  HIGHEST WIND SPEED    24   HIGHEST WIND DIRECTION     N (20)
  HIGHEST GUST SPEED    31   HIGHEST GUST DIRECTION    NE (30)
  AVERAGE WIND SPEED    14.0


SKY COVER
  POSSIBLE SUNSHINE  MM
  AVERAGE SKY COVER 0.9


WEATHER CONDITIONS
 THE FOLLOWING WEATHER WAS RECORDED YESTERDAY.
  HEAVY RAIN
  RAIN
  LIGHT RAIN
  FOG


RELATIVE HUMIDITY (PERCENT)
 HIGHEST   100          1200 AM
 LOWEST     78          1100 AM
 AVERAGE    89

..........................................................


THE ATLANTIC CITY NJ CLIMATE NORMALS FOR TODAY
                         NORMAL    RECORD    YEAR
 MAXIMUM TEMPERATURE (F)   64        79      2007
 MINIMUM TEMPERATURE (F)   43        27      1997
                                             1969


SUNRISE AND SUNSET
OCTOBER 23 2014.......SUNRISE   716 AM EDT   SUNSET   608 PM EDT
OCTOBER 24 2014.......SUNRISE   718 AM EDT   SUNSET   607 PM EDT


-  INDICATES NEGATIVE NUMBERS.
R  INDICATES RECORD WAS SET OR TIED.
MM INDICATES DATA IS MISSING.
T  INDICATES TRACE AMOUNT.




$$
