000
CDUS41 KPHI 060636
CLIACY


CLIMATE REPORT
NATIONAL WEATHER SERVICE MOUNT HOLLY NJ
135 AM EST SAT FEB 6 2016


...................................

...THE ATLANTIC CITY NJ CLIMATE SUMMARY FOR FEBRUARY 5 2016...

CLIMATE NORMAL PERIOD 1981 TO 2010
CLIMATE RECORD PERIOD 1874 TO 2016


WEATHER ITEM   OBSERVED TIME   RECORD YEAR NORMAL DEPARTURE LAST
                VALUE   (LST)  VALUE       VALUE  FROM      YEAR
                                                  NORMAL
..................................................................
TEMPERATURE (F)
 YESTERDAY
  MAXIMUM         42   1216 AM  72    1991  42      0       42
  MINIMUM         27   1159 PM  -8    1996  25      2       15
  AVERAGE         35                        34      1       29

PRECIPITATION (IN)
  YESTERDAY        0.73          1.50 2001   0.10   0.63     0.00
  MONTH TO DATE    1.52                      0.49   1.03     1.10
  SINCE DEC 1      9.80                      7.40   2.40    11.91
  SINCE JAN 1      4.36                      3.71   0.65     6.38

SNOWFALL (IN)
  YESTERDAY        2.1           3.6  2010   0.3    1.8      0.0
  MONTH TO DATE    2.1                       1.3    0.8       T
  SINCE DEC 1     18.8                       9.5    9.3      5.2
  SINCE JUL 1     18.8                       9.7    9.1      5.2
  SNOW DEPTH       1

DEGREE DAYS
 HEATING
  YESTERDAY       30                        31     -1       36
  MONTH TO DATE   97                       157    -60      175
  SINCE DEC 1   1508                      2011   -503     2015
  SINCE JUL 1   2203                      2918   -715     2922

 COOLING
  YESTERDAY        0                         0      0        0
  MONTH TO DATE    0                         0      0        0
  SINCE DEC 1      3                         0      3        0
  SINCE JAN 1      0                         0      0        0
..................................................................


WIND (MPH)
  HIGHEST WIND SPEED    21   HIGHEST WIND DIRECTION     N (10)
  HIGHEST GUST SPEED    28   HIGHEST GUST DIRECTION     N (10)
  AVERAGE WIND SPEED    11.4


SKY COVER
  POSSIBLE SUNSHINE  MM
  AVERAGE SKY COVER 0.7


WEATHER CONDITIONS
 THE FOLLOWING WEATHER WAS RECORDED YESTERDAY.
  RAIN
  LIGHT RAIN
  HEAVY SNOW
  SNOW
  LIGHT SNOW
  FOG


RELATIVE HUMIDITY (PERCENT)
 HIGHEST   100          1000 AM
 LOWEST     59           600 PM
 AVERAGE    80

..........................................................


THE ATLANTIC CITY NJ CLIMATE NORMALS FOR TODAY
                         NORMAL    RECORD    YEAR
 MAXIMUM TEMPERATURE (F)   43        72      2008
 MINIMUM TEMPERATURE (F)   25        -3      1996
                                             1895


SUNRISE AND SUNSET
FEBRUARY  6 2016......SUNRISE   701 AM EST   SUNSET   524 PM EST
FEBRUARY  7 2016......SUNRISE   700 AM EST   SUNSET   525 PM EST


-  INDICATES NEGATIVE NUMBERS.
R  INDICATES RECORD WAS SET OR TIED.
MM INDICATES DATA IS MISSING.
T  INDICATES TRACE AMOUNT.




$$
