000
CDUS41 KPHI 012130
CLIACY


CLIMATE REPORT
NATIONAL WEATHER SERVICE MOUNT HOLLY NJ
428 PM EST SUN FEB 1 2015


...................................

...THE ATLANTIC CITY NJ CLIMATE SUMMARY FOR FEBRUARY 1 2015...
VALID TODAY AS OF 0400 PM LOCAL TIME.

CLIMATE NORMAL PERIOD 1981 TO 2010
CLIMATE RECORD PERIOD 1874 TO 2015


WEATHER ITEM   OBSERVED TIME   RECORD YEAR NORMAL DEPARTURE LAST
                VALUE   (LST)  VALUE       VALUE  FROM      YEAR
                                                  NORMAL
..................................................................
TEMPERATURE (F)
 TODAY
  MAXIMUM         41    256 PM  71    2002  42     -1       46
  MINIMUM         19    544 AM  -1    1971  25     -6       23
  AVERAGE         30                        33     -3       35

PRECIPITATION (IN)
  TODAY            0.00          1.97 2008   0.10  -0.10     0.01
  MONTH TO DATE    0.00                      0.10  -0.10     0.01
  SINCE DEC 1     10.81                      7.01   3.80     9.32
  SINCE JAN 1      5.28                      3.32   1.96     3.26

SNOWFALL (IN)
  TODAY            0.0           9.0  1958   0.2   -0.2      0.0
  MONTH TO DATE    0.0                       0.2   -0.2      0.0
  SINCE DEC 1      5.2                       8.4   -3.2     22.1
  SINCE JUL 1      5.2                       8.6   -3.4     22.1
  SNOW DEPTH       0

DEGREE DAYS
 HEATING
  TODAY           35                        32      3       30
  MONTH TO DATE   35                        32      3       30
  SINCE DEC 1   1875                      1886    -11     1975
  SINCE JUL 1   2782                      2793    -11     2978

 COOLING
  TODAY            0                         0      0        0
  MONTH TO DATE    0                         0      0        0
  SINCE DEC 1      0                         0      0        0
  SINCE JAN 1      0                         0      0        0
..................................................................


WIND (MPH)
  HIGHEST WIND SPEED    12   HIGHEST WIND DIRECTION     W (260)
  HIGHEST GUST SPEED    15   HIGHEST GUST DIRECTION     W (250)
  AVERAGE WIND SPEED     5.6


SKY COVER
  POSSIBLE SUNSHINE  MM
  AVERAGE SKY COVER 0.5


WEATHER CONDITIONS
 THE FOLLOWING WEATHER WAS RECORDED TODAY.
  NO SIGNIFICANT WEATHER WAS OBSERVED.


RELATIVE HUMIDITY (PERCENT)
 HIGHEST    67           600 AM
 LOWEST     41           300 PM
 AVERAGE    54

..........................................................


THE ATLANTIC CITY NJ CLIMATE NORMALS FOR TOMORROW
                         NORMAL    RECORD    YEAR
 MAXIMUM TEMPERATURE (F)   42        68      1988
 MINIMUM TEMPERATURE (F)   25        -4      1961


SUNRISE AND SUNSET
FEBRUARY  1 2015......SUNRISE   706 AM EST   SUNSET   518 PM EST
FEBRUARY  2 2015......SUNRISE   705 AM EST   SUNSET   519 PM EST


-  INDICATES NEGATIVE NUMBERS.
R  INDICATES RECORD WAS SET OR TIED.
MM INDICATES DATA IS MISSING.
T  INDICATES TRACE AMOUNT.




$$
