000
CDUS41 KPHI 050636
CLIACY


CLIMATE REPORT
NATIONAL WEATHER SERVICE MOUNT HOLLY NJ
234 AM EDT WED AUG 5 2015


...................................

...THE ATLANTIC CITY NJ CLIMATE SUMMARY FOR AUGUST 4 2015...

CLIMATE NORMAL PERIOD 1981 TO 2010
CLIMATE RECORD PERIOD 1874 TO 2015


WEATHER ITEM   OBSERVED TIME   RECORD YEAR NORMAL DEPARTURE LAST
                VALUE   (LST)  VALUE       VALUE  FROM      YEAR
                                                  NORMAL
..................................................................
TEMPERATURE (F)
 YESTERDAY
  MAXIMUM         93    316 PM  98    1995  85      8       83
  MINIMUM         73   1159 PM  51    1964  67      6       63
  AVERAGE         83                        76      7       73

PRECIPITATION (IN)
  YESTERDAY        0.16          3.29 2000   0.13   0.03     0.00
  MONTH TO DATE    0.16                      0.52  -0.36     2.84
  SINCE JUN 1     15.11                      7.35   7.76     9.47
  SINCE JAN 1     31.36                     24.63   6.73    29.65

SNOWFALL (IN)
  YESTERDAY        0.0           0.0  1903   0.0    0.0      0.0
  MONTH TO DATE    0.0                       0.0    0.0      0.0
  SINCE JUN 1      0.0                       0.0    0.0      0.0
  SINCE JUL 1      0.0                       0.0    0.0      0.0
  SNOW DEPTH       0

DEGREE DAYS
 HEATING
  YESTERDAY        0                         0      0        0
  MONTH TO DATE    0                         0      0        0
  SINCE JUN 1     26                        27     -1       10
  SINCE JUL 1      0                         0      0        0

 COOLING
  YESTERDAY       18                        11      7        8
  MONTH TO DATE   61                        44     17       29
  SINCE JUN 1    666                       594     72      516
  SINCE JAN 1    800                       658    142      552
..................................................................


WIND (MPH)
  HIGHEST WIND SPEED    23   HIGHEST WIND DIRECTION     W (260)
  HIGHEST GUST SPEED    29   HIGHEST GUST DIRECTION     W (250)
  AVERAGE WIND SPEED     8.7


SKY COVER
  POSSIBLE SUNSHINE  MM
  AVERAGE SKY COVER 0.2


WEATHER CONDITIONS
 THE FOLLOWING WEATHER WAS RECORDED YESTERDAY.
  HEAVY RAIN
  RAIN
  LIGHT RAIN
  FOG


RELATIVE HUMIDITY (PERCENT)
 HIGHEST    94           300 AM
 LOWEST     36           200 PM
 AVERAGE    65

..........................................................


THE ATLANTIC CITY NJ CLIMATE NORMALS FOR TODAY
                         NORMAL    RECORD    YEAR
 MAXIMUM TEMPERATURE (F)   85        96      2010
 MINIMUM TEMPERATURE (F)   67        50      1992


SUNRISE AND SUNSET
AUGUST  5 2015........SUNRISE   601 AM EDT   SUNSET   807 PM EDT
AUGUST  6 2015........SUNRISE   602 AM EDT   SUNSET   805 PM EDT


-  INDICATES NEGATIVE NUMBERS.
R  INDICATES RECORD WAS SET OR TIED.
MM INDICATES DATA IS MISSING.
T  INDICATES TRACE AMOUNT.




$$
