295
CDUS41 KPHI 270630
CLIACY


CLIMATE REPORT
NATIONAL WEATHER SERVICE MOUNT HOLLY NJ
229 AM EDT MON MAR 27 2017


...................................

...THE ATLANTIC CITY NJ CLIMATE SUMMARY FOR MARCH 26 2017...

CLIMATE NORMAL PERIOD 1981 TO 2010
CLIMATE RECORD PERIOD 1874 TO 2017


WEATHER ITEM   OBSERVED TIME   RECORD YEAR NORMAL DEPARTURE LAST
                VALUE   (LST)  VALUE       VALUE  FROM      YEAR
                                                  NORMAL
..................................................................
TEMPERATURE (F)
 YESTERDAY
  MAXIMUM         46   1239 AM  72    1929  55     -9       53
  MINIMUM         42    656 PM  16    1981  36      6       37
  AVERAGE         44                        45     -1       45

PRECIPITATION (IN)
  YESTERDAY        0.00          1.72 1988   0.15  -0.15     0.00
  MONTH TO DATE    3.71                      3.51   0.20     2.47
  SINCE MAR 1      3.71                      3.51   0.20     2.47
  SINCE JAN 1      9.26                      9.60  -0.34     9.82

SNOWFALL (IN)
  YESTERDAY        0.0           0.4  1894   0.0    0.0      0.0
  MONTH TO DATE    0.2                       1.0   -0.8      5.1
  SINCE MAR 1      0.2                       1.0   -0.8      5.1
  SINCE JUL 1      7.7                      16.1   -8.4     25.7
  SNOW DEPTH       0

DEGREE DAYS
 HEATING
  YESTERDAY       21                        20      1       20
  MONTH TO DATE  643                       611     32      462
  SINCE MAR 1    643                       611     32      462
  SINCE JUL 1   3639                      4202   -563     3343

 COOLING
  YESTERDAY        0                         0      0        0
  MONTH TO DATE    0                         0      0        3
  SINCE MAR 1      0                         0      0        3
  SINCE JAN 1      0                         0      0        3
..................................................................


WIND (MPH)
  HIGHEST WIND SPEED    22   HIGHEST WIND DIRECTION     E (70)
  HIGHEST GUST SPEED    28   HIGHEST GUST DIRECTION     E (80)
  AVERAGE WIND SPEED    14.6


SKY COVER
  POSSIBLE SUNSHINE  MM
  AVERAGE SKY COVER 1.0


WEATHER CONDITIONS
 THE FOLLOWING WEATHER WAS RECORDED YESTERDAY.
  FOG
  HAZE


RELATIVE HUMIDITY (PERCENT)
 HIGHEST    96           800 PM
 LOWEST     76          1200 AM
 AVERAGE    86

..........................................................


THE ATLANTIC CITY NJ CLIMATE NORMALS FOR TODAY
                         NORMAL    RECORD    YEAR
 MAXIMUM TEMPERATURE (F)   55        83      2007
 MINIMUM TEMPERATURE (F)   36        12      2014


SUNRISE AND SUNSET
MARCH 27 2017.........SUNRISE   650 AM EDT   SUNSET   717 PM EDT
MARCH 28 2017.........SUNRISE   649 AM EDT   SUNSET   718 PM EDT


-  INDICATES NEGATIVE NUMBERS.
R  INDICATES RECORD WAS SET OR TIED.
MM INDICATES DATA IS MISSING.
T  INDICATES TRACE AMOUNT.




$$
