000
CDUS41 KPHI 012130
CLIACY


CLIMATE REPORT
NATIONAL WEATHER SERVICE MOUNT HOLLY NJ
530 PM EDT SAT OCT 1 2016


...................................

...THE ATLANTIC CITY NJ CLIMATE SUMMARY FOR OCTOBER 1 2016...
VALID TODAY AS OF 0500 PM LOCAL TIME.

CLIMATE NORMAL PERIOD 1981 TO 2010
CLIMATE RECORD PERIOD 1874 TO 2016


WEATHER ITEM   OBSERVED TIME   RECORD YEAR NORMAL DEPARTURE LAST
                VALUE   (LST)  VALUE       VALUE  FROM      YEAR
                                                  NORMAL
..................................................................
TEMPERATURE (F)
 TODAY
  MAXIMUM         65    311 PM  90    1941  72     -7       65
  MINIMUM         62    656 AM  36    1993  51     11       56
                                      1992
                                      1972
  AVERAGE         64                        61      3       61

PRECIPITATION (IN)
  TODAY            0.03          1.26 1958   0.11  -0.08     0.83
  MONTH TO DATE    0.03                      0.11  -0.08     0.83
  SINCE SEP 1      5.32                      3.26   2.06     2.43
  SINCE JAN 1     37.62                     31.48   6.14    34.88

SNOWFALL (IN)
  TODAY            0.0           0.0    MM   0.0    0.0      0.0
  MONTH TO DATE    0.0                       0.0    0.0      0.0
  SINCE SEP 1      0.0                       0.0    0.0      0.0
  SINCE JUL 1      0.0                       0.0    0.0      0.0
  SNOW DEPTH       0

DEGREE DAYS
 HEATING
  TODAY            1                         5     -4        4
  MONTH TO DATE    1                         5     -4        4
  SINCE SEP 1     16                        64    -48        4
  SINCE JUL 1     16                        67    -51        4

 COOLING
  TODAY            0                         2     -2        0
  MONTH TO DATE    0                         2     -2        0
  SINCE SEP 1    205                       127     78      206
  SINCE JAN 1   1308                      1036    272     1286
..................................................................


WIND (MPH)
  HIGHEST WIND SPEED    18   HIGHEST WIND DIRECTION    NE (60)
  HIGHEST GUST SPEED    25   HIGHEST GUST DIRECTION    NE (40)
  AVERAGE WIND SPEED    12.9


SKY COVER
  POSSIBLE SUNSHINE  MM
  AVERAGE SKY COVER 1.0


WEATHER CONDITIONS
 THE FOLLOWING WEATHER WAS RECORDED TODAY.
  LIGHT RAIN
  FOG


RELATIVE HUMIDITY (PERCENT)
 HIGHEST   100          1200 AM
 LOWEST     93           300 AM
 AVERAGE    97

..........................................................


THE ATLANTIC CITY NJ CLIMATE NORMALS FOR TOMORROW
                         NORMAL    RECORD    YEAR
 MAXIMUM TEMPERATURE (F)   71        85      2013
                                             2002
 MINIMUM TEMPERATURE (F)   51        32      1997


SUNRISE AND SUNSET
OCTOBER  1 2016.......SUNRISE   655 AM EDT   SUNSET   640 PM EDT
OCTOBER  2 2016.......SUNRISE   656 AM EDT   SUNSET   638 PM EDT


-  INDICATES NEGATIVE NUMBERS.
R  INDICATES RECORD WAS SET OR TIED.
MM INDICATES DATA IS MISSING.
T  INDICATES TRACE AMOUNT.




$$
