000
CDAK48 PAFC 141246
CLIADQ


CLIMATE REPORT
NATIONAL WEATHER SERVICE ANCHORAGE, AK
346 AM AKST THU DEC 14 2017


...................................

...THE KODIAK CLIMATE SUMMARY FOR DECEMBER 13 2017...

CLIMATE NORMAL PERIOD 1981 TO 2010
CLIMATE RECORD PERIOD 1913 TO 2017


WEATHER ITEM   OBSERVED TIME   RECORD YEAR NORMAL DEPARTURE LAST
                VALUE   (LST)  VALUE       VALUE  FROM      YEAR
                                                  NORMAL
..................................................................
TEMPERATURE (F)
 YESTERDAY
  MAXIMUM         45R   644 AM  44    1967  36      9       39
                                      1943
  MINIMUM         27   1150 PM   3    1925  26      1       26
  AVERAGE         36                        31      5       33

PRECIPITATION (IN)
  YESTERDAY        0.34          1.73 1951   0.29   0.05      T
  MONTH TO DATE    6.85                      3.67   3.18     1.47
  SINCE SEP 1     21.17                     26.15  -4.98    27.35
  SINCE JAN 1     61.69                     72.94 -11.25    78.65

SNOWFALL (IN)
  YESTERDAY        0.0           7.1  1959   0.5   -0.5       T
  MONTH TO DATE    0.0                       6.1   -6.1      3.6
  SINCE SEP 1      7.5                      13.6   -6.1      5.6
  SINCE JUL 1      7.5                      13.6   -6.1      5.6
  SNOW DEPTH       0

DEGREE DAYS
 HEATING
  YESTERDAY       29                        34     -5       32
  MONTH TO DATE  339                       437    -98      453
  SINCE DEC 1    339                       437    -98      453
  SINCE JUL 1   2902                      3232   -330     2655

 COOLING
  YESTERDAY        0                         0      0        0
  MONTH TO DATE    0                         0      0        0
  SINCE DEC 1      0                         0      0        0
  SINCE JAN 1      0                         1     -1       29
..................................................................


WIND (MPH)
  RESULTANT WIND SPEED   4   RESULTANT WIND DIRECTION  SE (140)
  HIGHEST WIND SPEED    24   HIGHEST WIND DIRECTION     E (70)
  HIGHEST GUST SPEED    29   HIGHEST GUST DIRECTION     S (180)
  AVERAGE WIND SPEED     9.6



WEATHER CONDITIONS
 THE FOLLOWING WEATHER WAS RECORDED YESTERDAY.
  HEAVY RAIN
  RAIN
  LIGHT RAIN
  FOG


RELATIVE HUMIDITY (PERCENT)
 HIGHEST   100
 LOWEST     70
 AVERAGE    85

..........................................................


THE KODIAK CLIMATE NORMALS FOR TODAY
                         NORMAL    RECORD    YEAR
 MAXIMUM TEMPERATURE (F)   36        45      2014
 MINIMUM TEMPERATURE (F)   26         3      1925


SUNRISE AND SUNSET
DECEMBER 14 2017......SUNRISE   947 AM AKST  SUNSET   422 PM AKST
DECEMBER 15 2017......SUNRISE   948 AM AKST  SUNSET   422 PM AKST


-  INDICATES NEGATIVE NUMBERS.
R  INDICATES RECORD WAS SET OR TIED.
MM INDICATES DATA IS MISSING.
T  INDICATES TRACE AMOUNT.




$$
