000
CDAK48 PADQ 292217
CLIADQ

CLIMATE REPORT
NATIONAL WEATHER SERVICE KODIAK, AK
217 PM AKDT SAT AUG 29 2015

...................................
...THE KODIAK AP CLIMATE SUMMARY FOR AUGUST 29 2015...
VALID TODAY AS OF 2:00 PM LOCAL TIME

CLIMATE NORMAL PERIOD  1981 TO  2010
CLIMATE RECORD PERIOD  1949 TO  2015

WEATHER ITEM   OBSERVED TIME    RECORD YEAR NORMAL DEPARTURE LAST
               VALUE    (LST)   VALUE       VALUE  FROM      YEAR
                                                   NORMAL
...................................................................
TEMPERATURE
TODAY
 MAXIMUM            55  0322 AM    81  1919     60      -5     66
 MINIMUM            48  1018 AM    34  1998     48       0     48
 AVERAGE            52                          54      -2     57

PRECIPITATION
(INCHES)
 TODAY            0.14           1.93  1963   0.17   -0.03   0.00
 MONTH TO DATE    1.99                        4.21   -2.22   6.90
 SINCE JUN 1      8.39                       15.05   -6.66  15.70
 SINCE JAN 1     47.51                       46.44    1.07  49.23

SNOWFALL
(INCHES)
 TODAY             0.0                         0.0     0.0    0.0
 MONTH TO DATE     0.0                         0.0     0.0    0.0
 SINCE JUN 1       0.0                         0.0     0.0    0.0
 SINCE JUL 1       0.0                         0.0     0.0    0.0
 SNOW DEPTH (IN)     0                                          0

DEGREE DAYS
 HEATING
  TODAY             13                          11       2      8
  MONTH TO DATE    167                         281    -114    236
  SINCE JUN 1      705                        1068    -363    898
  SINCE JUL 1      394                         607    -213    476

 COOLING
  TODAY              0                           0       0      0
  MONTH TO DATE      0                           0       0      0
  SINCE JUN 1        1                           0       1      0
  SINCE JAN 1        1                           0       1      4
...................................................................

WIND (MPH)
 HIGHEST WIND SPEED    13     HIGHEST WIND DIRECTION    280
 HIGHEST GUST SPEED    17     HIGHEST GUST DIRECTION    280
 AVERAGE WIND SPEED    MM

SKY COVER
  POSSIBLE SUNSHINE  MM            AVERAGE SKY COVER MM

WEATHER CONDITIONS
 THE FOLLOWING WEATHER WAS RECORDED TODAY.
FOG
RAIN


RELATIVE HUMIDITY
 HIGHEST RH     MM PERCENT       MM
 LOWEST  RH     MM PERCENT       MM
 AVERAGE RH     MM PERCENT       MM
...................................................................

THE KODIAK CLIMATE NORMALS FOR TOMORROW
                        NORMAL    RECORD   YEAR
 MAXIMUM TEMPERATURE      60        75     1930
 MINIMUM TEMPERATURE      47        36     1973

SUNRISE AND SUNSET
 AUG 29 2015..........SUNRISE  7:05 AM      SUNSET  9:17 PM
 AUG 30 2015..........SUNRISE  7:07 AM      SUNSET  9:14 PM

-  INDICATES NEGATIVE NUMBERS.
R  INDICATES RECORD HAS BEEN SET OR TIED.
MM INDICATES DATA IS MISSING.
T  INDICATES TRACE OF PRECIPITATION.

&&
-------------------------------------------------------------------

AMOUNT OF DAYLIGHT TODAY  (HOUR:MIN)........14 HOURS 12 MINUTES
GAIN/LOSS SINCE YESTERDAY (HOUR:MIN:SEC)....-0:04:50

$$
JAS AUG 15
