000
CDAK48 PADQ 291120
CLIADQ

CLIMATE REPORT
NATIONAL WEATHER SERVICE KODIAK, AK
321 AM AKDT SUN MAY 29 2016

...................................
...THE KODIAK AP CLIMATE SUMMARY FOR MAY 28 2016...

CLIMATE NORMAL PERIOD  1981 TO  2010
CLIMATE RECORD PERIOD  1913 TO  2016

WEATHER ITEM   OBSERVED TIME    RECORD YEAR NORMAL DEPARTURE LAST
               VALUE    (LST)   VALUE       VALUE  FROM      YEAR
                                                   NORMAL
...................................................................
TEMPERATURE
YESTERDAY
 MAXIMUM            58  0704 PM    68  1993     52       6     57
 MINIMUM            41  0510 AM    30  1977     41       0     39
 AVERAGE            50                          46       4     48

PRECIPITATION
(INCHES)
 YESTERDAY        0.00           2.62  1992   0.20   -0.20   0.00
 MONTH TO DATE    2.63                        5.00   -2.37   6.03
 SINCE MAR 1     18.87                       16.34    2.53  20.20
 SINCE JAN 1     42.16                       30.77   11.39  39.12

SNOWFALL
(INCHES)
 YESTERDAY         0.0              T  1956    0.0     0.0    0.0
 MONTH TO DATE     0.0                         0.2    -0.2    0.0
 SINCE MAR 1       3.6                        19.5   -15.9    4.7
 SINCE JUL 1        MM                        68.9      MM   20.1
 SNOW DEPTH (IN)     0                                          0

DEGREE DAYS
 HEATING
  YESTERDAY         15                          19      -4     17
  MONTH TO DATE    471                         588    -117    528
  SINCE MAR 1     1938                        2407    -469   2177
  SINCE JUL 1     6875                        8280   -1405   7095

 COOLING
  YESTERDAY          0                           0       0      0
  MONTH TO DATE      0                           0       0      0
  SINCE MAR 1        0                           0       0      0
  SINCE JAN 1        0                           0       0      0
...................................................................

WIND (MPH)
 HIGHEST WIND SPEED    14     HIGHEST WIND DIRECTION    300
 HIGHEST GUST SPEED    18     HIGHEST GUST DIRECTION    290
 AVERAGE WIND SPEED   5.7

SKY COVER
  POSSIBLE SUNSHINE    MM          AVERAGE SKY COVER     MM

WEATHER CONDITIONS
 THE FOLLOWING WEATHER WAS RECORDED YESTERDAY.
  NO SIGNIFICANT WEATHER WAS OBSERVED.

RELATIVE HUMIDITY
 HIGHEST RH     MM PERCENT       MM
 LOWEST  RH     MM PERCENT       MM
 AVERAGE RH     MM PERCENT       MM
...................................................................

THE KODIAK CLIMATE NORMALS FOR TODAY
                           NORMAL    RECORD   YEAR
 MAXIMUM TEMPERATURE (F)     52        76     1993
 MINIMUM TEMPERATURE (F)     41        31     1966

SUNRISE AND SUNSET
 MAY 29 2016..........SUNRISE  5:22 AM      SUNSET 10:55 PM
 MAY 30 2016..........SUNRISE  5:21 AM      SUNSET 10:56 PM

-  INDICATES NEGATIVE NUMBERS.
R  INDICATES RECORD HAS BEEN SET OR TIED.
MM INDICATES DATA IS MISSING.
T  INDICATES TRACE OF PRECIPITATION.

&&
-------------------------------------------------------------------

AMOUNT OF DAYLIGHT TODAY  (HOUR:MIN)........17 HOURS 33 MINUTES
GAIN/LOSS SINCE YESTERDAY (HOUR:MIN:SEC)....+0:02:58

$$
LRM MAY 16
