000
CDAK48 PADQ 261138
CLIADQ

CLIMATE REPORT
NATIONAL WEATHER SERVICE KODIAK, AK
239 AM AKST MON JAN 26 2015

...................................
...THE KODIAK AP CLIMATE SUMMARY FOR JANUARY 25 2015...

CLIMATE NORMAL PERIOD  1981 TO  2010
CLIMATE RECORD PERIOD  1949 TO  2015

WEATHER ITEM   OBSERVED TIME    RECORD YEAR NORMAL DEPARTURE LAST
               VALUE    (LST)   VALUE       VALUE  FROM      YEAR
                                                   NORMAL
...................................................................
TEMPERATURE
YESTERDAY
 MAXIMUM            29  0317 PM    43  2014     35      -6     43
 MINIMUM            17  1029 PM    -2  1973     26      -9     40
 AVERAGE            23                          30      -7     42

PRECIPITATION
(INCHES)
 YESTERDAY        0.00           1.39  1984   0.25   -0.25   0.12
 MONTH TO DATE    9.05                        6.84    2.21  12.61
 SINCE DEC 1     22.84                       15.57    7.27  17.06
 SINCE JAN 1      9.05                        6.84    2.21  12.61

SNOWFALL
(INCHES)
 YESTERDAY         0.0           11.8  2007    0.5    -0.5    0.0
 MONTH TO DATE     1.4                        10.2    -8.8    5.1
 SINCE DEC 1       1.7                        24.0   -22.3   16.7
 SINCE JUL 1       2.4                        31.5   -29.1   24.0
 SNOW DEPTH (IN)     0                                          0

DEGREE DAYS
 HEATING
  YESTERDAY         42                          35       7     23
  MONTH TO DATE    698                         863    -165    718
  SINCE DEC 1     1520                        1912    -392   1758
  SINCE JUL 1     3916                        4704    -788   4165

 COOLING
  YESTERDAY          0                           0       0      0
  MONTH TO DATE      0                           0       0      0
  SINCE DEC 1        0                           0       0      0
  SINCE JAN 1        0                           0       0      0
...................................................................

WIND (MPH)
 HIGHEST WIND SPEED    18     HIGHEST WIND DIRECTION    240
 HIGHEST GUST SPEED    24     HIGHEST GUST DIRECTION    240
 AVERAGE WIND SPEED   6.3

SKY COVER
  POSSIBLE SUNSHINE    MM          AVERAGE SKY COVER     MM

WEATHER CONDITIONS
 THE FOLLOWING WEATHER WAS RECORDED YESTERDAY.
  SMOKE OR HAZE


RELATIVE HUMIDITY
 HIGHEST RH     MM PERCENT       MM
 LOWEST  RH     MM PERCENT       MM
 AVERAGE RH     MM PERCENT       MM
...................................................................

THE KODIAK CLIMATE NORMALS FOR TODAY
                           NORMAL    RECORD   YEAR
 MAXIMUM TEMPERATURE (F)     35        45     1991
 MINIMUM TEMPERATURE (F)     26        -2     2012

SUNRISE AND SUNSET
 JAN 26 2015..........SUNRISE  9:25 AM      SUNSET  5:22 PM
 JAN 27 2015..........SUNRISE  9:23 AM      SUNSET  5:24 PM

-  INDICATES NEGATIVE NUMBERS.
R  INDICATES RECORD HAS BEEN SET OR TIED.
MM INDICATES DATA IS MISSING.
T  INDICATES TRACE OF PRECIPITATION.

&&
-------------------------------------------------------------------

AMOUNT OF DAYLIGHT TODAY  (HOUR:MIN)........7 HOURS 57 MINUTES
GAIN/LOSS SINCE YESTERDAY (HOUR:MIN:SEC)....+0:04:06

$$
*** JAN 15
