000
CDAK48 PADQ 310002
CLIADQ

CLIMATE REPORT
NATIONAL WEATHER SERVICE KODIAK, AK
402 PM AKDT TUE AUG 30 2016

...................................
...THE KODIAK AP CLIMATE SUMMARY FOR AUGUST 30 2016...
VALID TODAY AS OF 2:00 PM LOCAL TIME

CLIMATE NORMAL PERIOD  1981 TO  2010
CLIMATE RECORD PERIOD  1913 TO  2016

WEATHER ITEM   OBSERVED TIME    RECORD YEAR NORMAL DEPARTURE LAST
               VALUE    (LST)   VALUE       VALUE  FROM      YEAR
                                                   NORMAL
...................................................................
TEMPERATURE
TODAY
 MAXIMUM            67  1100 AM    75  1930     60       7     59
 MINIMUM            52  0504 AM    36  1973     47       5     50
 AVERAGE            60                          54       6     55

PRECIPITATION
(INCHES)
 TODAY            0.00           2.23  1963   0.17   -0.17   0.00
 MONTH TO DATE    3.28                        4.38   -1.10   2.01
 SINCE JUN 1      9.22                       15.22   -6.00   8.41
 SINCE JAN 1     52.00                       46.61    5.39  47.53

SNOWFALL
(INCHES)
 TODAY             0.0            0.0  2016    0.0     0.0    0.0
 MONTH TO DATE     0.0                         0.0     0.0    0.0
 SINCE JUN 1       0.0                         0.0     0.0    0.0
 SINCE JUL 1       0.0                         0.0     0.0    0.0
 SNOW DEPTH (IN)     0                                          0

DEGREE DAYS
 HEATING
  TODAY              5                          11      -6     10
  MONTH TO DATE    184                         292    -108    177
  SINCE JUN 1      681                        1079    -398    715
  SINCE JUL 1      355                         618    -263    404

 COOLING
  TODAY              0                           0       0      0
  MONTH TO DATE      9                           0       9      0
  SINCE JUN 1       29                           0      29      1
  SINCE JAN 1       29                           0      29      1
...................................................................

WIND (MPH)
 HIGHEST WIND SPEED    13     HIGHEST WIND DIRECTION    310
 HIGHEST GUST SPEED    16     HIGHEST GUST DIRECTION    330
 AVERAGE WIND SPEED    MM

SKY COVER
  POSSIBLE SUNSHINE  MM            AVERAGE SKY COVER MM

WEATHER CONDITIONS
 THE FOLLOWING WEATHER WAS RECORDED TODAY.
NO SIGNIFICANT WEATHER WAS OBSERVED.

RELATIVE HUMIDITY
 HIGHEST RH     MM PERCENT       MM
 LOWEST  RH     MM PERCENT       MM
 AVERAGE RH     MM PERCENT       MM
...................................................................

THE KODIAK CLIMATE NORMALS FOR TOMORROW
                        NORMAL    RECORD   YEAR
 MAXIMUM TEMPERATURE      60        75     1930
 MINIMUM TEMPERATURE      47        36     1919

SUNRISE AND SUNSET
 AUG 30 2016..........SUNRISE  7:08 AM      SUNSET  9:12 PM
 AUG 31 2016..........SUNRISE  7:10 AM      SUNSET  9:09 PM

-  INDICATES NEGATIVE NUMBERS.
R  INDICATES RECORD HAS BEEN SET OR TIED.
MM INDICATES DATA IS MISSING.
T  INDICATES TRACE OF PRECIPITATION.

&&
-------------------------------------------------------------------

AMOUNT OF DAYLIGHT TODAY  (HOUR:MIN)........14 HOURS 4 MINUTES
GAIN/LOSS SINCE YESTERDAY (HOUR:MIN:SEC)....-0:04:51

$$
LRM AUG 16
