000
CDAK48 PAFC 230933
CLIADQ


CLIMATE REPORT
NATIONAL WEATHER SERVICE ANCHORAGE, AK
133 AM AKDT WED AUG 23 2017


...................................

...THE KODIAK CLIMATE SUMMARY FOR AUGUST 22 2017...

CLIMATE NORMAL PERIOD 1981 TO 2010
CLIMATE RECORD PERIOD 1913 TO 2017


WEATHER ITEM   OBSERVED TIME   RECORD YEAR NORMAL DEPARTURE LAST
                VALUE   (LST)  VALUE       VALUE  FROM      YEAR
                                                  NORMAL
..................................................................
TEMPERATURE (F)
 YESTERDAY
  MAXIMUM         70        MM  78    1948  61      9       58
  MINIMUM         49        MM  39    1969  49      0       54
  AVERAGE         60                        55      5       56

PRECIPITATION (IN)
  YESTERDAY        0.00          1.76 1964   0.14  -0.14     0.20
  MONTH TO DATE    4.63                      3.08   1.55     2.74
  SINCE JUN 1     16.36                     13.92   2.44     8.67
  SINCE JAN 1     37.12                     45.31  -8.19    50.76

SNOWFALL (IN)
  YESTERDAY        0.0          MM      MM   0.0    0.0      0.0
  MONTH TO DATE    0.0                       0.0    0.0      0.0
  SINCE JUN 1      0.0                       0.0    0.0      0.0
  SINCE JUL 1      0.0                       0.0    0.0      0.0
  SNOW DEPTH       0

DEGREE DAYS
 HEATING
  YESTERDAY        5                        10     -5        9
  MONTH TO DATE  211                       206      5      149
  SINCE JUN 1    906                       994    -88      598
  SINCE JUL 1    490                       533    -43      303

 COOLING
  YESTERDAY        0                         0      0        0
  MONTH TO DATE    0                         0      0        0
  SINCE JUN 1      0                         1     -1       20
  SINCE JAN 1      0                         1     -1       20
..................................................................


WIND (MPH)
  RESULTANT WIND SPEED  11   RESULTANT WIND DIRECTION  NW (300)
  HIGHEST WIND SPEED    18   HIGHEST WIND DIRECTION    NW (310)
  HIGHEST GUST SPEED    24   HIGHEST GUST DIRECTION    NW (310)
  AVERAGE WIND SPEED    11.2



WEATHER CONDITIONS
 THE FOLLOWING WEATHER WAS RECORDED YESTERDAY.
  NO SIGNIFICANT WEATHER WAS OBSERVED.


RELATIVE HUMIDITY (PERCENT)
 HIGHEST    86
 LOWEST     40
 AVERAGE    63

..........................................................


THE KODIAK CLIMATE NORMALS FOR TODAY
                         NORMAL    RECORD    YEAR
 MAXIMUM TEMPERATURE (F)   61        72      1977
                                             1957
                                             1938
 MINIMUM TEMPERATURE (F)   49        38      1961


SUNRISE AND SUNSET
AUGUST 23 2017........SUNRISE   652 AM AKDT  SUNSET   931 PM AKDT
AUGUST 24 2017........SUNRISE   655 AM AKDT  SUNSET   928 PM AKDT


-  INDICATES NEGATIVE NUMBERS.
R  INDICATES RECORD WAS SET OR TIED.
MM INDICATES DATA IS MISSING.
T  INDICATES TRACE AMOUNT.




$$
