000
CDAK48 PADQ 270934
CLIADQ


CLIMATE REPORT
NATIONAL WEATHER SERVICE ANCHORAGE, AK
133 AM AKDT TUE JUN 27 2017


...................................

...THE KODIAK CLIMATE SUMMARY FOR JUNE 26 2017...

CLIMATE NORMAL PERIOD 1981 TO 2010
CLIMATE RECORD PERIOD 1913 TO 2017


WEATHER ITEM   OBSERVED TIME   RECORD YEAR NORMAL DEPARTURE LAST
                VALUE   (LST)  VALUE       VALUE  FROM      YEAR
                                                  NORMAL
..................................................................
TEMPERATURE (F)
 YESTERDAY
  MAXIMUM         58        MM  81    2013  57      1       57
  MINIMUM         49        MM  34    1947  47      2       52
  AVERAGE         54                        52      2       55

PRECIPITATION (IN)
  YESTERDAY        0.01          2.90 1938   0.18  -0.17     0.19
  MONTH TO DATE    3.24                      5.23  -1.99     2.44
  SINCE JUN 1      3.24                      5.23  -1.99     2.44
  SINCE JAN 1     24.00                     36.62 -12.62    44.53

SNOWFALL (IN)
  YESTERDAY        0.0          MM      MM   0.0    0.0      0.0
  MONTH TO DATE    0.0                       0.0    0.0      0.0
  SINCE JUN 1      0.0                       0.0    0.0      0.0
  SINCE JUL 1     28.4                      68.9  -40.5     20.6
  SNOW DEPTH       0

DEGREE DAYS
 HEATING
  YESTERDAY       11                        13     -2       10
  MONTH TO DATE  360                       409    -49      256
  SINCE JUN 1    360                       409    -49      256
  SINCE JUL 1   8168                      8743   -575     6371

 COOLING
  YESTERDAY        0                         0      0        0
  MONTH TO DATE    0                         0      0        0
  SINCE JUN 1      0                         0      0        0
  SINCE JAN 1      0                         0      0        0
..................................................................


WIND (MPH)
  RESULTANT WIND SPEED   9   RESULTANT WIND DIRECTION  SE (140)
  HIGHEST WIND SPEED    17   HIGHEST WIND DIRECTION    SE (140)
  HIGHEST GUST SPEED    21   HIGHEST GUST DIRECTION    SE (140)
  AVERAGE WIND SPEED     9.8



WEATHER CONDITIONS
 THE FOLLOWING WEATHER WAS RECORDED YESTERDAY.
  LIGHT RAIN


RELATIVE HUMIDITY (PERCENT)
 HIGHEST    89
 LOWEST     77
 AVERAGE    83

..........................................................


THE KODIAK CLIMATE NORMALS FOR TODAY
                         NORMAL    RECORD    YEAR
 MAXIMUM TEMPERATURE (F)   57        82      1997
                                             1953
 MINIMUM TEMPERATURE (F)   47        38      1950


SUNRISE AND SUNSET
JUNE 27 2017..........SUNRISE   512 AM AKDT  SUNSET  1115 PM AKDT
JUNE 28 2017..........SUNRISE   512 AM AKDT  SUNSET  1114 PM AKDT


-  INDICATES NEGATIVE NUMBERS.
R  INDICATES RECORD WAS SET OR TIED.
MM INDICATES DATA IS MISSING.
T  INDICATES TRACE AMOUNT.




$$
