000
CDAK48 PADQ 282241
CLIADQ

CLIMATE REPORT
NATIONAL WEATHER SERVICE KODIAK, AK
241 PM AKDT SAT MAR 28 2015

...................................
...THE KODIAK AP CLIMATE SUMMARY FOR MARCH 28 2015...
VALID TODAY AS OF 2:00 PM LOCAL TIME

CLIMATE NORMAL PERIOD  1981 TO  2010
CLIMATE RECORD PERIOD  1949 TO  2015

WEATHER ITEM   OBSERVED TIME    RECORD YEAR NORMAL DEPARTURE LAST
               VALUE    (LST)   VALUE       VALUE  FROM      YEAR
                                                   NORMAL
...................................................................
TEMPERATURE
TODAY
 MAXIMUM            43  1259 PM    53  1970     39       4     41
 MINIMUM            40  0217 AM     7  1952     29      11     25
 AVERAGE            42                          34       8     33

PRECIPITATION
(INCHES)
 TODAY            0.19           1.07  1995   0.18    0.01   0.00
 MONTH TO DATE    6.98                        5.01    1.97   3.96
 SINCE MAR 1      6.98                        5.01    1.97   3.96
 SINCE JAN 1     25.90                       19.44    6.46  25.21

SNOWFALL
(INCHES)
 TODAY             0.0            5.0  1953    0.3    -0.3    0.0
 MONTH TO DATE     1.5                        10.2    -8.7   11.5
 SINCE MAR 1       1.5                        10.2    -8.7   11.5
 SINCE JUL 1      16.9                        59.6   -42.7   42.5
 SNOW DEPTH (IN)     0                                          0

DEGREE DAYS
 HEATING
  TODAY             23                          31      -8     32
  MONTH TO DATE    800                         905    -105    881
  SINCE MAR 1      800                         905    -105    881
  SINCE JUL 1     5718                        6778   -1060   6167

 COOLING
  TODAY              0                           0       0      0
  MONTH TO DATE      0                           0       0      0
  SINCE MAR 1        0                           0       0      0
  SINCE JAN 1        0                           0       0      0
...................................................................

WIND (MPH)
 HIGHEST WIND SPEED    35     HIGHEST WIND DIRECTION     70
 HIGHEST GUST SPEED    41     HIGHEST GUST DIRECTION     70
 AVERAGE WIND SPEED    MM

SKY COVER
  POSSIBLE SUNSHINE  MM            AVERAGE SKY COVER MM

WEATHER CONDITIONS
 THE FOLLOWING WEATHER WAS RECORDED TODAY.
FOG
RAIN


RELATIVE HUMIDITY
 HIGHEST RH     MM PERCENT       MM
 LOWEST  RH     MM PERCENT       MM
 AVERAGE RH     MM PERCENT       MM
...................................................................

THE KODIAK CLIMATE NORMALS FOR TOMORROW
                        NORMAL    RECORD   YEAR
 MAXIMUM TEMPERATURE      39        52     1996
 MINIMUM TEMPERATURE      29         7     1952

SUNRISE AND SUNSET
 MAR 28 2015..........SUNRISE  7:50 AM      SUNSET  8:42 PM
 MAR 29 2015..........SUNRISE  7:47 AM      SUNSET  8:45 PM

-  INDICATES NEGATIVE NUMBERS.
R  INDICATES RECORD HAS BEEN SET OR TIED.
MM INDICATES DATA IS MISSING.
T  INDICATES TRACE OF PRECIPITATION.

&&
-------------------------------------------------------------------

AMOUNT OF DAYLIGHT TODAY  (HOUR:MIN)........12 HOURS 52 MINUTES
GAIN/LOSS SINCE YESTERDAY (HOUR:MIN:SEC)....+0:05:00

$$
*** MAR 15
