000
CDUS44 KLCH 190953
CLIAEX


CLIMATE REPORT
NATIONAL WEATHER SERVICE LAKE CHARLES, LA
353 AM CST SUN FEB 19 2017


...................................

...THE ALEXANDRIA CLIMATE SUMMARY FOR FEBRUARY 18 2017...

CLIMATE NORMAL PERIOD 1981 TO 2010
CLIMATE RECORD PERIOD 1892 TO 2017


WEATHER ITEM   OBSERVED TIME   RECORD YEAR NORMAL DEPARTURE LAST
                VALUE   (LST)  VALUE       VALUE  FROM      YEAR
                                                  NORMAL
..................................................................
TEMPERATURE (F)
 YESTERDAY
  MAXIMUM         70    318 PM  83    1907  64      6       74
  MINIMUM         55   1159 PM  16    1900  42     13       41
  AVERAGE         63                        53     10       58

PRECIPITATION (IN)
  YESTERDAY        0.00          1.90 2012   0.17  -0.17     0.00
  MONTH TO DATE    0.31                      2.83  -2.52     1.90
  SINCE DEC 1     15.13                     14.17   0.96    13.74
  SINCE JAN 1      6.08                      8.05  -1.97     5.68

SNOWFALL (IN)
  YESTERDAY        0.0           T    1910  MM     MM        0.0
  MONTH TO DATE    0.0                      MM     MM        0.0
  SINCE DEC 1      0.5                      MM     MM        0.0
  SINCE JUL 1      0.5                      MM     MM        0.0
  SNOW DEPTH       0

DEGREE DAYS
 HEATING
  YESTERDAY        2                        13    -11        7
  MONTH TO DATE  114                       259   -145      213
  SINCE DEC 1    779                      1225   -446      966
  SINCE JUL 1    954                      1550   -596     1117
..................................................................


WIND (MPH)
  HIGHEST WIND SPEED    13   HIGHEST WIND DIRECTION     E (110)
  HIGHEST GUST SPEED    16   HIGHEST GUST DIRECTION     S (180)
  AVERAGE WIND SPEED     6.7


SKY COVER
  POSSIBLE SUNSHINE  MM
  AVERAGE SKY COVER 0.7


WEATHER CONDITIONS
 THE FOLLOWING WEATHER WAS RECORDED YESTERDAY.
  NO SIGNIFICANT WEATHER WAS OBSERVED.


RELATIVE HUMIDITY (PERCENT)
 HIGHEST   100          1200 AM
 LOWEST     73           200 PM
 AVERAGE    87

..........................................................


THE ALEXANDRIA CLIMATE NORMALS FOR TODAY
                         NORMAL    RECORD    YEAR
 MAXIMUM TEMPERATURE (F)   64        82      2000
                                             1961
 MINIMUM TEMPERATURE (F)   42        19      1910


SUNRISE AND SUNSET
FEBRUARY 19 2017......SUNRISE   647 AM CST   SUNSET   601 PM CST
FEBRUARY 20 2017......SUNRISE   646 AM CST   SUNSET   602 PM CST


-  INDICATES NEGATIVE NUMBERS.
R  INDICATES RECORD WAS SET OR TIED.
MM INDICATES DATA IS MISSING.
T  INDICATES TRACE AMOUNT.




$$
