867
CDUS44 KLCH 282214
CLIAEX


CLIMATE REPORT
NATIONAL WEATHER SERVICE LAKE CHARLES, LA
514 PM CDT WED JUN 28 2017


...................................

...THE ALEXANDRIA CLIMATE SUMMARY FOR JUNE 28 2017...
VALID TODAY AS OF 0500 PM LOCAL TIME.

CLIMATE NORMAL PERIOD 1981 TO 2010
CLIMATE RECORD PERIOD 1892 TO 2017


WEATHER ITEM   OBSERVED TIME   RECORD YEAR NORMAL DEPARTURE LAST
                VALUE   (LST)  VALUE       VALUE  FROM      YEAR
                                                  NORMAL
..................................................................
TEMPERATURE (F)
 TODAY
  MAXIMUM         88   1252 PM 104    2009  92     -4       90
  MINIMUM         68    351 AM  60    2006  72     -4       73
                                      1974
                                      1912
  AVERAGE         78                        82     -4       82

PRECIPITATION (IN)
  TODAY            0.34          3.48 1989   0.17   0.17     0.82
  MONTH TO DATE    5.81                      4.76   1.05     2.96
  SINCE JUN 1      5.81                      4.76   1.05     2.96
  SINCE JAN 1     30.52                     28.76   1.76    25.31

DEGREE DAYS
 COOLING
  TODAY           13                        17     -4       17
  MONTH TO DATE  380                       419    -39      446
  SINCE JUN 1    380                       419    -39      446
  SINCE JAN 1    955                       873     82      913
..................................................................


WIND (MPH)
  HIGHEST WIND SPEED    23   HIGHEST WIND DIRECTION    SE (150)
  HIGHEST GUST SPEED    31   HIGHEST GUST DIRECTION    SE (140)
  AVERAGE WIND SPEED     4.8


SKY COVER
  POSSIBLE SUNSHINE  MM
  AVERAGE SKY COVER 0.2


WEATHER CONDITIONS
 THE FOLLOWING WEATHER WAS RECORDED TODAY.
  HEAVY RAIN
  RAIN
  LIGHT RAIN
  FOG
  HAZE


RELATIVE HUMIDITY (PERCENT)
 HIGHEST   100           300 AM
 LOWEST     59           100 PM
 AVERAGE    80

..........................................................


THE ALEXANDRIA CLIMATE NORMALS FOR TOMORROW
                         NORMAL    RECORD    YEAR
 MAXIMUM TEMPERATURE (F)   92       102      1930
 MINIMUM TEMPERATURE (F)   72        61      1968


SUNRISE AND SUNSET
JUNE 28 2017..........SUNRISE   608 AM CDT   SUNSET   819 PM CDT
JUNE 29 2017..........SUNRISE   609 AM CDT   SUNSET   819 PM CDT


-  INDICATES NEGATIVE NUMBERS.
R  INDICATES RECORD WAS SET OR TIED.
MM INDICATES DATA IS MISSING.
T  INDICATES TRACE AMOUNT.




$$
