000
CDUS44 KLCH 020844
CLIAEX


CLIMATE REPORT
NATIONAL WEATHER SERVICE LAKE CHARLES, LA
342 AM CDT TUE SEP 2 2014


...................................

...THE ALEXANDRIA CLIMATE SUMMARY FOR SEPTEMBER 1 2014...

CLIMATE NORMAL PERIOD 1981 TO 2010
CLIMATE RECORD PERIOD 1892 TO 2014


WEATHER ITEM   OBSERVED TIME   RECORD YEAR NORMAL DEPARTURE LAST
                VALUE   (LST)  VALUE       VALUE  FROM      YEAR
                                                  NORMAL
..................................................................
TEMPERATURE (F)
 YESTERDAY
  MAXIMUM         92    249 PM 109    2000  92      0       96
  MINIMUM         73    408 AM  57    1915  70      3       71
  AVERAGE         83                        81      2       84

PRECIPITATION (IN)
  YESTERDAY        0.01          4.99 2008   0.07  -0.06     0.00
  MONTH TO DATE    0.01                      0.07  -0.06     0.00
  SINCE SEP 1      0.01                      0.07  -0.06     0.00
  SINCE JAN 1     31.36                     36.30  -4.94    37.59

DEGREE DAYS
 COOLING
  YESTERDAY       18                        16      2       19
  MONTH TO DATE   18                        16      2       19
  SINCE SEP 1     18                        16      2       19
  SINCE JAN 1   1926                      2003    -77     1984
..................................................................


WIND (MPH)
  HIGHEST WIND SPEED    18   HIGHEST WIND DIRECTION    SW (230)
  HIGHEST GUST SPEED    22   HIGHEST GUST DIRECTION    SW (230)
  AVERAGE WIND SPEED     7.6


SKY COVER
  POSSIBLE SUNSHINE  MM
  AVERAGE SKY COVER 0.3


WEATHER CONDITIONS
 THE FOLLOWING WEATHER WAS RECORDED YESTERDAY.
  THUNDERSTORM
  RAIN
  FOG
  FOG W/VISIBILITY <= 1/4 MILE


RELATIVE HUMIDITY (PERCENT)
 HIGHEST   100          1200 AM
 LOWEST     59          1200 PM
 AVERAGE    80

..........................................................


THE ALEXANDRIA CLIMATE NORMALS FOR TODAY
                         NORMAL    RECORD    YEAR
 MAXIMUM TEMPERATURE (F)   92       106      2000
 MINIMUM TEMPERATURE (F)   70        55      1954


SUNRISE AND SUNSET
SEPTEMBER  2 2014.....SUNRISE   647 AM CDT   SUNSET   732 PM CDT
SEPTEMBER  3 2014.....SUNRISE   647 AM CDT   SUNSET   731 PM CDT


-  INDICATES NEGATIVE NUMBERS.
R  INDICATES RECORD WAS SET OR TIED.
MM INDICATES DATA IS MISSING.
T  INDICATES TRACE AMOUNT.




$$
