000
CDUS44 KLCH 312216
CLIAEX


CLIMATE REPORT
NATIONAL WEATHER SERVICE LAKE CHARLES, LA
515 PM CDT THU JUL 31 2014


...................................

...THE ALEXANDRIA CLIMATE SUMMARY FOR JULY 31 2014...
VALID TODAY AS OF 0500 PM LOCAL TIME.

CLIMATE NORMAL PERIOD 1981 TO 2010
CLIMATE RECORD PERIOD 1892 TO 2014


WEATHER ITEM   OBSERVED TIME   RECORD YEAR NORMAL DEPARTURE LAST
                VALUE   (LST)  VALUE       VALUE  FROM      YEAR
                                                  NORMAL
..................................................................
TEMPERATURE (F)
 TODAY
  MAXIMUM         84    115 PM 103    1998  93     -9       97
                                      1930
  MINIMUM         70    437 AM  63    1897  73     -3       74
  AVERAGE         77                        83     -6       86

PRECIPITATION (IN)
  TODAY            T             3.25 1923   0.08  -0.08      T
  MONTH TO DATE    5.15                      3.63   1.52     3.46
  SINCE JUN 1      8.03                      8.73  -0.70     7.65
  SINCE JAN 1     26.25                     32.73  -6.48    32.91

DEGREE DAYS
 COOLING
  TODAY           12                        18     -6       21
  MONTH TO DATE  495                       539    -44      527
  SINCE JUN 1    968                       992    -24     1008
  SINCE JAN 1   1379                      1446    -67     1401
..................................................................


WIND (MPH)
  HIGHEST WIND SPEED    10   HIGHEST WIND DIRECTION     E (80)
  HIGHEST GUST SPEED    14   HIGHEST GUST DIRECTION     E (80)
  AVERAGE WIND SPEED     5.9


SKY COVER
  POSSIBLE SUNSHINE  MM
  AVERAGE SKY COVER 0.3


WEATHER CONDITIONS
 THE FOLLOWING WEATHER WAS RECORDED TODAY.
  LIGHT RAIN


RELATIVE HUMIDITY (PERCENT)
 HIGHEST    84           500 AM
 LOWEST     55          1100 AM
 AVERAGE    70

..........................................................


THE ALEXANDRIA CLIMATE NORMALS FOR TOMORROW
                         NORMAL    RECORD    YEAR
 MAXIMUM TEMPERATURE (F)   93       105      1998
 MINIMUM TEMPERATURE (F)   73        64      1936
                                             1897


SUNRISE AND SUNSET
JULY 31 2014..........SUNRISE   626 AM CDT   SUNSET   807 PM CDT
AUGUST  1 2014........SUNRISE   627 AM CDT   SUNSET   806 PM CDT


-  INDICATES NEGATIVE NUMBERS.
R  INDICATES RECORD WAS SET OR TIED.
MM INDICATES DATA IS MISSING.
T  INDICATES TRACE AMOUNT.




$$
