000
CDUS44 KLCH 012245
CLIAEX


CLIMATE REPORT
NATIONAL WEATHER SERVICE LAKE CHARLES, LA
545 PM CDT TUE SEP 1 2015


...................................

...THE ALEXANDRIA CLIMATE SUMMARY FOR SEPTEMBER 1 2015...
VALID TODAY AS OF 0500 PM LOCAL TIME.

CLIMATE NORMAL PERIOD 1981 TO 2010
CLIMATE RECORD PERIOD 1892 TO 2015


WEATHER ITEM   OBSERVED TIME   RECORD YEAR NORMAL DEPARTURE LAST
                VALUE   (LST)  VALUE       VALUE  FROM      YEAR
                                                  NORMAL
..................................................................
TEMPERATURE (F)
 TODAY
  MAXIMUM         90   1145 AM 109    2000  92     -2       92
  MINIMUM         74    609 AM  57    1915  70      4       73
  AVERAGE         82                        81      1       83

PRECIPITATION (IN)
  TODAY            0.00          4.99 2008   0.07  -0.07     0.01
  MONTH TO DATE    0.00                      0.07  -0.07     0.01
  SINCE SEP 1      0.00                      0.07  -0.07     0.01
  SINCE JAN 1     34.56                     36.30  -1.74    31.36

DEGREE DAYS
 COOLING
  TODAY           17                        16      1       18
  MONTH TO DATE   17                        16      1       18
  SINCE SEP 1     17                        16      1       18
  SINCE JAN 1   2192                      2003    189     1926
..................................................................


WIND (MPH)
  HIGHEST WIND SPEED    10   HIGHEST WIND DIRECTION    SE (130)
  HIGHEST GUST SPEED    13   HIGHEST GUST DIRECTION     E (110)
  AVERAGE WIND SPEED     2.2


SKY COVER
  POSSIBLE SUNSHINE  MM
  AVERAGE SKY COVER 0.1


WEATHER CONDITIONS
 THE FOLLOWING WEATHER WAS RECORDED TODAY.
  NO SIGNIFICANT WEATHER WAS OBSERVED.


RELATIVE HUMIDITY (PERCENT)
 HIGHEST    94           300 AM
 LOWEST     50           400 PM
 AVERAGE    72

..........................................................


THE ALEXANDRIA CLIMATE NORMALS FOR TOMORROW
                         NORMAL    RECORD    YEAR
 MAXIMUM TEMPERATURE (F)   92       106      2000
 MINIMUM TEMPERATURE (F)   70        55      1954


SUNRISE AND SUNSET
SEPTEMBER  1 2015.....SUNRISE   646 AM CDT   SUNSET   734 PM CDT
SEPTEMBER  2 2015.....SUNRISE   647 AM CDT   SUNSET   733 PM CDT


-  INDICATES NEGATIVE NUMBERS.
R  INDICATES RECORD WAS SET OR TIED.
MM INDICATES DATA IS MISSING.
T  INDICATES TRACE AMOUNT.




$$
