000
CDUS44 KLCH 140819
CLIAEX


CLIMATE REPORT
NATIONAL WEATHER SERVICE LAKE CHARLES, LA
219 AM CST THU DEC 14 2017


...................................

...THE ALEXANDRIA CLIMATE SUMMARY FOR DECEMBER 13 2017...

CLIMATE NORMAL PERIOD 1981 TO 2010
CLIMATE RECORD PERIOD 1892 TO 2017


WEATHER ITEM   OBSERVED TIME   RECORD YEAR NORMAL DEPARTURE LAST
                VALUE   (LST)  VALUE       VALUE  FROM      YEAR
                                                  NORMAL
..................................................................
TEMPERATURE (F)
 YESTERDAY
  MAXIMUM         59    213 PM  81    1996  60     -1       72
                                      1931
  MINIMUM         29    714 AM  14    1962  40    -11       54
  AVERAGE         44                        50     -6       63

PRECIPITATION (IN)
  YESTERDAY        0.00          3.36 1956   0.18  -0.18     0.14
  MONTH TO DATE    0.11                      3.11  -3.00     7.73
  SINCE DEC 1      0.11                      3.11  -3.00     7.73
  SINCE JAN 1     45.75                     52.91  -7.16    54.70

SNOWFALL (IN)
  YESTERDAY        0.0           0.0    MM  MM     MM        0.0
  MONTH TO DATE    2.1                      MM     MM        0.0
  SINCE DEC 1      2.1                      MM     MM        0.0
  SINCE JUL 1      2.1                      MM     MM        0.0
  SNOW DEPTH       0

DEGREE DAYS
 HEATING
  YESTERDAY       21                        15      6        2
  MONTH TO DATE  193                       184      9      181
  SINCE DEC 1    193                       184      9      181
  SINCE JUL 1    463                       509    -46      356
..................................................................


WIND (MPH)
  HIGHEST WIND SPEED    14   HIGHEST WIND DIRECTION    SW (220)
  HIGHEST GUST SPEED    18   HIGHEST GUST DIRECTION    SW (230)
  AVERAGE WIND SPEED     4.1


SKY COVER
  POSSIBLE SUNSHINE  MM
  AVERAGE SKY COVER 0.1


WEATHER CONDITIONS
 THE FOLLOWING WEATHER WAS RECORDED YESTERDAY.
  FOG


RELATIVE HUMIDITY (PERCENT)
 HIGHEST    92           400 AM
 LOWEST     25          1200 PM
 AVERAGE    59

..........................................................


THE ALEXANDRIA CLIMATE NORMALS FOR TODAY
                         NORMAL    RECORD    YEAR
 MAXIMUM TEMPERATURE (F)   60        80      1922
 MINIMUM TEMPERATURE (F)   40        14      1962


SUNRISE AND SUNSET
DECEMBER 14 2017......SUNRISE   701 AM CST   SUNSET   509 PM CST
DECEMBER 15 2017......SUNRISE   702 AM CST   SUNSET   509 PM CST


-  INDICATES NEGATIVE NUMBERS.
R  INDICATES RECORD WAS SET OR TIED.
MM INDICATES DATA IS MISSING.
T  INDICATES TRACE AMOUNT.




$$
