000
CDUS44 KLCH 282245
CLIAEX


CLIMATE REPORT
NATIONAL WEATHER SERVICE LAKE CHARLES, LA
545 PM CDT THU APR 28 2016


...................................

...THE ALEXANDRIA CLIMATE SUMMARY FOR APRIL 28 2016...
VALID TODAY AS OF 0500 PM LOCAL TIME.

CLIMATE NORMAL PERIOD 1981 TO 2010
CLIMATE RECORD PERIOD 1892 TO 2016


WEATHER ITEM   OBSERVED TIME   RECORD YEAR NORMAL DEPARTURE LAST
                VALUE   (LST)  VALUE       VALUE  FROM      YEAR
                                                  NORMAL
..................................................................
TEMPERATURE (F)
 TODAY
  MAXIMUM         88    351 PM  93    1906  81      7       63
  MINIMUM         66    240 AM  43    1904  58      8       55
  AVERAGE         77                        70      7       59

PRECIPITATION (IN)
  TODAY            0.00          2.50 1914   0.14  -0.14     0.15
  MONTH TO DATE    3.31                      4.24  -0.93     7.30
  SINCE MAR 1     12.06                      9.29   2.77    13.10
  SINCE JAN 1     18.54                     18.97  -0.43    18.20

SNOWFALL (IN)
  TODAY            0.0           0.0    MM  MM     MM       MM
  MONTH TO DATE    0.0                      MM     MM        0.0
  SINCE MAR 1      0.0                      MM     MM        0.3
  SINCE JUL 1      0.0                      MM     MM        0.3
  SNOW DEPTH       0

DEGREE DAYS
 HEATING
  TODAY            0                         1     -1        6
  MONTH TO DATE   26                        66    -40       22
  SINCE MAR 1    125                       281   -156      203
  SINCE JUL 1   1325                      1946   -621     2054

 COOLING
  TODAY           12                         5      7        0
  MONTH TO DATE  105                        94     11      151
  SINCE MAR 1    159                       130     29      195
  SINCE JAN 1    167                       147     20      196
..................................................................


WIND (MPH)
  HIGHEST WIND SPEED    14   HIGHEST WIND DIRECTION     E (110)
  HIGHEST GUST SPEED    17   HIGHEST GUST DIRECTION     E (100)
  AVERAGE WIND SPEED     4.2


SKY COVER
  POSSIBLE SUNSHINE  MM
  AVERAGE SKY COVER 0.5


WEATHER CONDITIONS
 THE FOLLOWING WEATHER WAS RECORDED TODAY.
  FOG


RELATIVE HUMIDITY (PERCENT)
 HIGHEST   100           300 AM
 LOWEST     46           200 PM
 AVERAGE    73

..........................................................


THE ALEXANDRIA CLIMATE NORMALS FOR TOMORROW
                         NORMAL    RECORD    YEAR
 MAXIMUM TEMPERATURE (F)   82        91      2002
                                             1901
                                             1899
 MINIMUM TEMPERATURE (F)   59        45      1965
                                             1916


SUNRISE AND SUNSET
APRIL 28 2016.........SUNRISE   628 AM CDT   SUNSET   748 PM CDT
APRIL 29 2016.........SUNRISE   627 AM CDT   SUNSET   749 PM CDT


-  INDICATES NEGATIVE NUMBERS.
R  INDICATES RECORD WAS SET OR TIED.
MM INDICATES DATA IS MISSING.
T  INDICATES TRACE AMOUNT.




$$
