000
CDUS42 KCAE 262127
CLIAGS


CLIMATE REPORT
NATIONAL WEATHER SERVICE COLUMBIA SC
526 PM EDT THU MAY 26 2016


...................................

...THE AUGUSTA BUSH FIELD GA CLIMATE SUMMARY FOR MAY 26 2016...
VALID TODAY AS OF 0500 PM LOCAL TIME.

CLIMATE NORMAL PERIOD 1981 TO 2010
CLIMATE RECORD PERIOD 1873 TO 2016


WEATHER ITEM   OBSERVED TIME   RECORD YEAR NORMAL DEPARTURE LAST
                VALUE   (LST)  VALUE       VALUE  FROM      YEAR
                                                  NORMAL
..................................................................
TEMPERATURE (F)
 TODAY
  MAXIMUM         90    256 PM 100    1926  88      2       90
                                      1878
  MINIMUM         59    507 AM  44    1979  61     -2       68
  AVERAGE         75                        74      1       79

PRECIPITATION (IN)
  TODAY            0.00          2.28 1906   0.11  -0.11     0.44
  MONTH TO DATE    3.02                      2.08   0.94     0.93
  SINCE MAR 1     10.62                      9.10   1.52     8.83
  SINCE JAN 1     16.04                     16.93  -0.89    15.63

SNOWFALL (IN)
  TODAY            0.0          MM      MM   0.0             0.0
  MONTH TO DATE    0.0                       0.0             0.0
  SINCE MAR 1      0.0                       0.0             0.0
  SINCE JUL 1      0.5                       0.9              T

DEGREE DAYS
 HEATING
  TODAY            0                         0      0        0
  MONTH TO DATE   13                        18     -5       10
  SINCE MAR 1    279                       438   -159      277
  SINCE JUL 1   1856                      2470   -614     2563

 COOLING
  TODAY           10                         9      1       14
  MONTH TO DATE  151                       160     -9      188
  SINCE MAR 1    266                       230     36      302
  SINCE JAN 1    269                       233     36      302
..................................................................


WIND (MPH)
  HIGHEST WIND SPEED    12   HIGHEST WIND DIRECTION    SE (140)
  HIGHEST GUST SPEED    17   HIGHEST GUST DIRECTION     S (190)
  AVERAGE WIND SPEED     3.9


SKY COVER
  AVERAGE SKY COVER 0.1


WEATHER CONDITIONS
 THE FOLLOWING WEATHER WAS RECORDED TODAY.
  FOG


RELATIVE HUMIDITY (PERCENT)
 HIGHEST   100           200 AM
 LOWEST     38           300 PM
 AVERAGE    69

..........................................................


THE AUGUSTA BUSH FIELD GA CLIMATE NORMALS FOR TOMORROW
                         NORMAL    RECORD    YEAR
 MAXIMUM TEMPERATURE (F)   88        99      2000
                                             1916
 MINIMUM TEMPERATURE (F)   61        45      1979


SUNRISE AND SUNSET
MAY 26 2016...........SUNRISE   621 AM EDT   SUNSET   829 PM EDT
MAY 27 2016...........SUNRISE   621 AM EDT   SUNSET   830 PM EDT


-  INDICATES NEGATIVE NUMBERS.
R  INDICATES RECORD WAS SET OR TIED.
MM INDICATES DATA IS MISSING.
T  INDICATES TRACE AMOUNT.




$$
