000
CDUS42 KCAE 112218
CLIAGS


CLIMATE REPORT
NATIONAL WEATHER SERVICE COLUMBIA SC
517 PM EST THU FEB 11 2016


...................................

...THE AUGUSTA BUSH FIELD GA CLIMATE SUMMARY FOR FEBRUARY 11 2016...
VALID TODAY AS OF 0500 PM LOCAL TIME.

CLIMATE NORMAL PERIOD 1981 TO 2010
CLIMATE RECORD PERIOD 1873 TO 2016


WEATHER ITEM   OBSERVED TIME   RECORD YEAR NORMAL DEPARTURE LAST
                VALUE   (LST)  VALUE       VALUE  FROM      YEAR
                                                  NORMAL
..................................................................
TEMPERATURE (F)
 TODAY
  MAXIMUM         57    434 PM  81    1932  61     -4       61
  MINIMUM         23    543 AM  12    1973  35    -12       29
  AVERAGE         40                        48     -8       45

PRECIPITATION (IN)
  TODAY            0.00          1.30 2013   0.13  -0.13     0.00
  MONTH TO DATE    2.14                      1.45   0.69     0.56
  SINCE DEC 1     10.72                      8.75   1.97     6.87
  SINCE JAN 1      3.80                      5.36  -1.56     2.66

SNOWFALL (IN)
  TODAY            0.0          MM      MM   0.0             0.0
  MONTH TO DATE    0.0                       0.1             0.0
  SINCE DEC 1      0.5                       0.6             0.0
  SINCE JUL 1      0.5                       0.6             0.0

DEGREE DAYS
 HEATING
  TODAY           25                        17      8       20
  MONTH TO DATE  184                       193     -9      210
  SINCE DEC 1   1038                      1356   -318     1317
  SINCE JUL 1   1325                      1778   -453     1881

 COOLING
  TODAY            0                         0      0        0
  MONTH TO DATE    3                         0      3        0
  SINCE DEC 1     50                         4     46        0
  SINCE JAN 1      3                         1      2        0
..................................................................


WIND (MPH)
  HIGHEST WIND SPEED    10   HIGHEST WIND DIRECTION     W (290)
  HIGHEST GUST SPEED    14   HIGHEST GUST DIRECTION     W (280)
  AVERAGE WIND SPEED     2.8


SKY COVER
  AVERAGE SKY COVER 0.1


WEATHER CONDITIONS
 THE FOLLOWING WEATHER WAS RECORDED TODAY.
  HAZE


RELATIVE HUMIDITY (PERCENT)
 HIGHEST    68           600 AM
 LOWEST     24           300 PM
 AVERAGE    46

..........................................................


THE AUGUSTA BUSH FIELD GA CLIMATE NORMALS FOR TOMORROW
                         NORMAL    RECORD    YEAR
 MAXIMUM TEMPERATURE (F)   62        78      1922
                                             1884
                                             1880
 MINIMUM TEMPERATURE (F)   35         9      1973


SUNRISE AND SUNSET
FEBRUARY 11 2016......SUNRISE   716 AM EST   SUNSET   609 PM EST
FEBRUARY 12 2016......SUNRISE   715 AM EST   SUNSET   609 PM EST


-  INDICATES NEGATIVE NUMBERS.
R  INDICATES RECORD WAS SET OR TIED.
MM INDICATES DATA IS MISSING.
T  INDICATES TRACE AMOUNT.




$$
