000
CDUS42 KCAE 020616
CLIAGS


CLIMATE REPORT
NATIONAL WEATHER SERVICE COLUMBIA SC
116 AM EST MON MAR 2 2015


...................................

...THE AUGUSTA REGIONAL BUSH FIELD GA CLIMATE SUMMARY FOR MARCH 1 2015...

CLIMATE NORMAL PERIOD 1981 TO 2010
CLIMATE RECORD PERIOD 1873 TO 2015


WEATHER ITEM   OBSERVED TIME   RECORD YEAR NORMAL DEPARTURE LAST
                VALUE   (LST)  VALUE       VALUE  FROM      YEAR
                                                  NORMAL
..................................................................
TEMPERATURE (F)
 YESTERDAY
  MAXIMUM         43   1159 PM  85    1997  66    -23       65
                                      1918
  MINIMUM         36    925 AM  16    2002  39     -3       35
  AVERAGE         40                        52    -12       50

PRECIPITATION (IN)
  YESTERDAY        0.23          2.45 1913   0.14   0.09     0.00
  MONTH TO DATE    0.23                      0.14   0.09     0.00
  SINCE MAR 1      0.23                      0.14   0.09     0.00
  SINCE JAN 1      7.03                      7.97  -0.94     6.21

SNOWFALL (IN)
  YESTERDAY        0.0          MM      MM   0.0             0.0
  MONTH TO DATE    0.0                       0.0             0.0
  SINCE MAR 1      0.0                       0.0             0.0
  SINCE JUL 1      T                         0.9             3.3

DEGREE DAYS
 HEATING
  YESTERDAY       25                        13     12       15
  MONTH TO DATE   25                        13     12       15
  SINCE MAR 1     25                        13     12       15
  SINCE JUL 1   2311                      2045    266     2177

 COOLING
  YESTERDAY        0                         0      0        0
  MONTH TO DATE    0                         0      0        0
  SINCE MAR 1      0                         0      0        0
  SINCE JAN 1      0                         3     -3        2
..................................................................


WIND (MPH)
  HIGHEST WIND SPEED    15   HIGHEST WIND DIRECTION    NE (40)
  HIGHEST GUST SPEED    18   HIGHEST GUST DIRECTION    NE (40)
  AVERAGE WIND SPEED     6.2


SKY COVER
  AVERAGE SKY COVER 1.0


WEATHER CONDITIONS
 THE FOLLOWING WEATHER WAS RECORDED YESTERDAY.
  HEAVY RAIN
  RAIN
  LIGHT RAIN
  FOG


RELATIVE HUMIDITY (PERCENT)
 HIGHEST   100           400 AM
 LOWEST     76          1200 AM
 AVERAGE    88

..........................................................


THE AUGUSTA REGIONAL BUSH FIELD GA CLIMATE NORMALS FOR TODAY
                         NORMAL    RECORD    YEAR
 MAXIMUM TEMPERATURE (F)   66        86      1951
 MINIMUM TEMPERATURE (F)   39        20      1980


SUNRISE AND SUNSET
MARCH  2 2015.........SUNRISE   655 AM EST   SUNSET   625 PM EST
MARCH  3 2015.........SUNRISE   654 AM EST   SUNSET   626 PM EST


-  INDICATES NEGATIVE NUMBERS.
R  INDICATES RECORD WAS SET OR TIED.
MM INDICATES DATA IS MISSING.
T  INDICATES TRACE AMOUNT.




$$
