000
CDUS42 KCAE 182207
CLIAGS


CLIMATE REPORT
NATIONAL WEATHER SERVICE COLUMBIA SC
506 PM EST WED JAN 18 2017


...................................

...THE AUGUSTA BUSH FIELD GA CLIMATE SUMMARY FOR JANUARY 18 2017...
VALID TODAY AS OF 0500 PM LOCAL TIME.

CLIMATE NORMAL PERIOD 1981 TO 2010
CLIMATE RECORD PERIOD 1873 TO 2017


WEATHER ITEM   OBSERVED TIME   RECORD YEAR NORMAL DEPARTURE LAST
                VALUE   (LST)  VALUE       VALUE  FROM      YEAR
                                                  NORMAL
..................................................................
TEMPERATURE (F)
 TODAY
  MAXIMUM         81R   131 PM  80    1928  58     23       47
  MINIMUM         57    652 AM  14    2003  33     24       30
  AVERAGE         69                        45     24       39

PRECIPITATION (IN)
  TODAY            0.00          2.33 1925   0.12  -0.12     0.00
  MONTH TO DATE    6.43                      2.22   4.21     0.89
  SINCE DEC 1     10.84                      5.61   5.23     7.81
  SINCE JAN 1      6.43                      2.22   4.21     0.89

SNOWFALL (IN)
  TODAY            0.0          MM      MM   0.0             0.0
  MONTH TO DATE    T                         0.3             0.0
  SINCE DEC 1      T                         0.4             0.0
  SINCE JUL 1      T                         0.4             0.0

DEGREE DAYS
 HEATING
  TODAY            0                        20    -20       26
  MONTH TO DATE  181                       360   -179      353
  SINCE DEC 1    547                       913   -366      570
  SINCE JUL 1    818                      1335   -517      857

 COOLING
  TODAY            4                         0      4        0
  MONTH TO DATE   12                         0     12        0
  SINCE DEC 1     19                         3     16       47
  SINCE JAN 1     12                         0     12        0
..................................................................


WIND (MPH)
  HIGHEST WIND SPEED    21   HIGHEST WIND DIRECTION     W (260)
  HIGHEST GUST SPEED    29   HIGHEST GUST DIRECTION     W (250)
  AVERAGE WIND SPEED     9.5


SKY COVER
  AVERAGE SKY COVER 0.3


WEATHER CONDITIONS
 THE FOLLOWING WEATHER WAS RECORDED TODAY.
  FOG


RELATIVE HUMIDITY (PERCENT)
 HIGHEST    93           700 AM
 LOWEST     45           400 PM
 AVERAGE    69

..........................................................


THE AUGUSTA BUSH FIELD GA CLIMATE NORMALS FOR TOMORROW
                         NORMAL    RECORD    YEAR
 MAXIMUM TEMPERATURE (F)   58        78      2001
 MINIMUM TEMPERATURE (F)   33        12      1977
                                             1976


SUNRISE AND SUNSET
JANUARY 18 2017.......SUNRISE   731 AM EST   SUNSET   546 PM EST
JANUARY 19 2017.......SUNRISE   730 AM EST   SUNSET   547 PM EST


-  INDICATES NEGATIVE NUMBERS.
R  INDICATES RECORD WAS SET OR TIED.
MM INDICATES DATA IS MISSING.
T  INDICATES TRACE AMOUNT.




$$
