000
CDUS42 KCAE 010536
CLIAGS


CLIMATE REPORT
NATIONAL WEATHER SERVICE COLUMBIA SC
135 AM EDT WED OCT 1 2014


...................................

...THE AUGUSTA REGIONAL BUSH FIELD GA CLIMATE SUMMARY FOR SEPTEMBER 30 2014...

CLIMATE NORMAL PERIOD 1981 TO 2010
CLIMATE RECORD PERIOD 1873 TO 2014


WEATHER ITEM   OBSERVED TIME   RECORD YEAR NORMAL DEPARTURE LAST
                VALUE   (LST)  VALUE       VALUE  FROM      YEAR
                                                  NORMAL
..................................................................
TEMPERATURE (F)
 YESTERDAY
  MAXIMUM         84    342 PM  96    1904  83      1       78
  MINIMUM         60   1117 PM  36    1967  57      3       51
  AVERAGE         72                        70      2       65

PRECIPITATION (IN)
  YESTERDAY        0.00          1.01 1915   0.12  -0.12     0.00
  MONTH TO DATE    2.27                      3.22  -0.95     1.12
  SINCE SEP 1      2.27                      3.22  -0.95     1.12
  SINCE JAN 1     30.69                     34.09  -3.40    46.44

SNOWFALL (IN)
  YESTERDAY        0.0          MM      MM   0.0             0.0
  MONTH TO DATE    0.0                       0.0             0.0
  SINCE SEP 1      0.0                       0.0             0.0
  SINCE JUL 1      0.0                       0.0             0.0

DEGREE DAYS
 HEATING
  YESTERDAY        0                         1     -1        0
  MONTH TO DATE    2                         5     -3        0
  SINCE SEP 1      2                         7     -5        0
  SINCE JUL 1      2                         7     -5        0

 COOLING
  YESTERDAY        7                         6      1        0
  MONTH TO DATE  333                       296     37      293
  SINCE SEP 1    333                       296     37      293
  SINCE JAN 1   1984                      1984      0     1768
..................................................................


WIND (MPH)
  HIGHEST WIND SPEED    10   HIGHEST WIND DIRECTION     N (340)
  HIGHEST GUST SPEED    13   HIGHEST GUST DIRECTION     E (80)
  AVERAGE WIND SPEED     2.4


SKY COVER
  AVERAGE SKY COVER 0.3


WEATHER CONDITIONS
 THE FOLLOWING WEATHER WAS RECORDED YESTERDAY.
  FOG
  FOG W/VISIBILITY <= 1/4 MILE


RELATIVE HUMIDITY (PERCENT)
 HIGHEST   100          1100 PM
 LOWEST     47           200 PM
 AVERAGE    74

..........................................................


THE AUGUSTA REGIONAL BUSH FIELD GA CLIMATE NORMALS FOR TODAY
                         NORMAL    RECORD    YEAR
 MAXIMUM TEMPERATURE (F)   82        93      1986
 MINIMUM TEMPERATURE (F)   57        39      1967


SUNRISE AND SUNSET
OCTOBER  1 2014.......SUNRISE   722 AM EDT   SUNSET   712 PM EDT
OCTOBER  2 2014.......SUNRISE   723 AM EDT   SUNSET   711 PM EDT


-  INDICATES NEGATIVE NUMBERS.
R  INDICATES RECORD WAS SET OR TIED.
MM INDICATES DATA IS MISSING.
T  INDICATES TRACE AMOUNT.




$$
