000
CDUS42 KCAE 032202
CLIAGS


CLIMATE REPORT
NATIONAL WEATHER SERVICE COLUMBIA SC
602 PM EDT THU SEP 3 2015


...................................

...THE AUGUSTA BUSH FIELD GA CLIMATE SUMMARY FOR SEPTEMBER 3 2015...
VALID TODAY AS OF 0500 PM LOCAL TIME.

CLIMATE NORMAL PERIOD 1981 TO 2010
CLIMATE RECORD PERIOD 1873 TO 2015


WEATHER ITEM   OBSERVED TIME   RECORD YEAR NORMAL DEPARTURE LAST
                VALUE   (LST)  VALUE       VALUE  FROM      YEAR
                                                  NORMAL
..................................................................
TEMPERATURE (F)
 TODAY
  MAXIMUM         91    410 PM 101    1925  90      1       94
  MINIMUM         71    623 AM  54    1954  67      4       69
  AVERAGE         81                        78      3       82

PRECIPITATION (IN)
  TODAY            0.00          7.30 1998   0.11  -0.11      T
  MONTH TO DATE    0.00                      0.33  -0.33     1.24
  SINCE SEP 1      0.00                      0.33  -0.33     1.24
  SINCE JAN 1     26.39                     31.20  -4.81    29.66

SNOWFALL (IN)
  TODAY            0.0          MM      MM   0.0             0.0
  MONTH TO DATE    0.0                       0.0             0.0
  SINCE SEP 1      0.0                       0.0             0.0
  SINCE JUL 1      0.0                       0.0             0.0

DEGREE DAYS
 HEATING
  TODAY            0                         0      0        0
  MONTH TO DATE    0                         0      0        0
  SINCE SEP 1      0                         0      0        0
  SINCE JUL 1      0                         0      0        0

 COOLING
  TODAY           16                        13      3       17
  MONTH TO DATE   45                        40      5       54
  SINCE SEP 1     45                        40      5       54
  SINCE JAN 1   1958                      1728    230     1705
..................................................................


WIND (MPH)
  HIGHEST WIND SPEED     7   HIGHEST WIND DIRECTION    SW (230)
  HIGHEST GUST SPEED     8   HIGHEST GUST DIRECTION    SW (230)
  AVERAGE WIND SPEED     1.8


SKY COVER
  AVERAGE SKY COVER 0.0


WEATHER CONDITIONS
 THE FOLLOWING WEATHER WAS RECORDED TODAY.
  FOG


RELATIVE HUMIDITY (PERCENT)
 HIGHEST   100          1200 AM
 LOWEST     56           200 PM
 AVERAGE    78

..........................................................


THE AUGUSTA BUSH FIELD GA CLIMATE NORMALS FOR TOMORROW
                         NORMAL    RECORD    YEAR
 MAXIMUM TEMPERATURE (F)   90       106      1925
 MINIMUM TEMPERATURE (F)   67        54      1995


SUNRISE AND SUNSET
SEPTEMBER  3 2015.....SUNRISE   703 AM EDT   SUNSET   751 PM EDT
SEPTEMBER  4 2015.....SUNRISE   704 AM EDT   SUNSET   749 PM EDT


-  INDICATES NEGATIVE NUMBERS.
R  INDICATES RECORD WAS SET OR TIED.
MM INDICATES DATA IS MISSING.
T  INDICATES TRACE AMOUNT.




$$
