000
CDUS42 KCAE 202228
CLIAGS


CLIMATE REPORT
NATIONAL WEATHER SERVICE COLUMBIA SC
526 PM EST SAT JAN 20 2018


...................................

...THE AUGUSTA BUSH FIELD GA CLIMATE SUMMARY FOR JANUARY 20 2018...
VALID TODAY AS OF 0500 PM LOCAL TIME.

CLIMATE NORMAL PERIOD 1981 TO 2010
CLIMATE RECORD PERIOD 1873 TO 2018


WEATHER ITEM   OBSERVED TIME   RECORD YEAR NORMAL DEPARTURE LAST
                VALUE   (LST)  VALUE       VALUE  FROM      YEAR
                                                  NORMAL
..................................................................
TEMPERATURE (F)
 TODAY
  MAXIMUM         66    359 PM  81    2017  58      8       81
  MINIMUM         21    635 AM   8    1985  33    -12       55
  AVERAGE         44                        45     -1       68

PRECIPITATION (IN)
  TODAY            0.00          2.08 1881   0.13  -0.13      T
  MONTH TO DATE    0.75                      2.47  -1.72     6.43
  SINCE DEC 1      4.86                      5.86  -1.00    10.84
  SINCE JAN 1      0.75                      2.47  -1.72     6.43

SNOWFALL (IN)
  TODAY            0.0          MM      MM   0.0             0.0
  MONTH TO DATE    T                         0.3              T
  SINCE DEC 1      T                         0.4              T
  SINCE JUL 1      T                         0.4              T

DEGREE DAYS
 HEATING
  TODAY           21                        20      1        0
  MONTH TO DATE  505                       400    105      184
  SINCE DEC 1    976                       953     23      550
  SINCE JUL 1   1341                      1375    -34      821

 COOLING
  TODAY            0                         0      0        3
  MONTH TO DATE    2                         0      2       14
  SINCE DEC 1      2                         3     -1       21
  SINCE JAN 1      2                         0      2       14
..................................................................


WIND (MPH)
  HIGHEST WIND SPEED    14   HIGHEST WIND DIRECTION    NW (330)
  HIGHEST GUST SPEED    19   HIGHEST GUST DIRECTION    NW (320)
  AVERAGE WIND SPEED     2.9


SKY COVER
  AVERAGE SKY COVER 0.0


WEATHER CONDITIONS
 THE FOLLOWING WEATHER WAS RECORDED TODAY.
  NO SIGNIFICANT WEATHER WAS OBSERVED.


RELATIVE HUMIDITY (PERCENT)
 HIGHEST    89           900 AM
 LOWEST     34           300 PM
 AVERAGE    62

..........................................................


THE AUGUSTA BUSH FIELD GA CLIMATE NORMALS FOR TOMORROW
                         NORMAL    RECORD    YEAR
 MAXIMUM TEMPERATURE (F)   58        78      1959
                                             1935
                                             1922
 MINIMUM TEMPERATURE (F)   33        -1      1985


SUNRISE AND SUNSET
JANUARY 20 2018.......SUNRISE   730 AM EST   SUNSET   548 PM EST
JANUARY 21 2018.......SUNRISE   730 AM EST   SUNSET   549 PM EST


-  INDICATES NEGATIVE NUMBERS.
R  INDICATES RECORD WAS SET OR TIED.
MM INDICATES DATA IS MISSING.
T  INDICATES TRACE AMOUNT.




$$
