350
CDUS42 KFFC 180021
CLIAHN


CLIMATE REPORT
NATIONAL WEATHER SERVICE PEACHTREE CITY GA
721 PM EST FRI NOV 17 2017


...................................

...THE ATHENS CLIMATE SUMMARY FOR NOVEMBER 17 2017...
VALID AS OF 0700 PM LOCAL TIME.

CLIMATE NORMAL PERIOD 1981 TO 2010
CLIMATE RECORD PERIOD 1898 TO 2017


WEATHER ITEM   OBSERVED TIME   RECORD YEAR NORMAL DEPARTURE LAST
                VALUE   (LST)  VALUE       VALUE  FROM      YEAR
                                                  NORMAL
..................................................................
TEMPERATURE (F)
 TODAY
  MAXIMUM         67    252 PM  84    1958  65      2       77
  MINIMUM         34    657 AM  25    1997  42     -8       39
                                      1984
                                      1943
  AVERAGE         51                        53     -2       58

PRECIPITATION (IN)
  TODAY            0.00          2.84 1921   0.14  -0.14     0.00
  MONTH TO DATE    1.00                      2.06  -1.06     0.33
  SINCE SEP 1     10.90                      9.55   1.35     1.58
  SINCE JAN 1     52.89                     40.84  12.05    32.55

SNOWFALL (IN)
  TODAY           MM             0.0  2001   0.0   MM        0.0
  MONTH TO DATE    0.0                       0.0    0.0      0.0
  SINCE SEP 1      0.0                       0.0    0.0      0.0
  SINCE JUL 1      0.0                       0.0    0.0      0.0
  SNOW DEPTH       0

DEGREE DAYS
 HEATING
  TODAY           14                        12      2        7
  MONTH TO DATE  147                       163    -16      125
  SINCE SEP 1    281                       298    -17      156
  SINCE JUL 1    281                       298    -17      156

 COOLING
  TODAY            0                         0      0        0
  MONTH TO DATE   23                         5     18       16
  SINCE SEP 1    380                       327     53      530
  SINCE JAN 1   2019                      1882    137     2444
..................................................................


WIND (MPH)
  HIGHEST WIND SPEED    10   HIGHEST WIND DIRECTION     E (100)
  HIGHEST GUST SPEED    15   HIGHEST GUST DIRECTION     E (100)
  AVERAGE WIND SPEED     2.8


SKY COVER
  AVERAGE SKY COVER 0.0


WEATHER CONDITIONS
 THE FOLLOWING WEATHER WAS RECORDED TODAY.
  LIGHT RAIN


RELATIVE HUMIDITY (PERCENT)
 HIGHEST   100           200 AM
 LOWEST     34          1200 PM

..........................................................


THE ATHENS CLIMATE NORMALS FOR TOMORROW
                         NORMAL    RECORD    YEAR
 MAXIMUM TEMPERATURE (F)   65        80      2016
                                             1994
                                             1942
 MINIMUM TEMPERATURE (F)   42        22      2014


SUNRISE AND SUNSET
NOVEMBER 17 2017......SUNRISE   708 AM EST   SUNSET   529 PM EST
NOVEMBER 18 2017......SUNRISE   709 AM EST   SUNSET   528 PM EST


-  INDICATES NEGATIVE NUMBERS.
R  INDICATES RECORD WAS SET OR TIED.
MM INDICATES DATA IS MISSING.
T  INDICATES TRACE AMOUNT.




$$
