342
CDUS42 KFFC 240819
CLIAHN


CLIMATE REPORT
NATIONAL WEATHER SERVICE PEACHTREE CITY GA
419 AM EDT WED AUG 24 2016


...................................

...THE ATHENS CLIMATE SUMMARY FOR AUGUST 23 2016...

CLIMATE NORMAL PERIOD 1981 TO 2010
CLIMATE RECORD PERIOD 1898 TO 2016


WEATHER ITEM   OBSERVED TIME   RECORD YEAR NORMAL DEPARTURE LAST
                VALUE   (LST)  VALUE       VALUE  FROM      YEAR
                                                  NORMAL
..................................................................
TEMPERATURE (F)
 YESTERDAY
  MAXIMUM         90    359 PM 105    1983  89      1       84
  MINIMUM         71    634 AM  56    1930  69      2       71
  AVERAGE         81                        79      2       78

PRECIPITATION (IN)
  YESTERDAY        0.00          2.31 1967   0.11  -0.11     0.56
  MONTH TO DATE    9.72                      2.71   7.01     6.21
  SINCE JUN 1     15.41                     11.36   4.05    14.05
  SINCE JAN 1     30.59                     30.47   0.12    34.45

DEGREE DAYS
 COOLING
  YESTERDAY       16                        14      2       13
  MONTH TO DATE  409                       343     66      378
  SINCE JUN 1   1485                      1205    280     1384
  SINCE JAN 1   1786                      1445    341     1709
..................................................................


WIND (MPH)
  RESULTANT WIND SPEED   3   RESULTANT WIND DIRECTION   E (70)
  HIGHEST WIND SPEED    10   HIGHEST WIND DIRECTION    NE (60)
  HIGHEST GUST SPEED    14   HIGHEST GUST DIRECTION     E (80)
  AVERAGE WIND SPEED     3.0


SKY COVER
  POSSIBLE SUNSHINE  MM
  AVERAGE SKY COVER 0.4


WEATHER CONDITIONS
 THE FOLLOWING WEATHER WAS RECORDED YESTERDAY.
  NO SIGNIFICANT WEATHER WAS OBSERVED.


RELATIVE HUMIDITY (PERCENT)
 HIGHEST   100          1200 AM
 LOWEST     56           400 PM
 AVERAGE    78

..........................................................


THE ATHENS CLIMATE NORMALS FOR TODAY
                         NORMAL    RECORD    YEAR
 MAXIMUM TEMPERATURE (F)   89       101      1983
 MINIMUM TEMPERATURE (F)   69        57      1997


SUNRISE AND SUNSET
AUGUST 24 2016........SUNRISE   702 AM EDT   SUNSET   809 PM EDT
AUGUST 25 2016........SUNRISE   702 AM EDT   SUNSET   807 PM EDT


-  INDICATES NEGATIVE NUMBERS.
R  INDICATES RECORD WAS SET OR TIED.
MM INDICATES DATA IS MISSING.
T  INDICATES TRACE AMOUNT.




$$
