000
CDUS42 KFFC 300817
CLIAHN


CLIMATE REPORT
NATIONAL WEATHER SERVICE PEACHTREE CITY GA
417 AM EDT THU OCT 30 2014


...................................

...THE ATHENS CLIMATE SUMMARY FOR OCTOBER 29 2014...

CLIMATE NORMAL PERIOD 1981 TO 2010
CLIMATE RECORD PERIOD 1898 TO 2014


WEATHER ITEM   OBSERVED TIME   RECORD YEAR NORMAL DEPARTURE LAST
                VALUE   (LST)  VALUE       VALUE  FROM      YEAR
                                                  NORMAL
..................................................................
TEMPERATURE (F)
 YESTERDAY
  MAXIMUM         77    229 PM  86    1919  71      6       72
  MINIMUM         49   1159 PM  28    1976  47      2       50
                                      1952
  AVERAGE         63                        59      4       61

PRECIPITATION (IN)
  YESTERDAY        T             1.73 1908   0.10  -0.10     0.00
  MONTH TO DATE    3.41                      3.35   0.06     1.27
  SINCE SEP 1      8.23                      7.29   0.94     3.69
  SINCE JAN 1     37.72                     38.58  -0.86    49.85

SNOWFALL (IN)
  YESTERDAY        0.0           0.0  2002   0.0    0.0      0.0
                                      2001
                                      2000
  MONTH TO DATE    0.0                       0.0    0.0      0.0
  SINCE SEP 1      0.0                       0.0    0.0      0.0
  SINCE JUL 1      0.0                       0.0    0.0      0.0
  SNOW DEPTH       0

DEGREE DAYS
 HEATING
  YESTERDAY        2                         7     -5        4
  MONTH TO DATE   86                       111    -25      107
  SINCE SEP 1     88                       121    -33      109
  SINCE JUL 1     88                       121    -33      112

 COOLING
  YESTERDAY        0                         1     -1        0
  MONTH TO DATE   88                        60     28       61
  SINCE SEP 1    398                       320     78      316
  SINCE JAN 1   1983                      1875    108     1643
..................................................................


WIND (MPH)
  RESULTANT WIND SPEED   2   RESULTANT WIND DIRECTION   W (280)
  HIGHEST WIND SPEED    13   HIGHEST WIND DIRECTION    NW (320)
  HIGHEST GUST SPEED    18   HIGHEST GUST DIRECTION     W (270)
  AVERAGE WIND SPEED     3.8


SKY COVER
  POSSIBLE SUNSHINE  MM
  AVERAGE SKY COVER 0.3


WEATHER CONDITIONS
 THE FOLLOWING WEATHER WAS RECORDED YESTERDAY.
  LIGHT RAIN


RELATIVE HUMIDITY (PERCENT)
 HIGHEST   100           600 AM
 LOWEST     60           200 PM
 AVERAGE    80

..........................................................


THE ATHENS CLIMATE NORMALS FOR TODAY
                         NORMAL    RECORD    YEAR
 MAXIMUM TEMPERATURE (F)   70        87      1984
 MINIMUM TEMPERATURE (F)   47        24      1952


SUNRISE AND SUNSET
OCTOBER 30 2014.......SUNRISE   751 AM EDT   SUNSET   642 PM EDT
OCTOBER 31 2014.......SUNRISE   752 AM EDT   SUNSET   642 PM EDT


-  INDICATES NEGATIVE NUMBERS.
R  INDICATES RECORD WAS SET OR TIED.
MM INDICATES DATA IS MISSING.
T  INDICATES TRACE AMOUNT.




$$
