000
CDUS42 KFFC 300835
CLIAHN


CLIMATE REPORT
NATIONAL WEATHER SERVICE PEACHTREE CITY GA
434 AM EDT THU MAR 30 2017


...................................

...THE ATHENS CLIMATE SUMMARY FOR MARCH 29 2017...

CLIMATE NORMAL PERIOD 1981 TO 2010
CLIMATE RECORD PERIOD 1898 TO 2017


WEATHER ITEM   OBSERVED TIME   RECORD YEAR NORMAL DEPARTURE LAST
                VALUE   (LST)  VALUE       VALUE  FROM      YEAR
                                                  NORMAL
..................................................................
TEMPERATURE (F)
 YESTERDAY
  MAXIMUM         85R   331 PM  85    1928  70     15       70
  MINIMUM         52    650 AM  25    1887  45      7       40
  AVERAGE         69                        58     11       55

PRECIPITATION (IN)
  YESTERDAY        0.00          5.80 1886   0.14  -0.14     0.00
  MONTH TO DATE    4.08                      4.17  -0.09     1.86
  SINCE MAR 1      4.08                      4.17  -0.09     1.86
  SINCE JAN 1     11.78                     12.70  -0.92    10.03

SNOWFALL (IN)
  YESTERDAY        0.0           0.0  2002   0.1   -0.1      0.0
                                      2001
                                      2000
  MONTH TO DATE    0.0                       0.8   -0.8      0.0
  SINCE MAR 1      0.0                       0.8   -0.8      0.0
  SINCE JUL 1      0.0                       2.9   -2.9      0.1
  SNOW DEPTH       0

DEGREE DAYS
 HEATING
  YESTERDAY        0                         8     -8       10
  MONTH TO DATE  281                       324    -43      181
  SINCE MAR 1    281                       324    -43      181
  SINCE JUL 1   1805                      2579   -774     2024

 COOLING
  YESTERDAY        4                         1      3        0
  MONTH TO DATE   30                         1     29       34
  SINCE MAR 1     30                         1     29       34
  SINCE JAN 1     39                         2     37       34
..................................................................


WIND (MPH)
  RESULTANT WIND SPEED   1   RESULTANT WIND DIRECTION   E (100)
  HIGHEST WIND SPEED    10   HIGHEST WIND DIRECTION     E (90)
  HIGHEST GUST SPEED    16   HIGHEST GUST DIRECTION     E (80)
  AVERAGE WIND SPEED     2.4


SKY COVER
  POSSIBLE SUNSHINE  MM
  AVERAGE SKY COVER 0.1


WEATHER CONDITIONS
 THE FOLLOWING WEATHER WAS RECORDED YESTERDAY.
  NO SIGNIFICANT WEATHER WAS OBSERVED.


RELATIVE HUMIDITY (PERCENT)
 HIGHEST    93           300 AM
 LOWEST     34           400 PM
 AVERAGE    64

..........................................................


THE ATHENS CLIMATE NORMALS FOR TODAY
                         NORMAL    RECORD    YEAR
 MAXIMUM TEMPERATURE (F)   70        84      1985
                                             1938
                                             1922
 MINIMUM TEMPERATURE (F)   45        24      1964


SUNRISE AND SUNSET
MARCH 30 2017.........SUNRISE   723 AM EDT   SUNSET   753 PM EDT
MARCH 31 2017.........SUNRISE   722 AM EDT   SUNSET   753 PM EDT


-  INDICATES NEGATIVE NUMBERS.
R  INDICATES RECORD WAS SET OR TIED.
MM INDICATES DATA IS MISSING.
T  INDICATES TRACE AMOUNT.




$$
