000
CDUS42 KFFC 042041
CLIAHN


CLIMATE REPORT
NATIONAL WEATHER SERVICE PEACHTREE CITY GA
441 PM EDT WED MAY 4 2016


...................................

...THE ATHENS CLIMATE SUMMARY FOR MAY 4 2016...
VALID TODAY AS OF 0400 PM LOCAL TIME.

CLIMATE NORMAL PERIOD 1981 TO 2010
CLIMATE RECORD PERIOD 1898 TO 2016


WEATHER ITEM   OBSERVED TIME   RECORD YEAR NORMAL DEPARTURE LAST
                VALUE   (LST)  VALUE       VALUE  FROM      YEAR
                                                  NORMAL
..................................................................
TEMPERATURE (F)
 TODAY
  MAXIMUM         73    255 PM  92    1955  79     -6       83
                                      1919
  MINIMUM         53    608 AM  37    1971  55     -2       53
  AVERAGE         63                        67     -4       68

PRECIPITATION (IN)
  TODAY            0.00          2.36 1857   0.10  -0.10     0.00
  MONTH TO DATE    0.04                      0.41  -0.37     0.00
  SINCE MAR 1      4.56                      7.99  -3.43    10.80
  SINCE JAN 1     12.73                     16.52  -3.79    17.77

DEGREE DAYS
 HEATING
  TODAY            2                         2      0        0
  MONTH TO DATE    2                         8     -6        7
  SINCE MAR 1    299                       496   -197      322
  SINCE JUL 1   2142                      2751   -609     2828

 COOLING
  TODAY            0                         3     -3        3
  MONTH TO DATE   29                        12     17        3
  SINCE MAR 1    136                        69     67       82
  SINCE JAN 1    136                        70     66       82
..................................................................


WIND (MPH)
  HIGHEST WIND SPEED    16   HIGHEST WIND DIRECTION    NW (300)
  HIGHEST GUST SPEED    21   HIGHEST GUST DIRECTION    NW (310)
  AVERAGE WIND SPEED     6.5


SKY COVER
  AVERAGE SKY COVER 0.2


WEATHER CONDITIONS
 THE FOLLOWING WEATHER WAS RECORDED TODAY.
  NO SIGNIFICANT WEATHER WAS OBSERVED.


RELATIVE HUMIDITY (PERCENT)
 HIGHEST    89           500 AM
 LOWEST     33           300 PM
 AVERAGE    61

..........................................................


THE ATHENS CLIMATE NORMALS FOR TOMORROW
                         NORMAL    RECORD    YEAR
 MAXIMUM TEMPERATURE (F)   79        93      1955
 MINIMUM TEMPERATURE (F)   55        37      2011


SUNRISE AND SUNSET
MAY  4 2016...........SUNRISE   641 AM EDT   SUNSET   820 PM EDT
MAY  5 2016...........SUNRISE   640 AM EDT   SUNSET   820 PM EDT


-  INDICATES NEGATIVE NUMBERS.
R  INDICATES RECORD WAS SET OR TIED.
MM INDICATES DATA IS MISSING.
T  INDICATES TRACE AMOUNT.




$$
