000
CDUS42 KFFC 270919
CLIAHN


CLIMATE REPORT
NATIONAL WEATHER SERVICE PEACHTREE CITY GA
419 AM EST SAT DEC 27 2014


...................................

...THE ATHENS CLIMATE SUMMARY FOR DECEMBER 26 2014...

CLIMATE NORMAL PERIOD 1981 TO 2010
CLIMATE RECORD PERIOD 1898 TO 2014


WEATHER ITEM   OBSERVED TIME   RECORD YEAR NORMAL DEPARTURE LAST
                VALUE   (LST)  VALUE       VALUE  FROM      YEAR
                                                  NORMAL
..................................................................
TEMPERATURE (F)
 YESTERDAY
  MAXIMUM         60    309 PM  74    1964  54      6       58
                                      1928
  MINIMUM         29    722 AM   9    1983  34     -5       30
  AVERAGE         45                        44      1       44

PRECIPITATION (IN)
  YESTERDAY        0.00          2.70 1943   0.12  -0.12     0.00
  MONTH TO DATE    3.53                      3.14   0.39     5.80
  SINCE DEC 1      3.53                      3.14   0.39     5.80
  SINCE JAN 1     44.29                     45.74  -1.45    58.07

SNOWFALL (IN)
  YESTERDAY        0.0           1.3  2010   0.0    0.0      0.0
  MONTH TO DATE    0.0                       0.1   -0.1      0.0
  SINCE DEC 1      0.0                       0.1   -0.1      0.0
  SINCE JUL 1      0.0                       0.1   -0.1      0.0
  SNOW DEPTH       0

DEGREE DAYS
 HEATING
  YESTERDAY       20                        21     -1       21
  MONTH TO DATE  429                       501    -72      432
  SINCE DEC 1    429                       501    -72      432
  SINCE JUL 1   1042                       981     61      994
..................................................................


WIND (MPH)
  RESULTANT WIND SPEED   1   RESULTANT WIND DIRECTION   E (110)
  HIGHEST WIND SPEED     6   HIGHEST WIND DIRECTION    SE (130)
  HIGHEST GUST SPEED     7   HIGHEST GUST DIRECTION    SW (210)
  AVERAGE WIND SPEED     1.6


SKY COVER
  POSSIBLE SUNSHINE  MM
  AVERAGE SKY COVER 0.0


WEATHER CONDITIONS
 THE FOLLOWING WEATHER WAS RECORDED YESTERDAY.
  FOG


RELATIVE HUMIDITY (PERCENT)
 HIGHEST   100           400 AM
 LOWEST     36           300 PM
 AVERAGE    68

..........................................................


THE ATHENS CLIMATE NORMALS FOR TODAY
                         NORMAL    RECORD    YEAR
 MAXIMUM TEMPERATURE (F)   54        73      1971
 MINIMUM TEMPERATURE (F)   33        11      1935


SUNRISE AND SUNSET
DECEMBER 27 2014......SUNRISE   737 AM EST   SUNSET   532 PM EST
DECEMBER 28 2014......SUNRISE   737 AM EST   SUNSET   532 PM EST


-  INDICATES NEGATIVE NUMBERS.
R  INDICATES RECORD WAS SET OR TIED.
MM INDICATES DATA IS MISSING.
T  INDICATES TRACE AMOUNT.




$$
