000
CDUS45 KCYS 200729
CLIAIA


CLIMATE REPORT
NATIONAL WEATHER SERVICE CHEYENNE WY
129 AM MDT MON OCT 20 2014


...................................

...THE ALLIANCE NE AIRPORT CLIMATE SUMMARY FOR OCTOBER 19 2014...

CLIMATE NORMAL PERIOD 1981 TO 2010
CLIMATE RECORD PERIOD 1896 TO 2014


WEATHER ITEM   OBSERVED TIME   RECORD YEAR NORMAL DEPARTURE LAST
                VALUE   (LST)  VALUE       VALUE  FROM      YEAR
                                                  NORMAL
..................................................................
TEMPERATURE (F)
 YESTERDAY
  MAXIMUM         75    337 PM  90    2003  61     14       62
  MINIMUM         31    358 AM  12    1917  28      3       29
  AVERAGE         53                        45      8       46

PRECIPITATION (IN)
  YESTERDAY        0.00          1.71 1908   0.03  -0.03     0.00
  MONTH TO DATE    0.12                      0.81  -0.69     1.23
  SINCE JAN 1     17.39                     14.61   2.78    13.17

DEGREE DAYS
 HEATING
  YESTERDAY       12                        21     -9       19
  MONTH TO DATE  271                       322    -51      383
  SINCE SEP 1    422                       530   -108      504
  SINCE JUL 1    459                       567   -108      512

 COOLING
  YESTERDAY        0                         0      0        0
  MONTH TO DATE    0                         0      0        0
  SINCE SEP 1     37                        40     -3      136
  SINCE JAN 1    499                       563    -64      795
..................................................................


WIND (MPH)
  HIGHEST WIND SPEED    10   HIGHEST WIND DIRECTION    NE (40)
  HIGHEST GUST SPEED    16   HIGHEST GUST DIRECTION    NE (30)
  AVERAGE WIND SPEED     4.7


SKY COVER
  AVERAGE SKY COVER 0.0


WEATHER CONDITIONS
 THE FOLLOWING WEATHER WAS RECORDED YESTERDAY.
  NO SIGNIFICANT WEATHER WAS OBSERVED.


RELATIVE HUMIDITY (PERCENT)
 HIGHEST    96           300 AM
 LOWEST     23           300 PM
 AVERAGE    60

..........................................................


THE ALLIANCE NE AIRPORT CLIMATE NORMALS FOR TODAY
                         NORMAL    RECORD    YEAR
 MAXIMUM TEMPERATURE (F)   60        84      1947
 MINIMUM TEMPERATURE (F)   28        10      1916
                                             1905


SUNRISE AND SUNSET
OCTOBER 20 2014.......SUNRISE   710 AM MDT   SUNSET   602 PM MDT
OCTOBER 21 2014.......SUNRISE   711 AM MDT   SUNSET   600 PM MDT


-  INDICATES NEGATIVE NUMBERS.
R  INDICATES RECORD WAS SET OR TIED.
MM INDICATES DATA IS MISSING.
T  INDICATES TRACE AMOUNT.




$$
