000
CDAK48 PAKN 291208
CLIAKN

CLIMATE REPORT
NATIONAL WEATHER SERVICE KING SALMON, AK
408 AM AKDT MON AUG 29 2016

...................................
...THE KING SALMON AP CLIMATE SUMMARY FOR AUGUST 28 2016...

CLIMATE NORMAL PERIOD  1981 TO  2010
CLIMATE RECORD PERIOD  1917 TO  2016

WEATHER ITEM   OBSERVED TIME    RECORD YEAR NORMAL DEPARTURE LAST
               VALUE    (LST)   VALUE       VALUE  FROM      YEAR
                                                   NORMAL
...................................................................
TEMPERATURE
YESTERDAY
 MAXIMUM            73  0524 PM    78  1962     61      12     58
 MINIMUM            53  1148 PM    31  1960     45       8     35
 AVERAGE            63                          53      10     47

PRECIPITATION
(INCHES)
 YESTERDAY        0.00           1.45  1949   0.10   -0.10   0.02
 MONTH TO DATE    4.84                        2.65    2.19   1.44
 SINCE JUN 1     10.64                        6.60    4.04   5.39
 SINCE JAN 1     18.05                       11.30    6.75  12.63

SNOWFALL
(INCHES)
 YESTERDAY         0.0            0.0  2016    0.0     0.0    0.0
 MONTH TO DATE     0.0                         0.0     0.0    0.0
 SINCE JUN 1       0.0                         0.0     0.0    0.0
 SINCE JUL 1       0.0                         0.0     0.0    0.0
 SNOW DEPTH (IN)     0                                          0

DEGREE DAYS
 HEATING
  YESTERDAY          2                          12     -10     18
  MONTH TO DATE    145                         286    -141    239
  SINCE JUN 1      592                         983    -391    718
  SINCE JUL 1      321                         576    -255    469

 COOLING
  YESTERDAY          0                           0       0      0
  MONTH TO DATE      0                           0       0      0
  SINCE JUN 1        0                           0       0      2
  SINCE JAN 1        0                           0       0      2
...................................................................

WIND (MPH)
 HIGHEST WIND SPEED    20     HIGHEST WIND DIRECTION    350
 HIGHEST GUST SPEED    25     HIGHEST GUST DIRECTION     10
 AVERAGE WIND SPEED   8.2

SKY COVER
  POSSIBLE SUNSHINE    MM          AVERAGE SKY COVER     MM

WEATHER CONDITIONS
 THE FOLLOWING WEATHER WAS RECORDED YESTERDAY.
  NO SIGNIFICANT WEATHER WAS OBSERVED.

RELATIVE HUMIDITY
 HIGHEST RH     MM PERCENT       MM
 LOWEST  RH     MM PERCENT       MM
 AVERAGE RH     MM PERCENT       MM
...................................................................

THE KING SALMON CLIMATE NORMALS FOR TODAY
                           NORMAL    RECORD   YEAR
 MAXIMUM TEMPERATURE (F)     61        74     1987
 MINIMUM TEMPERATURE (F)     45        29     1994

SUNRISE AND SUNSET
 AUG 29 2016..........SUNRISE  7:20 AM      SUNSET  9:34 PM
 AUG 30 2016..........SUNRISE  7:23 AM      SUNSET  9:31 PM

-  INDICATES NEGATIVE NUMBERS.
R  INDICATES RECORD HAS BEEN SET OR TIED.
MM INDICATES DATA IS MISSING.
T  INDICATES TRACE OF PRECIPITATION.

&&
-------------------------------------------------------------------

AMOUNT OF DAYLIGHT TODAY  (HOUR:MIN)........14 HOURS 14 MINUTES
GAIN/LOSS SINCE YESTERDAY (HOUR:MIN:SEC)....-0:05:03

$$
FS AUG 16
