000
CDAK48 PAKN 230926
CLIAKN

CLIMATE REPORT
NATIONAL WEATHER SERVICE KING SALMON, AK
127 AM AKDT WED JUL 23 2014

...................................
...THE KING SALMON AP CLIMATE SUMMARY FOR JULY 22 2014...

CLIMATE NORMAL PERIOD  1981 TO  2010
CLIMATE RECORD PERIOD  1949 TO  2014

WEATHER ITEM   OBSERVED TIME    RECORD YEAR NORMAL DEPARTURE LAST
               VALUE    (LST)   VALUE       VALUE  FROM      YEAR
                                                   NORMAL
...................................................................
TEMPERATURE
YESTERDAY
 MAXIMUM            62  0311 PM    79  2013     64      -2     79
 MINIMUM            47  0357 AM    38  1965     48      -1     46
 AVERAGE            55                          56      -1     63

PRECIPITATION
(INCHES)
 YESTERDAY        0.07           0.78  1986   0.08   -0.01   0.00
 MONTH TO DATE    1.85                        1.54    0.31   1.30
 SINCE JUN 1      5.10                        3.19    1.91   2.35
 SINCE JAN 1     10.23                        7.89    2.34   8.71

SNOWFALL
(INCHES)
 YESTERDAY         0.0            0.0  2014    0.0     0.0    0.0
 MONTH TO DATE     0.0                         0.0     0.0    0.0
 SINCE JUN 1       0.0                         0.0     0.0    0.0
 SINCE JUL 1       0.0                         0.0     0.0    0.0
 SNOW DEPTH (IN)     0                                          0

DEGREE DAYS
 HEATING
  YESTERDAY         10                           9       1      2
  MONTH TO DATE    170                         209     -39    212
  SINCE JUN 1      601                         616     -15    494
  SINCE JUL 1      170                         209     -39    212

 COOLING
  YESTERDAY          0                           0       0      0
  MONTH TO DATE      0                           0       0      0
  SINCE JUN 1        0                           0       0      0
  SINCE JAN 1        0                           0       0      0
...................................................................

WIND (MPH)
 HIGHEST WIND SPEED    17     HIGHEST WIND DIRECTION    230
 HIGHEST GUST SPEED    23     HIGHEST GUST DIRECTION    250
 AVERAGE WIND SPEED   8.1

SKY COVER
  POSSIBLE SUNSHINE    MM          AVERAGE SKY COVER     MM

WEATHER CONDITIONS
 THE FOLLOWING WEATHER WAS RECORDED YESTERDAY.
  FOG
RAIN


RELATIVE HUMIDITY
 HIGHEST RH     MM PERCENT       MM
 LOWEST  RH     MM PERCENT       MM
 AVERAGE RH     MM PERCENT       MM
...................................................................

THE KING SALMON CLIMATE NORMALS FOR TODAY
                           NORMAL    RECORD   YEAR
 MAXIMUM TEMPERATURE (F)     64        81     1980
 MINIMUM TEMPERATURE (F)     48        39     1970

SUNRISE AND SUNSET
 JUL 23 2014..........SUNRISE  5:58 AM      SUNSET 11:08 PM
 JUL 24 2014..........SUNRISE  6:00 AM      SUNSET 11:06 PM

-  INDICATES NEGATIVE NUMBERS.
R  INDICATES RECORD HAS BEEN SET OR TIED.
MM INDICATES DATA IS MISSING.
T  INDICATES TRACE OF PRECIPITATION.

&&
-------------------------------------------------------------------

AMOUNT OF DAYLIGHT TODAY  (HOUR:MIN)........17 HOURS 10 MINUTES
GAIN/LOSS SINCE YESTERDAY (HOUR:MIN:SEC)....-0:03:57

$$
DJH JUL 14
