000
CDAK48 PAKN 300042
CLIAKN


CLIMATE REPORT
NATIONAL WEATHER SERVICE ANCHORAGE, AK
441 PM AKDT WED MAR 29 2017


...................................

...THE KING SALMON CLIMATE SUMMARY FOR MARCH 29 2017...
VALID TODAY AS OF 0400 PM LOCAL TIME.

CLIMATE NORMAL PERIOD 1981 TO 2010
CLIMATE RECORD PERIOD 1917 TO 2017


WEATHER ITEM   OBSERVED TIME   RECORD YEAR NORMAL DEPARTURE LAST
                VALUE   (LST)  VALUE       VALUE  FROM      YEAR
                                                  NORMAL
..................................................................
TEMPERATURE (F)
 TODAY
  MAXIMUM         27    100 PM  53    2015  36     -9       45
  MINIMUM         -2        MM -18    1951  19    -21       30
  AVERAGE         13                        27    -14       38

PRECIPITATION (IN)
  TODAY            0.00          0.96 1935   0.02  -0.02     0.15
  MONTH TO DATE    0.00                      0.65  -0.65     1.34
  SINCE MAR 1      0.00                      0.65  -0.65     1.34
  SINCE JAN 1      1.20                      2.43  -1.23     2.78

SNOWFALL (IN)
  TODAY            0.0          MM      MM   0.2   -0.2     MM
  MONTH TO DATE    0.0                       6.0   -6.0      0.0
  SINCE MAR 1      0.0                       6.0   -6.0      0.0
  SINCE JUL 1     22.7                      41.5  -18.8     13.1
  SNOW DEPTH       0

DEGREE DAYS
 HEATING
  TODAY           52                        38     14       27
  MONTH TO DATE 1560                      1191    369      908
  SINCE MAR 1   1560                      1191    369      908
  SINCE JUL 1   8693                      8811   -118     6599

 COOLING
  TODAY            0                         0      0        0
  MONTH TO DATE    0                         0      0        0
  SINCE MAR 1      0                         0      0        0
  SINCE JAN 1      0                         0      0        0
..................................................................


WIND (MPH)
  RESULTANT WIND SPEED   1   RESULTANT WIND DIRECTION   N (360)
  HIGHEST WIND SPEED     8   HIGHEST WIND DIRECTION     N (10)
  HIGHEST GUST SPEED    MM   HIGHEST GUST DIRECTION    MM
  AVERAGE WIND SPEED     1.8



WEATHER CONDITIONS
 THE FOLLOWING WEATHER WAS RECORDED TODAY.
  FOG


RELATIVE HUMIDITY (PERCENT)
 HIGHEST    91
 LOWEST     42
 AVERAGE    67

..........................................................


THE KING SALMON CLIMATE NORMALS FOR TOMORROW
                         NORMAL    RECORD    YEAR
 MAXIMUM TEMPERATURE (F)   36        50      1995
 MINIMUM TEMPERATURE (F)   19       -15      1944


SUNRISE AND SUNSET
MARCH 29 2017.........SUNRISE   801 AM AKDT  SUNSET   903 PM AKDT
MARCH 30 2017.........SUNRISE   758 AM AKDT  SUNSET   905 PM AKDT


-  INDICATES NEGATIVE NUMBERS.
R  INDICATES RECORD WAS SET OR TIED.
MM INDICATES DATA IS MISSING.
T  INDICATES TRACE AMOUNT.




$$
