000
CDAK48 PAFC 110051 RRB
CLIAKN

CLIMATE REPORT
NATIONAL WEATHER SERVICE ANCHORAGE, AK
351 PM AKST SAT DEC 10 2016


...................................

...THE KING SALMON CLIMATE SUMMARY FOR DECEMBER 10 2016...
VALID TODAY AS OF 0300 PM LOCAL TIME.

CLIMATE NORMAL PERIOD 1981 TO 2010
CLIMATE RECORD PERIOD 1917 TO 2016


WEATHER ITEM   OBSERVED TIME   RECORD YEAR NORMAL DEPARTURE LAST
                VALUE   (LST)  VALUE       VALUE  FROM      YEAR
                                                  NORMAL
..................................................................
TEMPERATURE (F)
 TODAY
  MAXIMUM         12    100 AM  47    1985  27    -15       13
                                      1961
  MINIMUM          7   1100 AM -27    1968  11     -4        0
  AVERAGE         10                        19     -9        7

PRECIPITATION (IN)
  TODAY            0.00          0.82 1949   0.04  -0.04    MM
  MONTH TO DATE    0.35                      0.45  -0.10     0.06
  SINCE DEC 1      0.35                      0.45  -0.10     0.06
  SINCE JAN 1     25.21                     18.71   6.50    22.40

SNOWFALL (IN)
  TODAY            0.0           6.0  2015   0.3   -0.3     MM
  MONTH TO DATE    3.5                       3.5    0.0     MM
  SINCE DEC 1      3.5                       3.5    0.0     MM
  SINCE JUL 1      8.1                      13.3   -5.2     13.1
  SNOW DEPTH       5

DEGREE DAYS
 HEATING
  TODAY           55                        46      9       58
  MONTH TO DATE  611                       453    158      479
  SINCE DEC 1    611                       453    158      479
  SINCE JUL 1   3337                      3830   -493     3076

 COOLING
  TODAY            0                         0      0        0
  MONTH TO DATE    0                         0      0        0
  SINCE DEC 1      0                         0      0        0
  SINCE JAN 1      0                         1     -1        2
..................................................................


WIND (MPH)
  RESULTANT WIND SPEED   7   RESULTANT WIND DIRECTION   N (360)
  HIGHEST WIND SPEED    14   HIGHEST WIND DIRECTION     N (360)
  HIGHEST GUST SPEED    MM   HIGHEST GUST DIRECTION    MM
  AVERAGE WIND SPEED     7.3



WEATHER CONDITIONS
 THE FOLLOWING WEATHER WAS RECORDED TODAY.
  NO SIGNIFICANT WEATHER WAS OBSERVED.


RELATIVE HUMIDITY (PERCENT)
 HIGHEST    92
 LOWEST     80
 AVERAGE    86

..........................................................


THE KING SALMON CLIMATE NORMALS FOR TOMORROW
                         NORMAL    RECORD    YEAR
 MAXIMUM TEMPERATURE (F)   27        45      2000
 MINIMUM TEMPERATURE (F)   11       -31      1925


SUNRISE AND SUNSET
DECEMBER 10 2016......SUNRISE  1007 AM AKST  SUNSET   432 PM AKST
DECEMBER 11 2016......SUNRISE  1008 AM AKST  SUNSET   432 PM AKST

CIVIL TWILIGHT
DECEMBER 10 2016        START    915 AM GMT     END    526 PM GMT
DECEMBER 11 2016        START    916 AM GMT     END    525 PM GMT



-  INDICATES NEGATIVE NUMBERS.
R  INDICATES RECORD WAS SET OR TIED.
MM INDICATES DATA IS MISSING.
T  INDICATES TRACE AMOUNT.




$$
&&
------------------------------------------------------
AMOUNT OF DAYLIGHT TODAY  (HOUR:MIN)........ 6:25
GAIN/LOSS SINCE YESTERDAY (HOUR:MIN:SEC)....-0:01:45
