000
CDAK48 PAKN 011203
CLIAKN

CLIMATE REPORT
NATIONAL WEATHER SERVICE KING SALMON, AK
403 AM AKDT SAT AUG 1 2015

...................................
...THE KING SALMON AP CLIMATE SUMMARY FOR JULY 31 2015...

CLIMATE NORMAL PERIOD  1981 TO  2010
CLIMATE RECORD PERIOD  1949 TO  2015

WEATHER ITEM   OBSERVED TIME    RECORD YEAR NORMAL DEPARTURE LAST
               VALUE    (LST)   VALUE       VALUE  FROM      YEAR
                                                   NORMAL
...................................................................
TEMPERATURE
YESTERDAY
 MAXIMUM            75  0300 PM    80  2002     64      11     73
 MINIMUM            51  0614 AM    38  1982     48       3     44
 AVERAGE            63                          56       7     59

PRECIPITATION
(INCHES)
 YESTERDAY        0.08           0.78  1954   0.09   -0.01   0.00
 MONTH TO DATE    3.11                        2.30    0.81   2.38
 SINCE JUN 1      3.95                        3.95    0.00   5.63
 SINCE JAN 1     11.19                        8.65    2.54  10.76

SNOWFALL
(INCHES)
 YESTERDAY         0.0            0.0  2015    0.0     0.0    0.0
 MONTH TO DATE     0.0                         0.0     0.0    0.0
 SINCE JUN 1       0.0                         0.0     0.0    0.0
 SINCE JUL 1       0.0                         0.0     0.0    0.0
 SNOW DEPTH (IN)     0                                          0

DEGREE DAYS
 HEATING
  YESTERDAY          2                           9      -7      6
  MONTH TO DATE    230                         290     -60    238
  SINCE JUN 1      479                         697    -218    669
  SINCE JUL 1      230                         290     -60    238

 COOLING
  YESTERDAY          0                           0       0      0
  MONTH TO DATE      0                           0       0      0
  SINCE JUN 1        2                           0       2      0
  SINCE JAN 1        2                           0       2      0
...................................................................

WIND (MPH)
 HIGHEST WIND SPEED    23     HIGHEST WIND DIRECTION     30
 HIGHEST GUST SPEED    29     HIGHEST GUST DIRECTION     30
 AVERAGE WIND SPEED   6.0

SKY COVER
  POSSIBLE SUNSHINE    MM          AVERAGE SKY COVER     MM

WEATHER CONDITIONS
 THE FOLLOWING WEATHER WAS RECORDED YESTERDAY.
  THUNDER
RAIN


RELATIVE HUMIDITY
 HIGHEST RH     MM PERCENT       MM
 LOWEST  RH     MM PERCENT       MM
 AVERAGE RH     MM PERCENT       MM
...................................................................

THE KING SALMON CLIMATE NORMALS FOR TODAY
                           NORMAL    RECORD   YEAR
 MAXIMUM TEMPERATURE (F)     64        79     2002
 MINIMUM TEMPERATURE (F)     48        36     1932

SUNRISE AND SUNSET
 AUG 1 2015..........SUNRISE  6:16 AM      SUNSET 10:49 PM
 AUG 2 2015..........SUNRISE  6:18 AM      SUNSET 10:47 PM

-  INDICATES NEGATIVE NUMBERS.
R  INDICATES RECORD HAS BEEN SET OR TIED.
MM INDICATES DATA IS MISSING.
T  INDICATES TRACE OF PRECIPITATION.

&&
-------------------------------------------------------------------

AMOUNT OF DAYLIGHT TODAY  (HOUR:MIN)........16 HOURS 33 MINUTES
LOSS SINCE YESTERDAY (HOUR:MIN:SEC).........-0:04:27

$$
AM AUG 15
