000
CDAK48 PAKN 011110
CLIAKN

CLIMATE REPORT
NATIONAL WEATHER SERVICE KING SALMON, AK
310 AM AKDT TUE SEP 1 2015

...................................
...THE KING SALMON AP CLIMATE SUMMARY FOR AUGUST 31 2015...

CLIMATE NORMAL PERIOD  1981 TO  2010
CLIMATE RECORD PERIOD  1917 TO  2015

WEATHER ITEM   OBSERVED TIME    RECORD YEAR NORMAL DEPARTURE LAST
               VALUE    (LST)   VALUE       VALUE  FROM      YEAR
                                                   NORMAL
...................................................................
TEMPERATURE
YESTERDAY
 MAXIMUM            59  0504 PM    74  1942     61      -2     62
 MINIMUM            33  1152 PM    25  1984     45     -12     30
 AVERAGE            46                          53      -7     46

PRECIPITATION
(INCHES)
 YESTERDAY        0.00           1.04  1918   0.10   -0.10   0.00
 MONTH TO DATE    1.76                        2.95   -1.19   3.51
 SINCE JUN 1      5.71                        6.90   -1.19   9.14
 SINCE JAN 1     12.95                       11.60    1.35  14.27

SNOWFALL
(INCHES)
 YESTERDAY         0.0            0.0  2015    0.0     0.0    0.0
 MONTH TO DATE     0.0                         0.0     0.0    0.0
 SINCE JUN 1       0.0                         0.0     0.0    0.0
 SINCE JUL 1       0.0                         0.0     0.0    0.0
 SNOW DEPTH (IN)     0                                          0

DEGREE DAYS
 HEATING
  YESTERDAY         19                          12       7     19
  MONTH TO DATE    294                         322     -28    236
  SINCE JUN 1      773                        1019    -246    905
  SINCE JUL 1      524                         612     -88    474

 COOLING
  YESTERDAY          0                           0       0      0
  MONTH TO DATE      0                           0       0      0
  SINCE JUN 1        2                           0       2      0
  SINCE JAN 1        2                           0       2      0
...................................................................

WIND (MPH)
 HIGHEST WIND SPEED    23     HIGHEST WIND DIRECTION    350
 HIGHEST GUST SPEED    29     HIGHEST GUST DIRECTION    330
 AVERAGE WIND SPEED  10.5

SKY COVER
  POSSIBLE SUNSHINE    MM          AVERAGE SKY COVER     MM

WEATHER CONDITIONS
 THE FOLLOWING WEATHER WAS RECORDED YESTERDAY.
  NO SIGNIFICANT WEATHER WAS OBSERVED.

RELATIVE HUMIDITY
 HIGHEST RH     MM PERCENT       MM
 LOWEST  RH     MM PERCENT       MM
 AVERAGE RH     MM PERCENT       MM
...................................................................

THE KING SALMON CLIMATE NORMALS FOR TODAY
                           NORMAL    RECORD   YEAR
 MAXIMUM TEMPERATURE (F)     60        72     1942
 MINIMUM TEMPERATURE (F)     45        28     1980

SUNRISE AND SUNSET
 SEP 1 2015..........SUNRISE  7:25 AM      SUNSET  9:27 PM
 SEP 2 2015..........SUNRISE  7:28 AM      SUNSET  9:24 PM

-  INDICATES NEGATIVE NUMBERS.
R  INDICATES RECORD HAS BEEN SET OR TIED.
MM INDICATES DATA IS MISSING.
T  INDICATES TRACE OF PRECIPITATION.

&&
-------------------------------------------------------------------

AMOUNT OF DAYLIGHT TODAY  (HOUR:MIN)........14 HOURS 2 MINUTES
LOSS SINCE YESTERDAY (HOUR:MIN:SEC).........-0:05:03

$$
AM SEP 15
