000
CDAK48 PAKN 020048
CLIAKN

CLIMATE REPORT
NATIONAL WEATHER SERVICE KING SALMON, AK
448 PM AKDT FRI AUG 1 2014

...................................
...THE KING SALMON AP CLIMATE SUMMARY FOR AUGUST 1 2014...
VALID TODAY AS OF 2:00 PM LOCAL TIME

CLIMATE NORMAL PERIOD  1981 TO  2010
CLIMATE RECORD PERIOD  1949 TO  2014

WEATHER ITEM   OBSERVED TIME    RECORD YEAR NORMAL DEPARTURE LAST
               VALUE    (LST)   VALUE       VALUE  FROM      YEAR
                                                   NORMAL
...................................................................
TEMPERATURE
TODAY
 MAXIMUM            73  0347 PM    79  2002     64       9     63
 MINIMUM            50  0308 AM    36  1932     48       2     57
 AVERAGE            62                          56       6     60

PRECIPITATION
(INCHES)
 TODAY            0.00           0.60  1953   0.09   -0.09   0.33
 MONTH TO DATE    0.00                        0.09   -0.09   0.33
 SINCE JUN 1      5.63                        4.04    1.59   2.68
 SINCE JAN 1     10.76                        8.74    2.02   9.04

SNOWFALL
(INCHES)
 TODAY             0.0            0.0  2014    0.0     0.0    0.0
 MONTH TO DATE     0.0                         0.0     0.0    0.0
 SINCE JUN 1       0.0                         0.0     0.0    0.0
 SINCE JUL 1       0.0                         0.0     0.0    0.0
 SNOW DEPTH (IN)     0                                          0

DEGREE DAYS
 HEATING
  TODAY              3                           9      -6      5
  MONTH TO DATE      3                           9      -6      5
  SINCE JUN 1      672                         706     -34    509
  SINCE JUL 1      241                         299     -58    227

 COOLING
  TODAY              0                           0       0      0
  MONTH TO DATE      0                           0       0      0
  SINCE JUN 1        0                           0       0      4
  SINCE JAN 1        0                           0       0      4
...................................................................

WIND (MPH)
 HIGHEST WIND SPEED    12     HIGHEST WIND DIRECTION    250
 HIGHEST GUST SPEED    17     HIGHEST GUST DIRECTION    210
 AVERAGE WIND SPEED    MM

SKY COVER
  POSSIBLE SUNSHINE  MM            AVERAGE SKY COVER MM

WEATHER CONDITIONS
 THE FOLLOWING WEATHER WAS RECORDED TODAY.
NO SIGNIFICANT WEATHER WAS OBSERVED.

RELATIVE HUMIDITY
 HIGHEST RH     MM PERCENT       MM
 LOWEST  RH     MM PERCENT       MM
 AVERAGE RH     MM PERCENT       MM
...................................................................

THE KING SALMON CLIMATE NORMALS FOR TOMORROW
                        NORMAL    RECORD   YEAR
 MAXIMUM TEMPERATURE      64        77     1978
 MINIMUM TEMPERATURE      48        38     1992

SUNRISE AND SUNSET
 AUG 1 2014..........SUNRISE  6:17 AM      SUNSET 10:48 PM
 AUG 2 2014..........SUNRISE  6:19 AM      SUNSET 10:46 PM

-  INDICATES NEGATIVE NUMBERS.
R  INDICATES RECORD HAS BEEN SET OR TIED.
MM INDICATES DATA IS MISSING.
T  INDICATES TRACE OF PRECIPITATION.

&&
-------------------------------------------------------------------

AMOUNT OF DAYLIGHT TODAY  (HOUR:MIN)........16 HOURS 31 MINUTES
GAIN/LOSS SINCE YESTERDAY (HOUR:MIN:SEC)....-0:04:27

$$
DJH AUG 14
