000
CDAK48 PAKN 210002
CLIAKN

CLIMATE REPORT
NATIONAL WEATHER SERVICE KING SALMON, AK
402 PM AKDT WED AUG 20 2014

...................................
...THE KING SALMON AP CLIMATE SUMMARY FOR AUGUST 20 2014...
VALID TODAY AS OF 2:00 PM LOCAL TIME

CLIMATE NORMAL PERIOD  1981 TO  2010
CLIMATE RECORD PERIOD  1949 TO  2014

WEATHER ITEM   OBSERVED TIME    RECORD YEAR NORMAL DEPARTURE LAST
               VALUE    (LST)   VALUE       VALUE  FROM      YEAR
                                                   NORMAL
...................................................................
TEMPERATURE
TODAY
 MAXIMUM            71  0257 PM    75  1977     62       9     63
 MINIMUM            46  0641 AM    35  1963     46       0     50
 AVERAGE            59                          54       5     57

PRECIPITATION
(INCHES)
 TODAY            0.00           1.14  2002   0.10   -0.10      T
 MONTH TO DATE    2.35                        1.85    0.50   4.09
 SINCE JUN 1      7.98                        5.80    2.18   6.44
 SINCE JAN 1     13.11                       10.50    2.61  12.80

SNOWFALL
(INCHES)
 TODAY             0.0            0.0  2014    0.0     0.0    0.0
 MONTH TO DATE     0.0                         0.0     0.0    0.0
 SINCE JUN 1       0.0                         0.0     0.0    0.0
 SINCE JUL 1       0.0                         0.0     0.0    0.0
 SNOW DEPTH (IN)     0                                          0

DEGREE DAYS
 HEATING
  TODAY              6                          11      -5      8
  MONTH TO DATE    106                         196     -90    160
  SINCE JUN 1      775                         893    -118    664
  SINCE JUL 1      344                         486    -142    382

 COOLING
  TODAY              0                           0       0      0
  MONTH TO DATE      0                           0       0      0
  SINCE JUN 1        0                           0       0      4
  SINCE JAN 1        0                           0       0      4
...................................................................

WIND (MPH)
 HIGHEST WIND SPEED    12     HIGHEST WIND DIRECTION    340
 HIGHEST GUST SPEED    17     HIGHEST GUST DIRECTION    340
 AVERAGE WIND SPEED    MM

SKY COVER
  POSSIBLE SUNSHINE  MM            AVERAGE SKY COVER MM

WEATHER CONDITIONS
 THE FOLLOWING WEATHER WAS RECORDED TODAY.
NO SIGNIFICANT WEATHER WAS OBSERVED.

RELATIVE HUMIDITY
 HIGHEST RH     MM PERCENT       MM
 LOWEST  RH     MM PERCENT       MM
 AVERAGE RH     MM PERCENT       MM
...................................................................

THE KING SALMON CLIMATE NORMALS FOR TOMORROW
                        NORMAL    RECORD   YEAR
 MAXIMUM TEMPERATURE      62        80     1977
 MINIMUM TEMPERATURE      46        32     1971

SUNRISE AND SUNSET
 AUG 20 2014..........SUNRISE  6:59 AM      SUNSET 10:00 PM
 AUG 21 2014..........SUNRISE  7:01 AM      SUNSET  9:57 PM

-  INDICATES NEGATIVE NUMBERS.
R  INDICATES RECORD HAS BEEN SET OR TIED.
MM INDICATES DATA IS MISSING.
T  INDICATES TRACE OF PRECIPITATION.

&&
-------------------------------------------------------------------

AMOUNT OF DAYLIGHT TODAY  (HOUR:MIN)........15 HOURS 1 MINUTES
GAIN/LOSS SINCE YESTERDAY (HOUR:MIN:SEC)....-0:04:57

$$
FS AUG 14
