020
CDUS45 KBOU 260725
CLIAKO


CLIMATE REPORT
NATIONAL WEATHER SERVICE DENVER/BOULDER CO
125 AM MDT WED APR 26 2017


...................................

...THE AKRON CO CLIMATE SUMMARY FOR APRIL 25 2017...

CLIMATE NORMAL PERIOD 1981 TO 2010
CLIMATE RECORD PERIOD 9999 TO 9999


WEATHER ITEM   OBSERVED TIME   RECORD YEAR NORMAL DEPARTURE LAST
                VALUE   (LST)  VALUE       VALUE  FROM      YEAR
                                                  NORMAL
..................................................................
TEMPERATURE (F)
 YESTERDAY
  MAXIMUM         60    251 PM  87    1949  64     -4
  MINIMUM         31   1159 PM  21    1950  36     -5
  AVERAGE         46                        50     -4

PRECIPITATION (IN)
  YESTERDAY        0.11          0.95 1973   0.06   0.05      T
  MONTH TO DATE    1.37                      1.29   0.08     1.46
  SINCE MAR 1      2.93                      2.16   0.77     1.76
  SINCE JAN 1      3.04                      2.90   0.14     1.87

DEGREE DAYS
 HEATING
  YESTERDAY       19
  MONTH TO DATE  365

 COOLING
  YESTERDAY        0
  MONTH TO DATE    0
..................................................................


WIND (MPH)
  HIGHEST WIND SPEED    37   HIGHEST WIND DIRECTION     N (360)
  HIGHEST GUST SPEED    48   HIGHEST GUST DIRECTION     N (10)




RELATIVE HUMIDITY (PERCENT)
 HIGHEST    92
 LOWEST     31
 AVERAGE    62

..........................................................


THE AKRON CO CLIMATE NORMALS FOR TODAY
                         NORMAL    RECORD    YEAR
 MAXIMUM TEMPERATURE (F)   64        86      1955
 MINIMUM TEMPERATURE (F)   37        21      1988


SUNRISE AND SUNSET
APRIL 26 2017.........SUNRISE   559 AM MDT   SUNSET   743 PM MDT
APRIL 27 2017.........SUNRISE   557 AM MDT   SUNSET   744 PM MDT


-  INDICATES NEGATIVE NUMBERS.
R  INDICATES RECORD WAS SET OR TIED.
MM INDICATES DATA IS MISSING.
T  INDICATES TRACE AMOUNT.




$$
