000
CDUS45 KBOU 120725
CLIAKO


CLIMATE REPORT
NATIONAL WEATHER SERVICE DENVER/BOULDER CO
1225 AM MST FRI FEB 12 2016


...................................

...THE AKRON CO CLIMATE SUMMARY FOR FEBRUARY 11 2016...

CLIMATE NORMAL PERIOD 1981 TO 2010
CLIMATE RECORD PERIOD 9999 TO 9999


WEATHER ITEM   OBSERVED TIME   RECORD YEAR NORMAL DEPARTURE LAST
                VALUE   (LST)  VALUE       VALUE  FROM      YEAR
                                                  NORMAL
..................................................................
TEMPERATURE (F)
 YESTERDAY
  MAXIMUM         56    202 PM  77    1962  42     14
  MINIMUM         31   1034 PM  -9    1981  19     12
  AVERAGE         44                        30     14

PRECIPITATION (IN)
  YESTERDAY        0.00          1.06 1984   0.01  -0.01     0.00
  MONTH TO DATE    T                         0.15  -0.15     0.01
  SINCE DEC 1      0.11                      0.85  -0.74     0.44
  SINCE JAN 1      0.09                      0.45  -0.36     0.20

DEGREE DAYS
 HEATING
  YESTERDAY       21
  MONTH TO DATE  413

 COOLING
  YESTERDAY        0
  MONTH TO DATE    0
..................................................................


WIND (MPH)
  HIGHEST WIND SPEED    20   HIGHEST WIND DIRECTION    SW (230)
  HIGHEST GUST SPEED    24   HIGHEST GUST DIRECTION    SW (230)




RELATIVE HUMIDITY (PERCENT)
 HIGHEST    78
 LOWEST     38
 AVERAGE    58

..........................................................


THE AKRON CO CLIMATE NORMALS FOR TODAY
                         NORMAL    RECORD    YEAR
 MAXIMUM TEMPERATURE (F)   42        75      1962
 MINIMUM TEMPERATURE (F)   19       -12      1948


SUNRISE AND SUNSET
FEBRUARY 12 2016......SUNRISE   650 AM MST   SUNSET   524 PM MST
FEBRUARY 13 2016......SUNRISE   649 AM MST   SUNSET   526 PM MST


-  INDICATES NEGATIVE NUMBERS.
R  INDICATES RECORD WAS SET OR TIED.
MM INDICATES DATA IS MISSING.
T  INDICATES TRACE AMOUNT.




$$
