000
CDUS45 KBOU 250732
CLIAKO


CLIMATE REPORT
NATIONAL WEATHER SERVICE DENVER/BOULDER CO
130 AM MDT MON JUL 25 2016


...................................

...THE AKRON CO CLIMATE SUMMARY FOR JULY 24 2016...

CLIMATE NORMAL PERIOD 1981 TO 2010
CLIMATE RECORD PERIOD 9999 TO 9999


WEATHER ITEM   OBSERVED TIME   RECORD YEAR NORMAL DEPARTURE LAST
                VALUE   (LST)  VALUE       VALUE  FROM      YEAR
                                                  NORMAL
..................................................................
TEMPERATURE (F)
 YESTERDAY
  MAXIMUM         85    353 PM 106    1940  89     -4
  MINIMUM         60    606 PM  51    1991  60      0
  AVERAGE         73                        74     -1

PRECIPITATION (IN)
  YESTERDAY        0.56          1.31 1968   0.10   0.46     0.00
  MONTH TO DATE    2.58                      1.93   0.65     1.52
  SINCE JUN 1      6.52                      4.39   2.13     2.57
  SINCE JAN 1     13.03                     10.57   2.46    10.58

DEGREE DAYS
 HEATING
  YESTERDAY        0
  MONTH TO DATE    0

 COOLING
  YESTERDAY        8
  MONTH TO DATE  230
..................................................................


WIND (MPH)
  HIGHEST WIND SPEED    39   HIGHEST WIND DIRECTION     E (80)
  HIGHEST GUST SPEED    49   HIGHEST GUST DIRECTION     E (80)




RELATIVE HUMIDITY (PERCENT)
 HIGHEST    78
 LOWEST     40
 AVERAGE    59

..........................................................


THE AKRON CO CLIMATE NORMALS FOR TODAY
                         NORMAL    RECORD    YEAR
 MAXIMUM TEMPERATURE (F)   89       102      1940
 MINIMUM TEMPERATURE (F)   60        48      1924


SUNRISE AND SUNSET
JULY 25 2016..........SUNRISE   545 AM MDT   SUNSET   813 PM MDT
JULY 26 2016..........SUNRISE   546 AM MDT   SUNSET   812 PM MDT


-  INDICATES NEGATIVE NUMBERS.
R  INDICATES RECORD WAS SET OR TIED.
MM INDICATES DATA IS MISSING.
T  INDICATES TRACE AMOUNT.




$$
