000
CDUS45 KBOU 301226
CLIAKO


CLIMATE REPORT
NATIONAL WEATHER SERVICE BOULDER, CO
626 AM MDT TUE JUN 30 2015


...................................

...THE AKRON CO CLIMATE SUMMARY FOR JUNE 29 2015...

CLIMATE NORMAL PERIOD 1981 TO 2010
CLIMATE RECORD PERIOD 9999 TO 9999


WEATHER ITEM   OBSERVED TIME   RECORD YEAR NORMAL DEPARTURE LAST
                VALUE   (LST)  VALUE       VALUE  FROM      YEAR
                                                  NORMAL
..................................................................
TEMPERATURE (F)
 YESTERDAY
  MAXIMUM         88    335 PM 103    1953  86      2
  MINIMUM         61    436 AM  44    1945  57      4
  AVERAGE         75                        72      3

PRECIPITATION (IN)
  YESTERDAY        0.04          0.94 1947   0.06  -0.02     0.00
  MONTH TO DATE    1.05                      2.39  -1.34     3.82
  SINCE JUN 1      1.05                      2.39  -1.34     3.82
  SINCE JAN 1      9.06                      8.57   0.49     8.52

DEGREE DAYS
 HEATING
  YESTERDAY        0
  MONTH TO DATE    4

 COOLING
  YESTERDAY       10
  MONTH TO DATE  101
..................................................................


WIND (MPH)
  HIGHEST WIND SPEED    20   HIGHEST WIND DIRECTION    NW (320)
  HIGHEST GUST SPEED    26   HIGHEST GUST DIRECTION     N (350)




RELATIVE HUMIDITY (PERCENT)
 HIGHEST    68
 LOWEST     26
 AVERAGE    47

..........................................................


THE AKRON CO CLIMATE NORMALS FOR TODAY
                         NORMAL    RECORD    YEAR
 MAXIMUM TEMPERATURE (F)   87       101      2012
                                             1990
 MINIMUM TEMPERATURE (F)   58        46      1951


SUNRISE AND SUNSET
JUNE 30 2015..........SUNRISE   527 AM MDT   SUNSET   826 PM MDT
JULY  1 2015..........SUNRISE   527 AM MDT   SUNSET   826 PM MDT


-  INDICATES NEGATIVE NUMBERS.
R  INDICATES RECORD WAS SET OR TIED.
MM INDICATES DATA IS MISSING.
T  INDICATES TRACE AMOUNT.




$$
