000
CDUS45 KBOU 260725
CLIAKO


CLIMATE REPORT
NATIONAL WEATHER SERVICE BOULDER, CO
125 AM MDT THU MAR 26 2015


...................................

...THE AKRON CO CLIMATE SUMMARY FOR MARCH 25 2015...

CLIMATE NORMAL PERIOD 1981 TO 2010
CLIMATE RECORD PERIOD 9999 TO 9999


WEATHER ITEM   OBSERVED TIME   RECORD YEAR NORMAL DEPARTURE LAST
                VALUE   (LST)  VALUE       VALUE  FROM      YEAR
                                                  NORMAL
..................................................................
TEMPERATURE (F)
 YESTERDAY
  MAXIMUM         47    436 PM  79    1998  55     -8
  MINIMUM         30   1157 PM  -5    1965  28      2
  AVERAGE         39                        41     -2

PRECIPITATION (IN)
  YESTERDAY        0.06          0.97 1952   0.03   0.03     0.00
  MONTH TO DATE    0.22                      0.65  -0.43     0.29
  SINCE MAR 1      0.22                      0.65  -0.43     0.29
  SINCE JAN 1      0.50                      1.39  -0.89     0.72

DEGREE DAYS
 HEATING
  YESTERDAY       26
  MONTH TO DATE  531

 COOLING
  YESTERDAY        0
  MONTH TO DATE    0
..................................................................


WIND (MPH)
  HIGHEST WIND SPEED    29   HIGHEST WIND DIRECTION     N (340)
  HIGHEST GUST SPEED    35   HIGHEST GUST DIRECTION     N (340)




RELATIVE HUMIDITY (PERCENT)
 HIGHEST   100
 LOWEST     49
 AVERAGE    75

..........................................................


THE AKRON CO CLIMATE NORMALS FOR TODAY
                         NORMAL    RECORD    YEAR
 MAXIMUM TEMPERATURE (F)   55        81      2012
 MINIMUM TEMPERATURE (F)   28         0      1965


SUNRISE AND SUNSET
MARCH 26 2015.........SUNRISE   647 AM MDT   SUNSET   711 PM MDT
MARCH 27 2015.........SUNRISE   645 AM MDT   SUNSET   712 PM MDT


-  INDICATES NEGATIVE NUMBERS.
R  INDICATES RECORD WAS SET OR TIED.
MM INDICATES DATA IS MISSING.
T  INDICATES TRACE AMOUNT.




$$
