000
CDUS45 KBOU 291226
CLIAKO


CLIMATE REPORT
NATIONAL WEATHER SERVICE DENVER/BOULDER CO
626 AM MDT THU SEP 29 2016


...................................

...THE AKRON CO CLIMATE SUMMARY FOR SEPTEMBER 28 2016...

CLIMATE NORMAL PERIOD 1981 TO 2010
CLIMATE RECORD PERIOD 9999 TO 9999


WEATHER ITEM   OBSERVED TIME   RECORD YEAR NORMAL DEPARTURE LAST
                VALUE   (LST)  VALUE       VALUE  FROM      YEAR
                                                  NORMAL
..................................................................
TEMPERATURE (F)
 YESTERDAY
  MAXIMUM         82    159 PM  92    1953  71     11
  MINIMUM         46    607 AM  21    1985  43      3
  AVERAGE         64                        57      7

PRECIPITATION (IN)
  YESTERDAY        0.00          0.79 1973   0.04  -0.04     0.00
  MONTH TO DATE    1.37                      1.09   0.28     0.02
  SINCE SEP 1      1.37                      1.09   0.28     0.02
  SINCE JAN 1     16.10                     14.58   1.52    11.58

DEGREE DAYS
 HEATING
  YESTERDAY        1
  MONTH TO DATE   73

 COOLING
  YESTERDAY        0
  MONTH TO DATE   83
..................................................................


WIND (MPH)
  HIGHEST WIND SPEED    14   HIGHEST WIND DIRECTION     E (90)
  HIGHEST GUST SPEED    18   HIGHEST GUST DIRECTION     E (90)




RELATIVE HUMIDITY (PERCENT)
 HIGHEST    59
 LOWEST     20
 AVERAGE    40

..........................................................


THE AKRON CO CLIMATE NORMALS FOR TODAY
                         NORMAL    RECORD    YEAR
 MAXIMUM TEMPERATURE (F)   71        90      1994
 MINIMUM TEMPERATURE (F)   43        20      1985


SUNRISE AND SUNSET
SEPTEMBER 29 2016.....SUNRISE   648 AM MDT   SUNSET   637 PM MDT
SEPTEMBER 30 2016.....SUNRISE   649 AM MDT   SUNSET   636 PM MDT


-  INDICATES NEGATIVE NUMBERS.
R  INDICATES RECORD WAS SET OR TIED.
MM INDICATES DATA IS MISSING.
T  INDICATES TRACE AMOUNT.




$$
