000
CDUS45 KBOU 220725
CLIAKO


CLIMATE REPORT
NATIONAL WEATHER SERVICE DENVER/BOULDER CO
1225 AM MST WED FEB 22 2017


...................................

...THE AKRON CO CLIMATE SUMMARY FOR FEBRUARY 21 2017...

CLIMATE NORMAL PERIOD 1981 TO 2010
CLIMATE RECORD PERIOD 9999 TO 9999


WEATHER ITEM   OBSERVED TIME   RECORD YEAR NORMAL DEPARTURE LAST
                VALUE   (LST)  VALUE       VALUE  FROM      YEAR
                                                  NORMAL
..................................................................
TEMPERATURE (F)
 YESTERDAY
  MAXIMUM         73R   216 PM  71    1982  45     28
  MINIMUM         33    559 AM  -6    1953  21     12
  AVERAGE         53                        33     20

PRECIPITATION (IN)
  YESTERDAY        0.00          0.07 1962   0.02  -0.02     0.00
  MONTH TO DATE    T                         0.30  -0.30     0.02
  SINCE DEC 1      0.25                      1.00  -0.75     0.13
  SINCE JAN 1      0.11                      0.60  -0.49     0.11

DEGREE DAYS
 HEATING
  YESTERDAY       12
  MONTH TO DATE  500

 COOLING
  YESTERDAY        0
  MONTH TO DATE    0
..................................................................


WIND (MPH)
  HIGHEST WIND SPEED    35   HIGHEST WIND DIRECTION     W (270)
  HIGHEST GUST SPEED    44   HIGHEST GUST DIRECTION     W (270)




RELATIVE HUMIDITY (PERCENT)
 HIGHEST    41
 LOWEST      9
 AVERAGE    25

..........................................................


THE AKRON CO CLIMATE NORMALS FOR TODAY
                         NORMAL    RECORD    YEAR
 MAXIMUM TEMPERATURE (F)   45        72      1996
 MINIMUM TEMPERATURE (F)   21         0      1955


SUNRISE AND SUNSET
FEBRUARY 22 2017......SUNRISE   636 AM MST   SUNSET   537 PM MST
FEBRUARY 23 2017......SUNRISE   635 AM MST   SUNSET   538 PM MST


-  INDICATES NEGATIVE NUMBERS.
R  INDICATES RECORD WAS SET OR TIED.
MM INDICATES DATA IS MISSING.
T  INDICATES TRACE AMOUNT.




$$
