000
CDUS45 KBOU 230725
CLIAKO


CLIMATE REPORT
NATIONAL WEATHER SERVICE BOULDER, CO
125 AM MDT THU OCT 23 2014


...................................

...THE AKRON CO CLIMATE SUMMARY FOR OCTOBER 22 2014...

CLIMATE NORMAL PERIOD 1981 TO 2010
CLIMATE RECORD PERIOD 9999 TO 9999


WEATHER ITEM   OBSERVED TIME   RECORD YEAR NORMAL DEPARTURE LAST
                VALUE   (LST)  VALUE       VALUE  FROM      YEAR
                                                  NORMAL
..................................................................
TEMPERATURE (F)
 YESTERDAY
  MAXIMUM         69    213 PM  84    2003  62      7
  MINIMUM         41   1159 PM  24    1984  35      6
  AVERAGE         55                        48      7

PRECIPITATION (IN)
  YESTERDAY        T             0.50 1955   0.04  -0.04     0.00
  MONTH TO DATE    0.22                      0.88  -0.66     1.08
  SINCE SEP 1      2.16                      2.04   0.12     5.37
  SINCE JAN 1     17.76                     15.53   2.23    16.79

DEGREE DAYS
 HEATING
  YESTERDAY       10
  MONTH TO DATE  218

 COOLING
  YESTERDAY        0
  MONTH TO DATE    0
..................................................................


WIND (MPH)
  HIGHEST WIND SPEED    22   HIGHEST WIND DIRECTION     N (10)
  HIGHEST GUST SPEED    27   HIGHEST GUST DIRECTION     N (350)




RELATIVE HUMIDITY (PERCENT)
 HIGHEST    86
 LOWEST     32
 AVERAGE    59

..........................................................


THE AKRON CO CLIMATE NORMALS FOR TODAY
                         NORMAL    RECORD    YEAR
 MAXIMUM TEMPERATURE (F)   61        86      2003
 MINIMUM TEMPERATURE (F)   35        17      1938


SUNRISE AND SUNSET
OCTOBER 23 2014.......SUNRISE   712 AM MDT   SUNSET   602 PM MDT
OCTOBER 24 2014.......SUNRISE   713 AM MDT   SUNSET   600 PM MDT


-  INDICATES NEGATIVE NUMBERS.
R  INDICATES RECORD WAS SET OR TIED.
MM INDICATES DATA IS MISSING.
T  INDICATES TRACE AMOUNT.




$$
