000
CDUS45 KBOU 290725
CLIAKO


CLIMATE REPORT
NATIONAL WEATHER SERVICE DENVER/BOULDER CO
125 AM MDT THU JUN 29 2017


...................................

...THE AKRON CO CLIMATE SUMMARY FOR JUNE 28 2017...

CLIMATE NORMAL PERIOD 1981 TO 2010
CLIMATE RECORD PERIOD 9999 TO 9999


WEATHER ITEM   OBSERVED TIME   RECORD YEAR NORMAL DEPARTURE LAST
                VALUE   (LST)  VALUE       VALUE  FROM      YEAR
                                                  NORMAL
..................................................................
TEMPERATURE (F)
 YESTERDAY
  MAXIMUM         88    336 PM 101    1963  86      2
  MINIMUM         53    501 AM  46    1999  57     -4
  AVERAGE         71                        72     -1

PRECIPITATION (IN)
  YESTERDAY        0.04          1.83 1967   0.07  -0.03     0.32
  MONTH TO DATE    0.64                      2.33  -1.69     3.44
  SINCE JUN 1      0.64                      2.33  -1.69     3.44
  SINCE JAN 1      7.29                      8.51  -1.22     9.95

DEGREE DAYS
 HEATING
  YESTERDAY        0
  MONTH TO DATE   15

 COOLING
  YESTERDAY        6
  MONTH TO DATE  147
..................................................................


WIND (MPH)
  HIGHEST WIND SPEED    22   HIGHEST WIND DIRECTION     S (160)
  HIGHEST GUST SPEED    31   HIGHEST GUST DIRECTION    SE (150)




RELATIVE HUMIDITY (PERCENT)
 HIGHEST    77
 LOWEST     19
 AVERAGE    48

..........................................................


THE AKRON CO CLIMATE NORMALS FOR TODAY
                         NORMAL    RECORD    YEAR
 MAXIMUM TEMPERATURE (F)   86       103      1953
 MINIMUM TEMPERATURE (F)   57        44      1945


SUNRISE AND SUNSET
JUNE 29 2017..........SUNRISE   526 AM MDT   SUNSET   826 PM MDT
JUNE 30 2017..........SUNRISE   527 AM MDT   SUNSET   826 PM MDT


-  INDICATES NEGATIVE NUMBERS.
R  INDICATES RECORD WAS SET OR TIED.
MM INDICATES DATA IS MISSING.
T  INDICATES TRACE AMOUNT.




$$
