000
CDUS45 KBOU 311226
CLIAKO


CLIMATE REPORT
NATIONAL WEATHER SERVICE BOULDER, CO
626 AM MDT FRI JUL 31 2015


...................................

...THE AKRON CO CLIMATE SUMMARY FOR JULY 30 2015...

CLIMATE NORMAL PERIOD 1981 TO 2010
CLIMATE RECORD PERIOD 9999 TO 9999


WEATHER ITEM   OBSERVED TIME   RECORD YEAR NORMAL DEPARTURE LAST
                VALUE   (LST)  VALUE       VALUE  FROM      YEAR
                                                  NORMAL
..................................................................
TEMPERATURE (F)
 YESTERDAY
  MAXIMUM         89    200 PM 101    2005  88      1
  MINIMUM         59    506 AM  43    1971  60     -1
  AVERAGE         74                        74      0

PRECIPITATION (IN)
  YESTERDAY        0.00          1.59 1996   0.09  -0.09     0.10
  MONTH TO DATE    1.82                      2.46  -0.64     2.27
  SINCE JUN 1      2.87                      4.92  -2.05     6.09
  SINCE JAN 1     10.88                     11.10  -0.22    10.79

DEGREE DAYS
 HEATING
  YESTERDAY        0
  MONTH TO DATE    4

 COOLING
  YESTERDAY        9
  MONTH TO DATE  224
..................................................................


WIND (MPH)
  HIGHEST WIND SPEED    24   HIGHEST WIND DIRECTION    SE (140)
  HIGHEST GUST SPEED    30   HIGHEST GUST DIRECTION    SE (120)




RELATIVE HUMIDITY (PERCENT)
 HIGHEST   100
 LOWEST     34
 AVERAGE    67

..........................................................


THE AKRON CO CLIMATE NORMALS FOR TODAY
                         NORMAL    RECORD    YEAR
 MAXIMUM TEMPERATURE (F)   88       103      2002
 MINIMUM TEMPERATURE (F)   60        49      1995


SUNRISE AND SUNSET
JULY 31 2015..........SUNRISE   550 AM MDT   SUNSET   808 PM MDT
AUGUST  1 2015........SUNRISE   551 AM MDT   SUNSET   807 PM MDT


-  INDICATES NEGATIVE NUMBERS.
R  INDICATES RECORD WAS SET OR TIED.
MM INDICATES DATA IS MISSING.
T  INDICATES TRACE AMOUNT.




$$
