000
CDUS45 KBOU 250725
CLIAKO


CLIMATE REPORT
NATIONAL WEATHER SERVICE BOULDER, CO
1225 AM MST THU DEC 25 2014


...................................

...THE AKRON CO CLIMATE SUMMARY FOR DECEMBER 24 2014...

CLIMATE NORMAL PERIOD 1981 TO 2010
CLIMATE RECORD PERIOD 9999 TO 9999


WEATHER ITEM   OBSERVED TIME   RECORD YEAR NORMAL DEPARTURE LAST
                VALUE   (LST)  VALUE       VALUE  FROM      YEAR
                                                  NORMAL
..................................................................
TEMPERATURE (F)
 YESTERDAY
  MAXIMUM         43    315 PM  69    1955  39      4
  MINIMUM         13    443 AM -18    1983  16     -3
  AVERAGE         28                        28      0

PRECIPITATION (IN)
  YESTERDAY        0.00          0.82 1982   0.01  -0.01      T
  MONTH TO DATE    0.23                      0.33  -0.10     0.02
  SINCE DEC 1      0.23                      0.33  -0.10     0.02
  SINCE JAN 1     18.34                     16.67   1.67    16.98

DEGREE DAYS
 HEATING
  YESTERDAY       37
  MONTH TO DATE  750

 COOLING
  YESTERDAY        0
  MONTH TO DATE    0
..................................................................


WIND (MPH)
  HIGHEST WIND SPEED    16   HIGHEST WIND DIRECTION    SW (240)
  HIGHEST GUST SPEED    21   HIGHEST GUST DIRECTION    SW (210)




RELATIVE HUMIDITY (PERCENT)
 HIGHEST    80
 LOWEST     39
 AVERAGE    60

..........................................................


THE AKRON CO CLIMATE NORMALS FOR TODAY
                         NORMAL    RECORD    YEAR
 MAXIMUM TEMPERATURE (F)   40        64      1950
 MINIMUM TEMPERATURE (F)   16       -10      1983


SUNRISE AND SUNSET
DECEMBER 25 2014......SUNRISE   713 AM MST   SUNSET   433 PM MST
DECEMBER 26 2014......SUNRISE   714 AM MST   SUNSET   433 PM MST


-  INDICATES NEGATIVE NUMBERS.
R  INDICATES RECORD WAS SET OR TIED.
MM INDICATES DATA IS MISSING.
T  INDICATES TRACE AMOUNT.




$$
