000
CDUS41 KALY 010622
CLIALB


CLIMATE REPORT
NATIONAL WEATHER SERVICE ALBANY NY
221 AM EDT WED JUL 1 2015


...................................

...THE ALBANY NY CLIMATE SUMMARY FOR JUNE 30 2015...

CLIMATE NORMAL PERIOD 1981 TO 2010
CLIMATE RECORD PERIOD 1874 TO 2015


WEATHER ITEM   OBSERVED TIME   RECORD YEAR NORMAL DEPARTURE LAST
                VALUE   (LST)  VALUE       VALUE  FROM      YEAR
                                                  NORMAL
..................................................................
TEMPERATURE (F)
 YESTERDAY
  MAXIMUM         71    506 PM  98    1964  81    -10       85
  MINIMUM         57    310 AM  47    1938  60     -3       68
  AVERAGE         64                        71     -7       77

PRECIPITATION (IN)
  YESTERDAY        0.07          2.45 1976   0.12  -0.05      T
  MONTH TO DATE    6.70                      3.79   2.91     4.77
  SINCE JUN 1      6.70                      3.79   2.91     4.77
  SINCE JAN 1     15.42                     18.57  -3.15    18.33

DEGREE DAYS
 HEATING
  YESTERDAY        1                         0      1        0
  MONTH TO DATE   51                        53     -2       12
  SINCE JUN 1     51                        52     -1       12
  SINCE JUL 1   6873                      6680    193     6978

 COOLING
  YESTERDAY        0                         6     -6       12
  MONTH TO DATE  111                       118     -7      148
  SINCE JUN 1    111                       118     -7      148
  SINCE JAN 1    234                       148     86      183
..................................................................


WIND (MPH)
  HIGHEST WIND SPEED     9   HIGHEST WIND DIRECTION    SE (130)
  HIGHEST GUST SPEED    13   HIGHEST GUST DIRECTION     S (160)
  AVERAGE WIND SPEED     2.4


SKY COVER
  AVERAGE SKY COVER 0.8



RELATIVE HUMIDITY (PERCENT)
 HIGHEST    93
 LOWEST     66
 AVERAGE    80

..........................................................


THE ALBANY NY CLIMATE NORMALS FOR TODAY
                         NORMAL    RECORD    YEAR
 MAXIMUM TEMPERATURE (F)   81        99      1933
 MINIMUM TEMPERATURE (F)   60        45      1978


SUNRISE AND SUNSET
JULY  1 2015..........SUNRISE   521 AM EDT   SUNSET   837 PM EDT
JULY  2 2015..........SUNRISE   521 AM EDT   SUNSET   837 PM EDT


-  INDICATES NEGATIVE NUMBERS.
R  INDICATES RECORD WAS SET OR TIED.
MM INDICATES DATA IS MISSING.
T  INDICATES TRACE AMOUNT.




$$
