992
CDUS41 KALY 292045
CLIALB


CLIMATE REPORT
NATIONAL WEATHER SERVICE ALBANY NY
443 PM EDT SUN MAY 29 2016


...................................

...THE ALBANY NY CLIMATE SUMMARY FOR MAY 29 2016...
VALID TODAY AS OF 0400 PM LOCAL TIME.

CLIMATE NORMAL PERIOD 1981 TO 2010
CLIMATE RECORD PERIOD 1874 TO 2016


WEATHER ITEM   OBSERVED TIME   RECORD YEAR NORMAL DEPARTURE LAST
                VALUE   (LST)  VALUE       VALUE  FROM      YEAR
                                                  NORMAL
..................................................................
TEMPERATURE (F)
 TODAY
  MAXIMUM         89    118 PM  93    1931  73     16       83
  MINIMUM         68    438 AM  34    1956  51     17       53
  AVERAGE         79                        62     17       68

PRECIPITATION (IN)
  TODAY            0.00          2.17 1968   0.12  -0.12     0.00
  MONTH TO DATE    1.82                      3.35  -1.53     0.42
  SINCE MAR 1      4.84                      9.73  -4.89     3.77
  SINCE JAN 1     10.15                     14.52  -4.37     8.09

SNOWFALL (IN)
  TODAY            0.0           0.0    MM   0.0    0.0      0.0
  MONTH TO DATE    0.0                       0.1   -0.1      0.0
  SINCE MAR 1      6.6                      13.4   -6.8      5.3
  SINCE JUL 1     16.9                      60.3  -43.4     75.9
  SNOW DEPTH       0

DEGREE DAYS
 HEATING
  TODAY            0                         4     -4        0
  MONTH TO DATE  236                       226     10       91
  SINCE MAR 1   1487                      1675   -188     1687
  SINCE JUL 1   5416                      6619  -1203     6817

 COOLING
  TODAY           14                         2     12        3
  MONTH TO DATE   57                        20     37      111
  SINCE MAR 1     59                        24     35      111
  SINCE JAN 1     59                        24     35      111
..................................................................


WIND (MPH)
  HIGHEST WIND SPEED    15   HIGHEST WIND DIRECTION     S (190)
  HIGHEST GUST SPEED    23   HIGHEST GUST DIRECTION    SE (130)
  AVERAGE WIND SPEED     5.6


SKY COVER
  AVERAGE SKY COVER 0.6



RELATIVE HUMIDITY (PERCENT)
 HIGHEST    84           400 AM
 LOWEST     51          1200 PM
 AVERAGE    68

..........................................................


THE ALBANY NY CLIMATE NORMALS FOR TOMORROW
                         NORMAL    RECORD    YEAR
 MAXIMUM TEMPERATURE (F)   73        92      1987
 MINIMUM TEMPERATURE (F)   52        33      1967


SUNRISE AND SUNSET
MAY 29 2016...........SUNRISE   521 AM EDT   SUNSET   825 PM EDT
MAY 30 2016...........SUNRISE   520 AM EDT   SUNSET   826 PM EDT


-  INDICATES NEGATIVE NUMBERS.
R  INDICATES RECORD WAS SET OR TIED.
MM INDICATES DATA IS MISSING.
T  INDICATES TRACE AMOUNT.




$$
