000
CDUS41 KALY 060626
CLIALB


CLIMATE REPORT
NATIONAL WEATHER SERVICE ALBANY NY
124 AM EST FRI MAR 6 2015


...................................

...THE ALBANY NY CLIMATE SUMMARY FOR MARCH 5 2015...

CLIMATE NORMAL PERIOD 1981 TO 2010
CLIMATE RECORD PERIOD 1874 TO 2015


WEATHER ITEM   OBSERVED TIME   RECORD YEAR NORMAL DEPARTURE LAST
                VALUE   (LST)  VALUE       VALUE  FROM      YEAR
                                                  NORMAL
..................................................................
TEMPERATURE (F)
 YESTERDAY
  MAXIMUM         33    110 AM  71    1964  40     -7       26
  MINIMUM         11   1158 PM -12    1948  22    -11       10
  AVERAGE         22                        31     -9       18

PRECIPITATION (IN)
  YESTERDAY        T             1.74 2008   0.09  -0.09      T
  MONTH TO DATE    0.18                      0.47  -0.29      T
  SINCE MAR 1      0.18                      0.47  -0.29      T
  SINCE JAN 1      4.50                      5.26  -0.76     5.79

SNOWFALL (IN)
  YESTERDAY        T             8.6  1917   0.4   -0.4       T
  MONTH TO DATE    2.0                       2.2   -0.2       T
  SINCE MAR 1      2.0                       2.2   -0.2       T
  SINCE JUL 1     72.6                      48.7   23.9     65.2
  SNOW DEPTH      12

DEGREE DAYS
 HEATING
  YESTERDAY       43                        34      9       47
  MONTH TO DATE  209                       173     36      241
  SINCE MAR 1    209                       173     36      241
  SINCE JUL 1   5339                      5117    222     5358

 COOLING
  YESTERDAY        0                         0      0        0
  MONTH TO DATE    0                         0      0        0
  SINCE MAR 1      0                         0      0        0
  SINCE JAN 1      0                         0      0        0
..................................................................


WIND (MPH)
  HIGHEST WIND SPEED    24   HIGHEST WIND DIRECTION     W (290)
  HIGHEST GUST SPEED    30   HIGHEST GUST DIRECTION     W (280)
  AVERAGE WIND SPEED    13.8


SKY COVER
  AVERAGE SKY COVER 0.9



RELATIVE HUMIDITY (PERCENT)
 HIGHEST    63
 LOWEST     44
 AVERAGE    54

..........................................................


THE ALBANY NY CLIMATE NORMALS FOR TODAY
                         NORMAL    RECORD    YEAR
 MAXIMUM TEMPERATURE (F)   40        63      1974
 MINIMUM TEMPERATURE (F)   22       -21      1948


SUNRISE AND SUNSET
MARCH  6 2015.........SUNRISE   623 AM EST   SUNSET   550 PM EST
MARCH  7 2015.........SUNRISE   621 AM EST   SUNSET   552 PM EST


-  INDICATES NEGATIVE NUMBERS.
R  INDICATES RECORD WAS SET OR TIED.
MM INDICATES DATA IS MISSING.
T  INDICATES TRACE AMOUNT.




$$
