000
CDUS41 KALY 282146
CLIALB


CLIMATE REPORT
NATIONAL WEATHER SERVICE ALBANY NY
446 PM EST FRI NOV 28 2014


...................................

...THE ALBANY NY CLIMATE SUMMARY FOR NOVEMBER 28 2014...
VALID TODAY AS OF 0400 PM LOCAL TIME.

CLIMATE NORMAL PERIOD 1981 TO 2010
CLIMATE RECORD PERIOD 1874 TO 2014


WEATHER ITEM   OBSERVED TIME   RECORD YEAR NORMAL DEPARTURE LAST
                VALUE   (LST)  VALUE       VALUE  FROM      YEAR
                                                  NORMAL
..................................................................
TEMPERATURE (F)
 TODAY
  MAXIMUM         31    104 PM  68    1990  43    -12       32
  MINIMUM         24    630 AM   6    1951  28     -4       17
  AVERAGE         28                        35     -7       25

PRECIPITATION (IN)
  TODAY            T             1.68 1993   0.11  -0.11      T
  MONTH TO DATE    2.44                      3.08  -0.64     1.84
  SINCE SEP 1      7.55                     10.06  -2.51     8.94
  SINCE JAN 1     34.33                     36.21  -1.88    40.45

SNOWFALL (IN)
  TODAY           MM             6.0  1985   0.2   MM         T
  MONTH TO DATE   12.3                       2.4    9.9      2.1
  SINCE SEP 1     12.3                       2.4    9.9      2.1
  SINCE JUL 1     12.3                       2.4    9.9      2.1
  SNOW DEPTH       7

DEGREE DAYS
 HEATING
  TODAY           37                        30      7       40
  MONTH TO DATE  723                       699     24      740
  SINCE SEP 1   1195                      1321   -126     1281
  SINCE JUL 1   1203                      1344   -141     1287

 COOLING
  TODAY            0                         0      0        0
  MONTH TO DATE    0                         0      0        0
  SINCE SEP 1     92                        55     37       65
  SINCE JAN 1    659                       598     61      763
..................................................................


WIND (MPH)
  HIGHEST WIND SPEED    22   HIGHEST WIND DIRECTION     W (290)
  HIGHEST GUST SPEED    28   HIGHEST GUST DIRECTION     W (290)
  AVERAGE WIND SPEED     8.1


SKY COVER
  AVERAGE SKY COVER 0.7



RELATIVE HUMIDITY (PERCENT)
 HIGHEST    92          1200 AM
 LOWEST     53          1100 AM
 AVERAGE    73

..........................................................


THE ALBANY NY CLIMATE NORMALS FOR TOMORROW
                         NORMAL    RECORD    YEAR
 MAXIMUM TEMPERATURE (F)   42        66      2005
 MINIMUM TEMPERATURE (F)   28         3      1875


SUNRISE AND SUNSET
NOVEMBER 28 2014......SUNRISE   703 AM EST   SUNSET   424 PM EST
NOVEMBER 29 2014......SUNRISE   704 AM EST   SUNSET   423 PM EST


-  INDICATES NEGATIVE NUMBERS.
R  INDICATES RECORD WAS SET OR TIED.
MM INDICATES DATA IS MISSING.
T  INDICATES TRACE AMOUNT.




$$
