000
CDUS43 KDMX 080635
CLIALO

CLIMATE REPORT
NATIONAL WEATHER SERVICE DES MOINES IA
133 AM CDT WED JUL 8 2015


...................................

...THE WATERLOO IA CLIMATE SUMMARY FOR JULY 7 2015...

CLIMATE NORMAL PERIOD 1981 TO 2010
CLIMATE RECORD PERIOD 1895 TO 2015


WEATHER ITEM   OBSERVED TIME   RECORD YEAR NORMAL DEPARTURE LAST
                VALUE   (LST)  VALUE       VALUE  FROM      YEAR
                                                  NORMAL
..................................................................
TEMPERATURE (F)
 YESTERDAY
  MAXIMUM         71    422 PM 104    1936  85    -14       87
  MINIMUM         54   1159 PM  42    1984  63     -9       61
  AVERAGE         63                        74    -11       74

PRECIPITATION (IN)
  YESTERDAY        0.00          1.61 1922   0.17  -0.17      T
  MONTH TO DATE    0.67                      1.21  -0.54     0.15
  SINCE JUN 1      6.14                      6.19  -0.05     9.78
  SINCE JAN 1     17.01                     18.31  -1.30    23.81

SNOWFALL (IN)
  YESTERDAY        0.0          MM      MM   0.0    0.0      0.0
  MONTH TO DATE    0.0                       0.0    0.0      0.0
  SINCE JUN 1      0.0                       0.0    0.0      0.0
  SINCE JUL 1      0.0                       0.0    0.0      0.0
  SNOW DEPTH       0

DEGREE DAYS
 HEATING
  YESTERDAY        2                         0      2        0
  MONTH TO DATE    8                         0      8       11
  SINCE JUN 1     20                        26     -6       18
  SINCE JUL 1      8                         0      8       11

 COOLING
  YESTERDAY        0                         9     -9        9
  MONTH TO DATE   18                        63    -45       24
  SINCE JUN 1    168                       240    -72      195
  SINCE JAN 1    215                       296    -81      262
..................................................................


WIND (MPH)
  HIGHEST WIND SPEED    20   HIGHEST WIND DIRECTION     N (20)
  HIGHEST GUST SPEED    27   HIGHEST GUST DIRECTION     N (10)
  AVERAGE WIND SPEED     9.8


SKY COVER
  POSSIBLE SUNSHINE  MM
  AVERAGE SKY COVER 0.2


WEATHER CONDITIONS
 THE FOLLOWING WEATHER WAS RECORDED YESTERDAY.
  FOG
  HAZE


RELATIVE HUMIDITY (PERCENT)
 HIGHEST    93           100 AM
 LOWEST     49           100 PM
 AVERAGE    71

..........................................................


THE WATERLOO IA CLIMATE NORMALS FOR TODAY
                         NORMAL    RECORD    YEAR
 MAXIMUM TEMPERATURE (F)   85       102      1936
 MINIMUM TEMPERATURE (F)   63        46      1922


SUNRISE AND SUNSET
JULY  8 2015..........SUNRISE   540 AM CDT   SUNSET   849 PM CDT
JULY  9 2015..........SUNRISE   541 AM CDT   SUNSET   849 PM CDT


-  INDICATES NEGATIVE NUMBERS.
R  INDICATES RECORD WAS SET OR TIED.
MM INDICATES DATA IS MISSING.
T  INDICATES TRACE AMOUNT.




$$
