000
CDUS43 KDMX 242329 RRA
CLIALO

CLIMATE REPORT
NATIONAL WEATHER SERVICE DES MOINES IA
528 PM CST FRI NOV 24 2017


...................................

...THE WATERLOO IA CLIMATE SUMMARY FOR NOVEMBER 24 2017...
VALID TODAY AS OF 0500 PM LOCAL TIME.

CLIMATE NORMAL PERIOD 1981 TO 2010
CLIMATE RECORD PERIOD 1895 TO 2017


WEATHER ITEM   OBSERVED TIME   RECORD YEAR NORMAL DEPARTURE LAST
                VALUE   (LST)  VALUE       VALUE  FROM      YEAR
                                                  NORMAL
..................................................................
TEMPERATURE (F)
 TODAY
  MAXIMUM         66R   221 PM  62    2001  41     25       39
  MINIMUM         41   1259 AM  -2    1951  22     19       35
                                      1898
  AVERAGE         54                        32     22       37

PRECIPITATION (IN)
  TODAY            0.00          0.28 2001   0.06  -0.06     0.00
  MONTH TO DATE    0.44                      1.66  -1.22     0.51
  SINCE SEP 1      6.78                      6.77   0.01    10.31
  SINCE JAN 1     29.46                     33.05  -3.59    39.00

SNOWFALL (IN)
  TODAY            0.0           2.4  1977   0.2   -0.2      0.0
  MONTH TO DATE    T                         2.0   -2.0      0.0
  SINCE SEP 1      T                         2.3   -2.3      0.0
  SINCE JUL 1      T                         2.3   -2.3      0.0
  SNOW DEPTH       0

DEGREE DAYS
 HEATING
  TODAY           11                        33    -22       28
  MONTH TO DATE  732                       646     86      470
  SINCE SEP 1   1207                      1249    -42      823
  SINCE JUL 1   1224                      1269    -45      828

 COOLING
  TODAY            0                         0      0        0
  MONTH TO DATE    0                         0      0        0
  SINCE SEP 1    129                        87     42      116
  SINCE JAN 1    720                       799    -79      869
..................................................................


WIND (MPH)
  HIGHEST WIND SPEED    23   HIGHEST WIND DIRECTION    NW (330)
  HIGHEST GUST SPEED    30   HIGHEST GUST DIRECTION    NW (310)
  AVERAGE WIND SPEED    12.4


SKY COVER
  POSSIBLE SUNSHINE  MM
  AVERAGE SKY COVER 0.0


WEATHER CONDITIONS
 THE FOLLOWING WEATHER WAS RECORDED TODAY.
  NO SIGNIFICANT WEATHER WAS OBSERVED.


RELATIVE HUMIDITY (PERCENT)
 HIGHEST    70          1200 AM
 LOWEST     37           200 PM
 AVERAGE    54

..........................................................


THE WATERLOO IA CLIMATE NORMALS FOR TOMORROW
                         NORMAL    RECORD    YEAR
 MAXIMUM TEMPERATURE (F)   40        72      1896
 MINIMUM TEMPERATURE (F)   22        -9      1977


SUNRISE AND SUNSET
NOVEMBER 24 2017......SUNRISE   712 AM CST   SUNSET   440 PM CST
NOVEMBER 25 2017......SUNRISE   713 AM CST   SUNSET   440 PM CST


-  INDICATES NEGATIVE NUMBERS.
R  INDICATES RECORD WAS SET OR TIED.
MM INDICATES DATA IS MISSING.
T  INDICATES TRACE AMOUNT.




$$
