000
CDUS43 KDMX 240636 RRA
CLIALO

CLIMATE REPORT
NATIONAL WEATHER SERVICE DES MOINES IA
126 AM CDT MON JUL 24 2017


...................................

...THE WATERLOO IA CLIMATE SUMMARY FOR JULY 23 2017...

CLIMATE NORMAL PERIOD 1981 TO 2010
CLIMATE RECORD PERIOD 1895 TO 2017


WEATHER ITEM   OBSERVED TIME   RECORD YEAR NORMAL DEPARTURE LAST
                VALUE   (LST)  VALUE       VALUE  FROM      YEAR
                                                  NORMAL
..................................................................
TEMPERATURE (F)
 YESTERDAY
  MAXIMUM         82    129 PM 103    2012  84     -2       85
                                      1934
                                      1901
  MINIMUM         61   1159 PM  46    1925  63     -2       73
  AVERAGE         72                        73     -1       79

PRECIPITATION (IN)
  YESTERDAY        0.00          2.25 1968   0.15  -0.15     0.72
  MONTH TO DATE    2.61                      3.76  -1.15     4.01
  SINCE JUN 1      8.36                      8.74  -0.38    12.98
  SINCE JAN 1     21.38                     20.86   0.52    23.47

SNOWFALL (IN)
  YESTERDAY        0.0          MM      MM   0.0    0.0      0.0
  MONTH TO DATE    0.0                       0.0    0.0      0.0
  SINCE JUN 1      0.0                       0.0    0.0      0.0
  SINCE JUL 1      0.0                       0.0    0.0      0.0
  SNOW DEPTH       0

DEGREE DAYS
 HEATING
  YESTERDAY        0                         0      0        0
  MONTH TO DATE    0                         0      0        2
  SINCE JUN 1     17                        26     -9        6
  SINCE JUL 1      0                         0      0        2

 COOLING
  YESTERDAY        7                         9     -2       14
  MONTH TO DATE  214                       207      7      185
  SINCE JUN 1    417                       384     33      402
  SINCE JAN 1    453                       440     13      465
..................................................................


WIND (MPH)
  HIGHEST WIND SPEED    22   HIGHEST WIND DIRECTION    NW (330)
  HIGHEST GUST SPEED    25   HIGHEST GUST DIRECTION     N (340)
  AVERAGE WIND SPEED     8.9


SKY COVER
  POSSIBLE SUNSHINE  MM
  AVERAGE SKY COVER 0.1


WEATHER CONDITIONS
 THE FOLLOWING WEATHER WAS RECORDED YESTERDAY.
  FOG
  FOG W/VISIBILITY <= 1/4 MILE


RELATIVE HUMIDITY (PERCENT)
 HIGHEST   100           200 AM
 LOWEST     51           200 PM
 AVERAGE    76

..........................................................


THE WATERLOO IA CLIMATE NORMALS FOR TODAY
                         NORMAL    RECORD    YEAR
 MAXIMUM TEMPERATURE (F)   84       107      1901
 MINIMUM TEMPERATURE (F)   63        49      1904


SUNRISE AND SUNSET
JULY 24 2017..........SUNRISE   554 AM CDT   SUNSET   838 PM CDT
JULY 25 2017..........SUNRISE   555 AM CDT   SUNSET   837 PM CDT


-  INDICATES NEGATIVE NUMBERS.
R  INDICATES RECORD WAS SET OR TIED.
MM INDICATES DATA IS MISSING.
T  INDICATES TRACE AMOUNT.




$$
