000
CDUS45 KPUB 280030
CLIALS


CLIMATE REPORT
NATIONAL WEATHER SERVICE PUEBLO
530 PM MST TUE JAN 27 2015


...................................

...THE ALAMOSA CO CLIMATE SUMMARY FOR JANUARY 27 2015...
VALID TODAY AS OF 0500 PM LOCAL TIME.

CLIMATE NORMAL PERIOD 1981 TO 2010
CLIMATE RECORD PERIOD 1932 TO 2015


WEATHER ITEM   OBSERVED TIME   RECORD YEAR NORMAL DEPARTURE LAST
                VALUE   (LST)  VALUE       VALUE  FROM      YEAR
                                                  NORMAL
..................................................................
TEMPERATURE (F)
 TODAY
  MAXIMUM         52    413 PM  55    1970  35     17       34
                                      1947
  MINIMUM          8    509 AM -35    1948   1      7       -6
  AVERAGE         30                        17     13       14

PRECIPITATION (IN)
  TODAY            0.00          0.38 2005   0.01  -0.01     0.00
  MONTH TO DATE    0.10                      0.22  -0.12      T
  SINCE DEC 1      0.31                      0.57  -0.26     0.17
  SINCE JAN 1      0.10                      0.22  -0.12      T

SNOWFALL (IN)
  TODAY            0.0           4.5  2005   0.1   -0.1      0.0
  MONTH TO DATE    1.0                       3.4   -2.4       T
  SINCE DEC 1      3.3                       7.9   -4.6      4.0
  SINCE JUL 1      4.9                      13.7   -8.8     25.6
  SNOW DEPTH       0

DEGREE DAYS
 HEATING
  TODAY           35                        48    -13       51
  MONTH TO DATE 1123                      1317   -194     1483
  SINCE DEC 1   2432                      2779   -347     3266
  SINCE JUL 1   4275                      4954   -679     5366

 COOLING
  TODAY            0                         0      0        0
  MONTH TO DATE    0                         0      0        0
  SINCE DEC 1      0                         0      0        0
  SINCE JAN 1      0                         0      0        0
..................................................................


WIND (MPH)
  HIGHEST WIND SPEED     7   HIGHEST WIND DIRECTION     S (170)
  HIGHEST GUST SPEED    10   HIGHEST GUST DIRECTION    SE (120)
  AVERAGE WIND SPEED     1.9


SKY COVER
  POSSIBLE SUNSHINE  MM
  AVERAGE SKY COVER 0.0


WEATHER CONDITIONS
 THE FOLLOWING WEATHER WAS RECORDED TODAY.
  NO SIGNIFICANT WEATHER WAS OBSERVED.


RELATIVE HUMIDITY (PERCENT)
 HIGHEST    92           700 AM
 LOWEST     28           300 PM
 AVERAGE    60

..........................................................


THE ALAMOSA CO CLIMATE NORMALS FOR TOMORROW
                         NORMAL    RECORD    YEAR
 MAXIMUM TEMPERATURE (F)   35        57      2003
 MINIMUM TEMPERATURE (F)    1       -50      1948


SUNRISE AND SUNSET
JANUARY 27 2015.......SUNRISE   711 AM MST   SUNSET   522 PM MST
JANUARY 28 2015.......SUNRISE   710 AM MST   SUNSET   523 PM MST


-  INDICATES NEGATIVE NUMBERS.
R  INDICATES RECORD WAS SET OR TIED.
MM INDICATES DATA IS MISSING.
T  INDICATES TRACE AMOUNT.




$$
