000
CDUS45 KPUB 031047
CLIALS


CLIMATE REPORT
NATIONAL WEATHER SERVICE PUEBLO
447 AM MDT MON AUG 3 2015


...................................

...THE ALAMOSA CO CLIMATE SUMMARY FOR AUGUST 2 2015...

CLIMATE NORMAL PERIOD 1981 TO 2010
CLIMATE RECORD PERIOD 1932 TO 2015


WEATHER ITEM   OBSERVED TIME   RECORD YEAR NORMAL DEPARTURE LAST
                VALUE   (LST)  VALUE       VALUE  FROM      YEAR
                                                  NORMAL
..................................................................
TEMPERATURE (F)
 YESTERDAY
  MAXIMUM         80   1243 PM  89    2008  81     -1       75
                                      1969
  MINIMUM         48    453 AM  39    2009  48      0       44
                                      2002
                                      1986
  AVERAGE         64                        64      0       60

PRECIPITATION (IN)
  YESTERDAY        0.08          0.55 1961   0.04   0.04     0.00
  MONTH TO DATE    0.08                      0.08   0.00      T
  SINCE JUN 1      2.61                      1.54   1.07     1.54
  SINCE JAN 1      6.55                      3.76   2.79     3.35

SNOWFALL (IN)
  YESTERDAY        0.0           0.0  2002   0.0    0.0      0.0
  MONTH TO DATE    0.0                       0.0    0.0      0.0
  SINCE JUN 1      0.0                       0.0    0.0      0.0
  SINCE JUL 1      0.0                       0.0    0.0      0.0
  SNOW DEPTH       0

DEGREE DAYS
 HEATING
  YESTERDAY        1                         1      0        5
  MONTH TO DATE    1                         2     -1        9
  SINCE JUN 1    121                       215    -94      157
  SINCE JUL 1     45                        47     -2       31

 COOLING
  YESTERDAY        0                         1     -1        0
  MONTH TO DATE    1                         2     -1        0
  SINCE JUN 1     50                        40     10       57
  SINCE JAN 1     50                        40     10       57
..................................................................


WIND (MPH)
  HIGHEST WIND SPEED    21   HIGHEST WIND DIRECTION     E (100)
  HIGHEST GUST SPEED    26   HIGHEST GUST DIRECTION     E (110)
  AVERAGE WIND SPEED     4.9


SKY COVER
  POSSIBLE SUNSHINE  MM
  AVERAGE SKY COVER 0.4


WEATHER CONDITIONS
 THE FOLLOWING WEATHER WAS RECORDED YESTERDAY.
  LIGHT RAIN
  FOG


RELATIVE HUMIDITY (PERCENT)
 HIGHEST    93           500 AM
 LOWEST     33           100 PM
 AVERAGE    63

..........................................................


THE ALAMOSA CO CLIMATE NORMALS FOR TODAY
                         NORMAL    RECORD    YEAR
 MAXIMUM TEMPERATURE (F)   81        88      2008
                                             2005
                                             2000
 MINIMUM TEMPERATURE (F)   48        38      1990


SUNRISE AND SUNSET
AUGUST  3 2015........SUNRISE   609 AM MDT   SUNSET   810 PM MDT
AUGUST  4 2015........SUNRISE   610 AM MDT   SUNSET   809 PM MDT


-  INDICATES NEGATIVE NUMBERS.
R  INDICATES RECORD WAS SET OR TIED.
MM INDICATES DATA IS MISSING.
T  INDICATES TRACE AMOUNT.




$$
