006
CDUS45 KPUB 250039
CLIALS


CLIMATE REPORT
NATIONAL WEATHER SERVICE PUEBLO
537 PM MST SAT FEB 24 2018


...................................

...THE ALAMOSA CO CLIMATE SUMMARY FOR FEBRUARY 24 2018...
VALID TODAY AS OF 0500 PM LOCAL TIME.

CLIMATE NORMAL PERIOD 1981 TO 2010
CLIMATE RECORD PERIOD 1932 TO 2018


WEATHER ITEM   OBSERVED TIME   RECORD YEAR NORMAL DEPARTURE LAST
                VALUE   (LST)  VALUE       VALUE  FROM      YEAR
                                                  NORMAL
..................................................................
TEMPERATURE (F)
 TODAY
  MAXIMUM         34    425 PM  60    2009  43     -9       29
                                      1986
                                      1981
  MINIMUM         12    700 AM -18    1960  10      2       10
  AVERAGE         23                        26     -3       20

PRECIPITATION (IN)
  TODAY            0.00          0.22 1991   0.01  -0.01      T
  MONTH TO DATE    0.23                      0.22   0.01     0.27
  SINCE DEC 1      0.45                      0.83  -0.38     2.71
  SINCE JAN 1      0.31                      0.48  -0.17     1.63

SNOWFALL (IN)
  TODAY            0.0           4.3  1948   0.2   -0.2       T
  MONTH TO DATE    3.7                       3.3    0.4      2.1
  SINCE DEC 1      6.5                      11.8   -5.3     34.2
  SINCE JUL 1      6.9                      17.6  -10.7     35.2
  SNOW DEPTH       0

DEGREE DAYS
 HEATING
  TODAY           42                        39      3       45
  MONTH TO DATE  853                      1031   -178      838
  SINCE DEC 1   3348                      4003   -655     3775
  SINCE JUL 1   5114                      6178  -1064     5639

 COOLING
  TODAY            0                         0      0        0
  MONTH TO DATE    0                         0      0        0
  SINCE DEC 1      0                         0      0        0
  SINCE JAN 1      0                         0      0        0
..................................................................


WIND (MPH)
  HIGHEST WIND SPEED    25   HIGHEST WIND DIRECTION    NW (300)
  HIGHEST GUST SPEED    35   HIGHEST GUST DIRECTION    NW (300)
  AVERAGE WIND SPEED    14.0


SKY COVER
  POSSIBLE SUNSHINE  MM
  AVERAGE SKY COVER 0.1


WEATHER CONDITIONS
 THE FOLLOWING WEATHER WAS RECORDED TODAY.
  NO SIGNIFICANT WEATHER WAS OBSERVED.


RELATIVE HUMIDITY (PERCENT)
 HIGHEST    73           600 AM
 LOWEST     13          1200 PM
 AVERAGE    43

..........................................................


THE ALAMOSA CO CLIMATE NORMALS FOR TOMORROW
                         NORMAL    RECORD    YEAR
 MAXIMUM TEMPERATURE (F)   43        66      1986
 MINIMUM TEMPERATURE (F)   10       -23      1960


SUNRISE AND SUNSET
FEBRUARY 24 2018......SUNRISE   641 AM MST   SUNSET   552 PM MST
FEBRUARY 25 2018......SUNRISE   640 AM MST   SUNSET   553 PM MST


-  INDICATES NEGATIVE NUMBERS.
R  INDICATES RECORD WAS SET OR TIED.
MM INDICATES DATA IS MISSING.
T  INDICATES TRACE AMOUNT.




$$
