000
CDUS45 KPUB 011101
CLIALS


CLIMATE REPORT
NATIONAL WEATHER SERVICE PUEBLO
501 AM MDT FRI AUG 1 2014


...................................

...THE ALAMOSA CO CLIMATE SUMMARY FOR JULY 31 2014...

CLIMATE NORMAL PERIOD 1981 TO 2010
CLIMATE RECORD PERIOD 1932 TO 2014


WEATHER ITEM   OBSERVED TIME   RECORD YEAR NORMAL DEPARTURE LAST
                VALUE   (LST)  VALUE       VALUE  FROM      YEAR
                                                  NORMAL
..................................................................
TEMPERATURE (F)
 YESTERDAY
  MAXIMUM         73   1208 PM  90    2008  81     -8       85
                                      2002
  MINIMUM         53   1159 PM  38    2004  48      5       42
  AVERAGE         63                        64     -1       64

PRECIPITATION (IN)
  YESTERDAY        0.02          0.83 1968   0.04  -0.02     0.00
  MONTH TO DATE    1.52                      0.97   0.55     0.80
  SINCE JUN 1      1.54                      1.46   0.08     1.34
  SINCE JAN 1      3.35                      3.68  -0.33     2.40

SNOWFALL (IN)
  YESTERDAY        0.0           0.0  2002   0.0    0.0      0.0
                                      2001
  MONTH TO DATE    0.0                       0.0    0.0      0.0
  SINCE JUN 1      0.0                       0.0    0.0      0.0
  SINCE JUL 1      0.0                       0.0    0.0      0.0
  SNOW DEPTH       0

DEGREE DAYS
 HEATING
  YESTERDAY        2                         1      1        1
  MONTH TO DATE   22                        40    -18       28
  SINCE JUN 1    148                       213    -65      130
  SINCE JUL 1     22                        45    -23       28

 COOLING
  YESTERDAY        0                         1     -1        0
  MONTH TO DATE   56                        32     24       49
  SINCE JUN 1     57                        38     19       65
  SINCE JAN 1     57                        38     19       65
..................................................................


WIND (MPH)
  HIGHEST WIND SPEED    15   HIGHEST WIND DIRECTION     W (270)
  HIGHEST GUST SPEED    19   HIGHEST GUST DIRECTION     W (280)
  AVERAGE WIND SPEED     6.8


SKY COVER
  POSSIBLE SUNSHINE  MM
  AVERAGE SKY COVER 0.7


WEATHER CONDITIONS
 THE FOLLOWING WEATHER WAS RECORDED YESTERDAY.
  LIGHT RAIN


RELATIVE HUMIDITY (PERCENT)
 HIGHEST    93           100 AM
 LOWEST     53          1200 PM
 AVERAGE    73

..........................................................


THE ALAMOSA CO CLIMATE NORMALS FOR TODAY
                         NORMAL    RECORD    YEAR
 MAXIMUM TEMPERATURE (F)   81        89      2005
 MINIMUM TEMPERATURE (F)   48        37      2009


SUNRISE AND SUNSET
AUGUST  1 2014........SUNRISE   608 AM MDT   SUNSET   811 PM MDT
AUGUST  2 2014........SUNRISE   609 AM MDT   SUNSET   810 PM MDT


-  INDICATES NEGATIVE NUMBERS.
R  INDICATES RECORD WAS SET OR TIED.
MM INDICATES DATA IS MISSING.
T  INDICATES TRACE AMOUNT.




$$
