282
CDUS45 KPUB 221036
CLIALS


CLIMATE REPORT
NATIONAL WEATHER SERVICE PUEBLO
436 AM MDT SUN OCT 22 2017


...................................

...THE ALAMOSA CO CLIMATE SUMMARY FOR OCTOBER 21 2017...

CLIMATE NORMAL PERIOD 1981 TO 2010
CLIMATE RECORD PERIOD 1932 TO 2017


WEATHER ITEM   OBSERVED TIME   RECORD YEAR NORMAL DEPARTURE LAST
                VALUE   (LST)  VALUE       VALUE  FROM      YEAR
                                                  NORMAL
..................................................................
TEMPERATURE (F)
 YESTERDAY
  MAXIMUM         53    103 PM  76    2003  60     -7       68
  MINIMUM         19   1155 PM   3    1996  23     -4       15
  AVERAGE         36                        41     -5       42

PRECIPITATION (IN)
  YESTERDAY        0.00          0.63 2009   0.02  -0.02     0.00
  MONTH TO DATE    0.05                      0.47  -0.42     0.02
  SINCE SEP 1      1.80                      1.38   0.42     0.30
  SINCE JAN 1     10.49                      6.33   4.16     7.65

SNOWFALL (IN)
  YESTERDAY        0.0           4.2  2009   0.1   -0.1      0.0
  MONTH TO DATE    T                         1.0   -1.0      0.0
  SINCE SEP 1      T                         1.0   -1.0      0.0
  SINCE JUL 1      T                         1.0   -1.0      0.0
  SNOW DEPTH       0

DEGREE DAYS
 HEATING
  YESTERDAY       29                        24      5       23
  MONTH TO DATE  394                       418    -24      358
  SINCE SEP 1    639                       720    -81      609
  SINCE JUL 1    738                       849   -111      753

 COOLING
  YESTERDAY        0                         0      0        0
  MONTH TO DATE    0                         0      0        0
  SINCE SEP 1      0                         0      0        0
  SINCE JAN 1     76                        51     25      115
..................................................................


WIND (MPH)
  HIGHEST WIND SPEED    23   HIGHEST WIND DIRECTION     N (360)
  HIGHEST GUST SPEED    29   HIGHEST GUST DIRECTION     N (360)
  AVERAGE WIND SPEED    11.1


SKY COVER
  POSSIBLE SUNSHINE  MM
  AVERAGE SKY COVER 0.1


WEATHER CONDITIONS
 THE FOLLOWING WEATHER WAS RECORDED YESTERDAY.
  NO SIGNIFICANT WEATHER WAS OBSERVED.


RELATIVE HUMIDITY (PERCENT)
 HIGHEST    73           400 AM
 LOWEST     15           400 PM
 AVERAGE    44

..........................................................


THE ALAMOSA CO CLIMATE NORMALS FOR TODAY
                         NORMAL    RECORD    YEAR
 MAXIMUM TEMPERATURE (F)   59        76      2003
 MINIMUM TEMPERATURE (F)   22        -7      1996


SUNRISE AND SUNSET
OCTOBER 22 2017.......SUNRISE   719 AM MDT   SUNSET   617 PM MDT
OCTOBER 23 2017.......SUNRISE   720 AM MDT   SUNSET   615 PM MDT


-  INDICATES NEGATIVE NUMBERS.
R  INDICATES RECORD WAS SET OR TIED.
MM INDICATES DATA IS MISSING.
T  INDICATES TRACE AMOUNT.




$$
