000
CDUS45 KPUB 091130
CLIALS


CLIMATE REPORT
NATIONAL WEATHER SERVICE PUEBLO
430 AM MST TUE FEB 9 2016


...................................

...THE ALAMOSA CO CLIMATE SUMMARY FOR FEBRUARY 8 2016...

CLIMATE NORMAL PERIOD 1981 TO 2010
CLIMATE RECORD PERIOD 1932 TO 2016


WEATHER ITEM   OBSERVED TIME   RECORD YEAR NORMAL DEPARTURE LAST
                VALUE   (LST)  VALUE       VALUE  FROM      YEAR
                                                  NORMAL
..................................................................
TEMPERATURE (F)
 YESTERDAY
  MAXIMUM         46    339 PM  59    2015  38      8       59
  MINIMUM          7    633 AM -32    1933   3      4       15
  AVERAGE         27                        20      7       37

PRECIPITATION (IN)
  YESTERDAY        0.00          0.20 2011   0.01  -0.01     0.00
  MONTH TO DATE    0.15                      0.07   0.08     0.00
  SINCE DEC 1      0.98                      0.68   0.30     0.54
  SINCE JAN 1      0.73                      0.33   0.40     0.33

SNOWFALL (IN)
  YESTERDAY        0.0           3.0  2011   0.1   -0.1      0.0
  MONTH TO DATE    2.0                       1.1    0.9      0.0
  SINCE DEC 1     12.4                       9.6    2.8      5.6
  SINCE JUL 1     16.7                      15.4    1.3      7.2
  SNOW DEPTH       0

DEGREE DAYS
 HEATING
  YESTERDAY       38                        45     -7       28
  MONTH TO DATE  408                       366     42      264
  SINCE DEC 1   3344                      3338      6     2881
  SINCE JUL 1   5122                      5513   -391     4724

 COOLING
  YESTERDAY        0                         0      0        0
  MONTH TO DATE    0                         0      0        0
  SINCE DEC 1      0                         0      0        0
  SINCE JAN 1      0                         0      0        0
..................................................................


WIND (MPH)
  HIGHEST WIND SPEED    10   HIGHEST WIND DIRECTION    SW (220)
  HIGHEST GUST SPEED    13   HIGHEST GUST DIRECTION     N (20)
  AVERAGE WIND SPEED     4.8


SKY COVER
  POSSIBLE SUNSHINE  MM
  AVERAGE SKY COVER 0.0


WEATHER CONDITIONS
 THE FOLLOWING WEATHER WAS RECORDED YESTERDAY.
  NO SIGNIFICANT WEATHER WAS OBSERVED.


RELATIVE HUMIDITY (PERCENT)
 HIGHEST    91          1000 PM
 LOWEST     28           100 PM
 AVERAGE    60

..........................................................


THE ALAMOSA CO CLIMATE NORMALS FOR TODAY
                         NORMAL    RECORD    YEAR
 MAXIMUM TEMPERATURE (F)   38        58      2015
                                             1999
 MINIMUM TEMPERATURE (F)    3       -24      2011


SUNRISE AND SUNSET
FEBRUARY  9 2016......SUNRISE   700 AM MST   SUNSET   536 PM MST
FEBRUARY 10 2016......SUNRISE   659 AM MST   SUNSET   537 PM MST


-  INDICATES NEGATIVE NUMBERS.
R  INDICATES RECORD WAS SET OR TIED.
MM INDICATES DATA IS MISSING.
T  INDICATES TRACE AMOUNT.




$$
