000
CDUS45 KPUB 040020
CLIALS


CLIMATE REPORT
NATIONAL WEATHER SERVICE PUEBLO
620 PM MDT THU SEP 3 2015


...................................

...THE ALAMOSA CO CLIMATE SUMMARY FOR SEPTEMBER 3 2015...
VALID TODAY AS OF 0500 PM LOCAL TIME.

CLIMATE NORMAL PERIOD 1981 TO 2010
CLIMATE RECORD PERIOD 1932 TO 2015


WEATHER ITEM   OBSERVED TIME   RECORD YEAR NORMAL DEPARTURE LAST
                VALUE   (LST)  VALUE       VALUE  FROM      YEAR
                                                  NORMAL
..................................................................
TEMPERATURE (F)
 TODAY
  MAXIMUM         75    122 PM  87    1960  77     -2       86
  MINIMUM         49    608 AM  25    1973  42      7       39
  AVERAGE         62                        59      3       63

PRECIPITATION (IN)
  TODAY            0.01          1.24 1938   0.03  -0.02     0.00
  MONTH TO DATE    0.03                      0.11  -0.08     0.00
  SINCE SEP 1      0.03                      0.11  -0.08     0.00
  SINCE JAN 1      7.00                      5.06   1.94     3.88

SNOWFALL (IN)
  TODAY            0.0           4.2  1961   0.0    0.0      0.0
  MONTH TO DATE    0.0                       0.0    0.0      0.0
  SINCE SEP 1      0.0                       0.0    0.0      0.0
  SINCE JUL 1      0.0                       0.0    0.0      0.0
  SNOW DEPTH       0

DEGREE DAYS
 HEATING
  TODAY            3                         6     -3        2
  MONTH TO DATE   10                        16     -6       10
  SINCE SEP 1     10                        16     -6       10
  SINCE JUL 1    102                       145    -43      131

 COOLING
  TODAY            0                         0      0        0
  MONTH TO DATE    0                         0      0        0
  SINCE SEP 1      0                         0      0        0
  SINCE JAN 1     74                        51     23       60
..................................................................


WIND (MPH)
  HIGHEST WIND SPEED    24   HIGHEST WIND DIRECTION     W (250)
  HIGHEST GUST SPEED    31   HIGHEST GUST DIRECTION     W (250)
  AVERAGE WIND SPEED     3.6


SKY COVER
  POSSIBLE SUNSHINE  MM
  AVERAGE SKY COVER 0.2


WEATHER CONDITIONS
 THE FOLLOWING WEATHER WAS RECORDED TODAY.
  LIGHT RAIN


RELATIVE HUMIDITY (PERCENT)
 HIGHEST    93           300 AM
 LOWEST     35           100 PM
 AVERAGE    64

..........................................................


THE ALAMOSA CO CLIMATE NORMALS FOR TOMORROW
                         NORMAL    RECORD    YEAR
 MAXIMUM TEMPERATURE (F)   77        87      2013
                                             1907
 MINIMUM TEMPERATURE (F)   42        30      1973
                                             1953
                                             1944


SUNRISE AND SUNSET
SEPTEMBER  3 2015.....SUNRISE   635 AM MDT   SUNSET   730 PM MDT
SEPTEMBER  4 2015.....SUNRISE   636 AM MDT   SUNSET   728 PM MDT


-  INDICATES NEGATIVE NUMBERS.
R  INDICATES RECORD WAS SET OR TIED.
MM INDICATES DATA IS MISSING.
T  INDICATES TRACE AMOUNT.




$$
