000
CDUS45 KPUB 121149
CLIALS


CLIMATE REPORT
NATIONAL WEATHER SERVICE PUEBLO
449 AM MST TUE DEC 12 2017


...................................

...THE ALAMOSA CO CLIMATE SUMMARY FOR DECEMBER 11 2017...

CLIMATE NORMAL PERIOD 1981 TO 2010
CLIMATE RECORD PERIOD 1932 TO 2017


WEATHER ITEM   OBSERVED TIME   RECORD YEAR NORMAL DEPARTURE LAST
                VALUE   (LST)  VALUE       VALUE  FROM      YEAR
                                                  NORMAL
..................................................................
TEMPERATURE (F)
 YESTERDAY
  MAXIMUM         51    320 PM  55    1950  36     15       49
  MINIMUM         -2    451 AM -28    1961   1     -3       22
  AVERAGE         25                        18      7       36

PRECIPITATION (IN)
  YESTERDAY        0.00          0.62 1991   0.01  -0.01     0.00
  MONTH TO DATE    0.00                      0.13  -0.13     0.07
  SINCE DEC 1      0.00                      0.13  -0.13     0.07
  SINCE JAN 1     10.55                      7.09   3.46     8.16

SNOWFALL (IN)
  YESTERDAY        0.0           5.3  1991   0.1   -0.1      0.0
  MONTH TO DATE    0.0                       1.6   -1.6      1.4
  SINCE DEC 1      0.0                       1.6   -1.6      1.4
  SINCE JUL 1      0.4                       7.4   -7.0      2.4
  SNOW DEPTH       0

DEGREE DAYS
 HEATING
  YESTERDAY       40                        47     -7       29
  MONTH TO DATE  424                       494    -70      505
  SINCE DEC 1    424                       494    -70      505
  SINCE JUL 1   2190                      2669   -479     2369

 COOLING
  YESTERDAY        0                         0      0        0
  MONTH TO DATE    0                         0      0        0
  SINCE DEC 1      0                         0      0        0
  SINCE JAN 1     76                        51     25      115
..................................................................


WIND (MPH)
  HIGHEST WIND SPEED     9   HIGHEST WIND DIRECTION     W (250)
  HIGHEST GUST SPEED    12   HIGHEST GUST DIRECTION     E (80)
  AVERAGE WIND SPEED     3.4


SKY COVER
  POSSIBLE SUNSHINE  MM
  AVERAGE SKY COVER 0.0


WEATHER CONDITIONS
 THE FOLLOWING WEATHER WAS RECORDED YESTERDAY.
  HAZE


RELATIVE HUMIDITY (PERCENT)
 HIGHEST    72           500 AM
 LOWEST      9           200 PM
 AVERAGE    41

..........................................................


THE ALAMOSA CO CLIMATE NORMALS FOR TODAY
                         NORMAL    RECORD    YEAR
 MAXIMUM TEMPERATURE (F)   35        56      2004
                                             1948
 MINIMUM TEMPERATURE (F)    1       -41      1961


SUNRISE AND SUNSET
DECEMBER 12 2017......SUNRISE   709 AM MST   SUNSET   446 PM MST
DECEMBER 13 2017......SUNRISE   710 AM MST   SUNSET   446 PM MST


-  INDICATES NEGATIVE NUMBERS.
R  INDICATES RECORD WAS SET OR TIED.
MM INDICATES DATA IS MISSING.
T  INDICATES TRACE AMOUNT.




$$
