000
CDUS44 KAMA 192237
CLIAMA


CLIMATE REPORT
NATIONAL WEATHER SERVICE AMARILLO TX
435 PM CST FRI DEC 19 2014


...................................

...THE AMARILLO CLIMATE SUMMARY FOR DECEMBER 19 2014...
VALID TODAY AS OF 0400 PM LOCAL TIME.

CLIMATE NORMAL PERIOD 1981 TO 2010
CLIMATE RECORD PERIOD 1892 TO 2014


WEATHER ITEM   OBSERVED TIME   RECORD YEAR NORMAL DEPARTURE LAST
                VALUE   (LST)  VALUE       VALUE  FROM      YEAR
                                                  NORMAL
..................................................................
TEMPERATURE (F)
 TODAY
  MAXIMUM         41    426 PM  72    2013  49     -8       72
  MINIMUM         35    703 AM  -6    1924  23     12       43
  AVERAGE         38                        36      2       58

PRECIPITATION (IN)
  TODAY            0.03          0.95 2011   0.02   0.01     0.00
  MONTH TO DATE    0.11                      0.43  -0.32     0.02
  SINCE DEC 1      0.11                      0.43  -0.32     0.02
  SINCE JAN 1     19.38                     20.08  -0.70    14.90

SNOWFALL (IN)
  TODAY           MM             5.6  1911   0.1   MM        0.0
  MONTH TO DATE    T                         2.4   -2.4      0.2
  SINCE DEC 1      T                         2.4   -2.4      0.2
  SINCE JUL 1      2.5                       5.1   -2.6      4.5
  SNOW DEPTH       0

DEGREE DAYS
 HEATING
  TODAY           27                        29     -2        7
  MONTH TO DATE  396                       525   -129      528
  SINCE DEC 1    396                       525   -129      528
  SINCE JUL 1   1190                      1369   -179     1366

 COOLING
  TODAY            0                         0      0        0
  MONTH TO DATE    0                         0      0        0
  SINCE DEC 1      0                         0      0        0
  SINCE JAN 1   1534                      1399    135     1806
..................................................................


WIND (MPH)
  RESULTANT WIND SPEED   5   RESULTANT WIND DIRECTION   S (180)
  HIGHEST WIND SPEED    12   HIGHEST WIND DIRECTION     S (160)
  HIGHEST GUST SPEED    14   HIGHEST GUST DIRECTION     S (170)
  AVERAGE WIND SPEED     6.8


SKY COVER
  AVERAGE SKY COVER 1.0


WEATHER CONDITIONS
 THE FOLLOWING WEATHER WAS RECORDED TODAY.
  LIGHT RAIN
  FOG
  FOG W/VISIBILITY <= 1/4 MILE


RELATIVE HUMIDITY (PERCENT)
 HIGHEST   100           400 AM
 LOWEST     85           300 PM
 AVERAGE    93

..........................................................


THE AMARILLO CLIMATE NORMALS FOR TOMORROW
                         NORMAL    RECORD    YEAR
 MAXIMUM TEMPERATURE (F)   49        75      1894
 MINIMUM TEMPERATURE (F)   23        -3      1924


SUNRISE AND SUNSET
DECEMBER 19 2014......SUNRISE   750 AM CST   SUNSET   537 PM CST
DECEMBER 20 2014......SUNRISE   751 AM CST   SUNSET   538 PM CST


-  INDICATES NEGATIVE NUMBERS.
R  INDICATES RECORD WAS SET OR TIED.
MM INDICATES DATA IS MISSING.
T  INDICATES TRACE AMOUNT.




$$
