000
CDUS44 KAMA 240635
CLIAMA


CLIMATE REPORT
NATIONAL WEATHER SERVICE AMARILLO TX
135 AM CDT MON JUL 24 2017


...................................

...THE AMARILLO CLIMATE SUMMARY FOR JULY 23 2017...

CLIMATE NORMAL PERIOD 1981 TO 2010
CLIMATE RECORD PERIOD 1892 TO 2017


WEATHER ITEM   OBSERVED TIME   RECORD YEAR NORMAL DEPARTURE LAST
                VALUE   (LST)  VALUE       VALUE  FROM      YEAR
                                                  NORMAL
..................................................................
TEMPERATURE (F)
 YESTERDAY
  MAXIMUM         92    456 PM 102    2012  91      1       99
                                      2001
                                      1981
  MINIMUM         65    553 AM  57    2009  65      0       66
                                      1947
                                      1904
  AVERAGE         79                        78      1       83

PRECIPITATION (IN)
  YESTERDAY        0.00          1.99 1962   0.09  -0.09     0.00
  MONTH TO DATE    1.07                      2.05  -0.98     1.54
  SINCE JUN 1      2.57                      5.21  -2.64     2.92
  SINCE JAN 1     10.72                     11.57  -0.85     8.81

SNOWFALL (IN)
  YESTERDAY        0.0           0.0    MM   0.0    0.0      0.0
  MONTH TO DATE    0.0                       0.0    0.0       T
  SINCE JUN 1      0.0                       0.0    0.0       T
  SINCE JUL 1      0.0                       0.0    0.0       T
  SNOW DEPTH       0

DEGREE DAYS
 HEATING
  YESTERDAY        0                         0      0        0
  MONTH TO DATE    0                         0      0        0
  SINCE JUN 1      1                         7     -6        0
  SINCE JUL 1      0                         0      0        0

 COOLING
  YESTERDAY       14                        13      1       18
  MONTH TO DATE  351                       307     44      438
  SINCE JUN 1    718                       595    123      814
  SINCE JAN 1    848                       720    128      902
..................................................................


WIND (MPH)
  RESULTANT WIND SPEED   3   RESULTANT WIND DIRECTION   E (70)
  HIGHEST WIND SPEED    21   HIGHEST WIND DIRECTION     N (350)
  HIGHEST GUST SPEED    26   HIGHEST GUST DIRECTION     N (350)
  AVERAGE WIND SPEED    10.3


SKY COVER
  AVERAGE SKY COVER 0.1


WEATHER CONDITIONS
 THE FOLLOWING WEATHER WAS RECORDED YESTERDAY.
  NO SIGNIFICANT WEATHER WAS OBSERVED.


RELATIVE HUMIDITY (PERCENT)
 HIGHEST    87           600 AM
 LOWEST     32           300 PM
 AVERAGE    60

..........................................................


THE AMARILLO CLIMATE NORMALS FOR TODAY
                         NORMAL    RECORD    YEAR
 MAXIMUM TEMPERATURE (F)   91       101      2000
 MINIMUM TEMPERATURE (F)   65        56      1904


SUNRISE AND SUNSET
JULY 24 2017..........SUNRISE   650 AM CDT   SUNSET   856 PM CDT
JULY 25 2017..........SUNRISE   651 AM CDT   SUNSET   855 PM CDT


-  INDICATES NEGATIVE NUMBERS.
R  INDICATES RECORD WAS SET OR TIED.
MM INDICATES DATA IS MISSING.
T  INDICATES TRACE AMOUNT.




$$
