000
CDUS44 KAMA 300709
CLIAMA


CLIMATE REPORT
NATIONAL WEATHER SERVICE AMARILLO TX
138 AM CDT MON MAY 30 2016


...................................

...THE AMARILLO CLIMATE SUMMARY FOR MAY 29 2016...

CLIMATE NORMAL PERIOD 1981 TO 2010
CLIMATE RECORD PERIOD 1892 TO 2016


WEATHER ITEM   OBSERVED TIME   RECORD YEAR NORMAL DEPARTURE LAST
                VALUE   (LST)  VALUE       VALUE  FROM      YEAR
                                                  NORMAL
..................................................................
TEMPERATURE (F)
 YESTERDAY
  MAXIMUM         81   1138 AM 104    2011  83     -2       80
  MINIMUM         51   1158 PM  36    1947  56     -5       55
  AVERAGE         66                        70     -4       68

PRECIPITATION (IN)
  YESTERDAY        0.69          2.90 1911   0.11   0.58     0.03
  MONTH TO DATE    1.50                      2.08  -0.58     9.29
  SINCE MAR 1      5.10                      4.87   0.23    12.47
  SINCE JAN 1      5.79                      6.15  -0.36    14.55

SNOWFALL (IN)
  YESTERDAY        0.0           0.0    MM   0.0    0.0      0.0
  MONTH TO DATE    T                         0.2   -0.2      0.0
  SINCE MAR 1      1.3                       3.8   -2.5      0.1
  SINCE JUL 1     13.4                      17.8   -4.4     23.9
  SNOW DEPTH       0

DEGREE DAYS
 HEATING
  YESTERDAY        0                         1     -1        0
  MONTH TO DATE  126                        81     45      103
  SINCE MAR 1    720                       892   -172      731
  SINCE JUL 1   3461                      4169   -708     3856

 COOLING
  YESTERDAY        1                         6     -5        3
  MONTH TO DATE   72                        92    -20       27
  SINCE MAR 1     82                       113    -31       49
  SINCE JAN 1     83                       113    -30       49
..................................................................


WIND (MPH)
  RESULTANT WIND SPEED  12   RESULTANT WIND DIRECTION   S (160)
  HIGHEST WIND SPEED    37   HIGHEST WIND DIRECTION    SE (150)
  HIGHEST GUST SPEED    48   HIGHEST GUST DIRECTION    SE (140)
  AVERAGE WIND SPEED    16.7


SKY COVER
  AVERAGE SKY COVER 0.1


WEATHER CONDITIONS
 THE FOLLOWING WEATHER WAS RECORDED YESTERDAY.
  THUNDERSTORM
  HEAVY RAIN
  RAIN
  LIGHT RAIN
  FOG


RELATIVE HUMIDITY (PERCENT)
 HIGHEST    93          1000 PM
 LOWEST     45           200 PM
 AVERAGE    69

..........................................................


THE AMARILLO CLIMATE NORMALS FOR TODAY
                         NORMAL    RECORD    YEAR
 MAXIMUM TEMPERATURE (F)   83       101      1998
 MINIMUM TEMPERATURE (F)   56        42      1947


SUNRISE AND SUNSET
MAY 30 2016...........SUNRISE   634 AM CDT   SUNSET   855 PM CDT
MAY 31 2016...........SUNRISE   634 AM CDT   SUNSET   856 PM CDT


-  INDICATES NEGATIVE NUMBERS.
R  INDICATES RECORD WAS SET OR TIED.
MM INDICATES DATA IS MISSING.
T  INDICATES TRACE AMOUNT.




$$
