000
CDUS44 KAMA 212227
CLIAMA


CLIMATE REPORT
NATIONAL WEATHER SERVICE AMARILLO TX
427 PM CST WED FEB 21 2018


...................................

...THE AMARILLO CLIMATE SUMMARY FOR FEBRUARY 21 2018...
VALID TODAY AS OF 0400 PM LOCAL TIME.

CLIMATE NORMAL PERIOD 1981 TO 2010
CLIMATE RECORD PERIOD 1892 TO 2018


WEATHER ITEM   OBSERVED TIME   RECORD YEAR NORMAL DEPARTURE LAST
                VALUE   (LST)  VALUE       VALUE  FROM      YEAR
                                                  NORMAL
..................................................................
TEMPERATURE (F)
 TODAY
  MAXIMUM         32    313 PM  81    1996  56    -24       76
  MINIMUM         15    620 AM   5    1894  28    -13       31
  AVERAGE         24                        42    -18       54

PRECIPITATION (IN)
  TODAY            0.00          1.25 1971   0.02  -0.02     0.00
  MONTH TO DATE    0.01                      0.42  -0.41     0.51
  SINCE DEC 1      0.01                      1.85  -1.84     3.95
  SINCE JAN 1      0.01                      1.14  -1.13     3.68

SNOWFALL (IN)
  TODAY            0.0          11.4  1971   0.1   -0.1      0.0
  MONTH TO DATE    T                         2.5   -2.5      1.1
  SINCE DEC 1      T                        10.9  -10.9      8.0
  SINCE JUL 1      T                        13.6  -13.6      8.0
  SNOW DEPTH       0

DEGREE DAYS
 HEATING
  TODAY           41                        23     18       11
  MONTH TO DATE  516                       535    -19      368
  SINCE DEC 1   2136                      2276   -140     1981
  SINCE JUL 1   2768                      3120   -352     2446

 COOLING
  TODAY            0                         0      0        0
  MONTH TO DATE    0                         0      0        5
  SINCE DEC 1      0                         0      0        5
  SINCE JAN 1      0                         0      0        5
..................................................................


WIND (MPH)
  RESULTANT WIND SPEED  15   RESULTANT WIND DIRECTION   N (20)
  HIGHEST WIND SPEED    21   HIGHEST WIND DIRECTION     N (10)
  HIGHEST GUST SPEED    26   HIGHEST GUST DIRECTION     N (360)
  AVERAGE WIND SPEED    15.2


SKY COVER
  AVERAGE SKY COVER 0.6


WEATHER CONDITIONS
 THE FOLLOWING WEATHER WAS RECORDED TODAY.
  NO SIGNIFICANT WEATHER WAS OBSERVED.


RELATIVE HUMIDITY (PERCENT)
 HIGHEST    53           500 AM
 LOWEST     31           100 PM
 AVERAGE    42

..........................................................


THE AMARILLO CLIMATE NORMALS FOR TOMORROW
                         NORMAL    RECORD    YEAR
 MAXIMUM TEMPERATURE (F)   56        84      1996
 MINIMUM TEMPERATURE (F)   28         5      1914


SUNRISE AND SUNSET
FEBRUARY 21 2018......SUNRISE   726 AM CST   SUNSET   635 PM CST
FEBRUARY 22 2018......SUNRISE   725 AM CST   SUNSET   636 PM CST


-  INDICATES NEGATIVE NUMBERS.
R  INDICATES RECORD WAS SET OR TIED.
MM INDICATES DATA IS MISSING.
T  INDICATES TRACE AMOUNT.




$$
