000
CDUS44 KAMA 192230
CLIAMA


CLIMATE REPORT
NATIONAL WEATHER SERVICE AMARILLO TX
429 PM CST THU JAN 19 2017


...................................

...THE AMARILLO CLIMATE SUMMARY FOR JANUARY 19 2017...
VALID TODAY AS OF 0400 PM LOCAL TIME.

CLIMATE NORMAL PERIOD 1981 TO 2010
CLIMATE RECORD PERIOD 1892 TO 2017


WEATHER ITEM   OBSERVED TIME   RECORD YEAR NORMAL DEPARTURE LAST
                VALUE   (LST)  VALUE       VALUE  FROM      YEAR
                                                  NORMAL
..................................................................
TEMPERATURE (F)
 TODAY
  MAXIMUM         65    259 PM  75    1986  51     14       53
  MINIMUM         35    834 AM  -7    1984  23     12       28
                                      1943
  AVERAGE         50                        37     13       41

PRECIPITATION (IN)
  TODAY            0.00          0.74 1897   0.02  -0.02     0.00
  MONTH TO DATE    2.74                      0.39   2.35     0.19
  SINCE DEC 1      3.01                      1.10   1.91     0.97
  SINCE JAN 1      2.74                      0.39   2.35     0.19

SNOWFALL (IN)
  TODAY            0.0           3.0  1897   0.2   -0.2      0.0
  MONTH TO DATE    6.4                       2.4    4.0      1.4
  SINCE DEC 1      6.9                       6.1    0.8      7.6
  SINCE JUL 1      6.9                       8.8   -1.9      8.9
  SNOW DEPTH       0

DEGREE DAYS
 HEATING
  TODAY           15                        28    -13       24
  MONTH TO DATE  516                       538    -22      565
  SINCE DEC 1   1342                      1411    -69     1300
  SINCE JUL 1   1807                      2255   -448     1959

 COOLING
  TODAY            0                         0      0        0
  MONTH TO DATE    0                         0      0        0
  SINCE DEC 1      0                         0      0        0
  SINCE JAN 1      0                         0      0        0
..................................................................


WIND (MPH)
  RESULTANT WIND SPEED  11   RESULTANT WIND DIRECTION   W (250)
  HIGHEST WIND SPEED    22   HIGHEST WIND DIRECTION     S (200)
  HIGHEST GUST SPEED    27   HIGHEST GUST DIRECTION    SW (210)
  AVERAGE WIND SPEED    14.2


SKY COVER
  AVERAGE SKY COVER 0.0


WEATHER CONDITIONS
 THE FOLLOWING WEATHER WAS RECORDED TODAY.
  NO SIGNIFICANT WEATHER WAS OBSERVED.


RELATIVE HUMIDITY (PERCENT)
 HIGHEST    85           200 AM
 LOWEST     20           400 PM
 AVERAGE    53

..........................................................


THE AMARILLO CLIMATE NORMALS FOR TOMORROW
                         NORMAL    RECORD    YEAR
 MAXIMUM TEMPERATURE (F)   51        80      1986
 MINIMUM TEMPERATURE (F)   23        -2      1984


SUNRISE AND SUNSET
JANUARY 19 2017.......SUNRISE   753 AM CST   SUNSET   602 PM CST
JANUARY 20 2017.......SUNRISE   753 AM CST   SUNSET   603 PM CST


-  INDICATES NEGATIVE NUMBERS.
R  INDICATES RECORD WAS SET OR TIED.
MM INDICATES DATA IS MISSING.
T  INDICATES TRACE AMOUNT.




$$
