000
CDUS42 KJAX 122227
CLIAMG


CLIMATE REPORT
NATIONAL WEATHER SERVICE JACKSONVILLE FL
527 PM EST FRI FEB 12 2016


...................................

...THE ALMA CLIMATE SUMMARY FOR FEBRUARY 12 2016...
VALID TODAY AS OF 0500 PM LOCAL TIME.

CLIMATE NORMAL PERIOD 1981 TO 2010
CLIMATE RECORD PERIOD 1948 TO 2016


WEATHER ITEM   OBSERVED TIME   RECORD YEAR NORMAL DEPARTURE LAST
                VALUE   (LST)  VALUE       VALUE  FROM      YEAR
                                                  NORMAL
..................................................................
TEMPERATURE (F)
 TODAY
  MAXIMUM         71    418 PM  80    1965  65      6       66
  MINIMUM         51   1223 AM  21    1981  43      8       37
  AVERAGE         61                        54      7       52

PRECIPITATION (IN)
  TODAY            0.00          1.74 2013   0.12  -0.12     0.00
  MONTH TO DATE    3.36                      1.60   1.76     1.05
  SINCE DEC 1      9.92                      9.15   0.77     7.68
  SINCE JAN 1      7.95                      5.86   2.09     3.26

SNOWFALL (IN)
  TODAY            0.0           0.0    MM   0.0    0.0      0.0
  MONTH TO DATE    0.0                       0.0    0.0      0.0
  SINCE DEC 1      0.0                       0.1   -0.1      0.0
  SINCE JUL 1      0.0                       0.1   -0.1      0.0
  SNOW DEPTH       0

DEGREE DAYS
 HEATING
  TODAY            4                        12     -8       13
  MONTH TO DATE  162                       150     12      184
  SINCE DEC 1    803                       995   -192      984
  SINCE JUL 1    921                      1239   -318     1382

 COOLING
  TODAY            0                         0      0        0
  MONTH TO DATE    9                         0      9        0
  SINCE DEC 1    106                        16     90        4
  SINCE JAN 1      9                         5      4        3
..................................................................


WIND (MPH)
  HIGHEST WIND SPEED    18   HIGHEST WIND DIRECTION     W (260)
  HIGHEST GUST SPEED    27   HIGHEST GUST DIRECTION     W (270)
  AVERAGE WIND SPEED     8.7


SKY COVER
  POSSIBLE SUNSHINE  MM
  AVERAGE SKY COVER 0.8


WEATHER CONDITIONS
 THE FOLLOWING WEATHER WAS RECORDED TODAY.
  NO SIGNIFICANT WEATHER WAS OBSERVED.


RELATIVE HUMIDITY (PERCENT)
 HIGHEST    96          1200 AM
 LOWEST     49           400 PM
 AVERAGE    73

..........................................................


THE ALMA CLIMATE NORMALS FOR TOMORROW
                         NORMAL    RECORD    YEAR
 MAXIMUM TEMPERATURE (F)   65        80      1976
 MINIMUM TEMPERATURE (F)   43        18      2012
                                             1955


SUNRISE AND SUNSET
FEBRUARY 12 2016......SUNRISE   715 AM EST   SUNSET   614 PM EST
FEBRUARY 13 2016......SUNRISE   714 AM EST   SUNSET   615 PM EST


-  INDICATES NEGATIVE NUMBERS.
R  INDICATES RECORD WAS SET OR TIED.
MM INDICATES DATA IS MISSING.
T  INDICATES TRACE AMOUNT.




$$
