000
CDUS42 KJAX 250527
CLIAMG


CLIMATE REPORT
NATIONAL WEATHER SERVICE JACKSONVILLE FL
126 AM EDT THU MAY 25 2017


...................................

...THE ALMA CLIMATE SUMMARY FOR MAY 24 2017...

CLIMATE NORMAL PERIOD 1981 TO 2010
CLIMATE RECORD PERIOD 1948 TO 2017


WEATHER ITEM   OBSERVED TIME   RECORD YEAR NORMAL DEPARTURE LAST
                VALUE   (LST)  VALUE       VALUE  FROM      YEAR
                                                  NORMAL
..................................................................
TEMPERATURE (F)
 YESTERDAY
  MAXIMUM         76   1026 AM  99    1960  87    -11       88
  MINIMUM         67    619 PM  47    1954  64      3       56
  AVERAGE         72                        76     -4       72

PRECIPITATION (IN)
  YESTERDAY        0.47          1.89 2009   0.10   0.37     0.00
  MONTH TO DATE    3.13                      1.74   1.39     3.34
  SINCE MAR 1      6.13                      9.30  -3.17     9.53
  SINCE JAN 1     14.26                     17.36  -3.10    18.78

SNOWFALL (IN)
  YESTERDAY        0.0           0.0    MM   0.0    0.0      0.0
  MONTH TO DATE    0.0                       0.0    0.0      0.0
  SINCE MAR 1      0.0                       0.0    0.0      0.0
  SINCE JUL 1      0.0                       0.1   -0.1      0.0
  SNOW DEPTH       0

DEGREE DAYS
 HEATING
  YESTERDAY        0                         0      0        0
  MONTH TO DATE    3                         3      0        7
  SINCE MAR 1    227                       255    -28      176
  SINCE JUL 1   1083                      1656   -573     1274

 COOLING
  YESTERDAY        7                        11     -4        7
  MONTH TO DATE  220                       193     27      187
  SINCE MAR 1    459                       331    128      360
  SINCE JAN 1    514                       347    167      373
..................................................................


WIND (MPH)
  HIGHEST WIND SPEED    21   HIGHEST WIND DIRECTION    SW (210)
  HIGHEST GUST SPEED    29   HIGHEST GUST DIRECTION    SW (220)
  AVERAGE WIND SPEED     8.6


SKY COVER
  POSSIBLE SUNSHINE  MM
  AVERAGE SKY COVER 0.7


WEATHER CONDITIONS
 THE FOLLOWING WEATHER WAS RECORDED YESTERDAY.
  THUNDERSTORM
  HEAVY RAIN
  RAIN
  LIGHT RAIN
  FOG


RELATIVE HUMIDITY (PERCENT)
 HIGHEST    93           100 AM
 LOWEST     84           200 PM
 AVERAGE    89

..........................................................


THE ALMA CLIMATE NORMALS FOR TODAY
                         NORMAL    RECORD    YEAR
 MAXIMUM TEMPERATURE (F)   88        99      1962
 MINIMUM TEMPERATURE (F)   65        48      1954


SUNRISE AND SUNSET
MAY 25 2017...........SUNRISE   628 AM EDT   SUNSET   826 PM EDT
MAY 26 2017...........SUNRISE   628 AM EDT   SUNSET   827 PM EDT


-  INDICATES NEGATIVE NUMBERS.
R  INDICATES RECORD WAS SET OR TIED.
MM INDICATES DATA IS MISSING.
T  INDICATES TRACE AMOUNT.




$$
