000
CDUS42 KJAX 270531
CLIAMG


CLIMATE REPORT
NATIONAL WEATHER SERVICE JACKSONVILLE FL
1230 AM EST THU NOV 27 2014


...................................

...THE ALMA CLIMATE SUMMARY FOR NOVEMBER 26 2014...

CLIMATE NORMAL PERIOD 1981 TO 2010
CLIMATE RECORD PERIOD 1948 TO 2014


WEATHER ITEM   OBSERVED TIME   RECORD YEAR NORMAL DEPARTURE LAST
                VALUE   (LST)  VALUE       VALUE  FROM      YEAR
                                                  NORMAL
..................................................................
TEMPERATURE (F)
 YESTERDAY
  MAXIMUM         61    247 PM  84    1973  69     -8       72
  MINIMUM         40   1159 PM  21    1950  46     -6       50
  AVERAGE         51                        57     -6       61

PRECIPITATION (IN)
  YESTERDAY        0.24          2.60 2013   0.09   0.15     2.60
  MONTH TO DATE    4.95                      2.11   2.84     3.75
  SINCE SEP 1      9.99                      8.78   1.21     6.59
  SINCE JAN 1     37.85                     42.99  -5.14    49.46

SNOWFALL (IN)
  YESTERDAY        0.0           0.0    MM   0.0    0.0      0.0
  MONTH TO DATE    0.0                       0.0    0.0      0.0
  SINCE SEP 1      0.0                       0.0    0.0      0.0
  SINCE JUL 1      0.0                       0.0    0.0      0.0
  SNOW DEPTH       0

DEGREE DAYS
 HEATING
  YESTERDAY       14                         9      5        4
  MONTH TO DATE  281                       157    124      161
  SINCE SEP 1    329                       207    122      205
  SINCE JUL 1    329                       207    122      205

 COOLING
  YESTERDAY        0                         1     -1        0
  MONTH TO DATE    8                        38    -30       24
  SINCE SEP 1    532                       556    -24      543
  SINCE JAN 1   2439                      2463    -24     2320
..................................................................


WIND (MPH)
  HIGHEST WIND SPEED    20   HIGHEST WIND DIRECTION    NW (300)
  HIGHEST GUST SPEED    26   HIGHEST GUST DIRECTION    NW (330)
  AVERAGE WIND SPEED     8.1


SKY COVER
  POSSIBLE SUNSHINE  MM
  AVERAGE SKY COVER 0.3


WEATHER CONDITIONS
 THE FOLLOWING WEATHER WAS RECORDED YESTERDAY.
  RAIN
  LIGHT RAIN
  FOG


RELATIVE HUMIDITY (PERCENT)
 HIGHEST    93           100 AM
 LOWEST     35           400 PM
 AVERAGE    64

..........................................................


THE ALMA CLIMATE NORMALS FOR TODAY
                         NORMAL    RECORD    YEAR
 MAXIMUM TEMPERATURE (F)   68        83      1973
 MINIMUM TEMPERATURE (F)   45        24      1956


SUNRISE AND SUNSET
NOVEMBER 27 2014......SUNRISE   708 AM EST   SUNSET   527 PM EST
NOVEMBER 28 2014......SUNRISE   709 AM EST   SUNSET   527 PM EST


-  INDICATES NEGATIVE NUMBERS.
R  INDICATES RECORD WAS SET OR TIED.
MM INDICATES DATA IS MISSING.
T  INDICATES TRACE AMOUNT.




$$
