000
CDUS42 KJAX 060534
CLIAMG


CLIMATE REPORT
NATIONAL WEATHER SERVICE JACKSONVILLE FL
1232 AM EST TUE DEC 6 2016


...................................

...THE ALMA CLIMATE SUMMARY FOR DECEMBER 5 2016...

CLIMATE NORMAL PERIOD 1981 TO 2010
CLIMATE RECORD PERIOD 1948 TO 2016


WEATHER ITEM   OBSERVED TIME   RECORD YEAR NORMAL DEPARTURE LAST
                VALUE   (LST)  VALUE       VALUE  FROM      YEAR
                                                  NORMAL
..................................................................
TEMPERATURE (F)
 YESTERDAY
  MAXIMUM         67    922 AM  83    2013  66      1       68
  MINIMUM         57   1114 AM  23    2000  44     13       44
  AVERAGE         62                        55      7       56

PRECIPITATION (IN)
  YESTERDAY        2.16R         1.16 1954   0.10   2.06     0.00
  MONTH TO DATE    2.16                      0.48   1.68     0.37
  SINCE DEC 1      2.16                      0.48   1.68     0.37
  SINCE JAN 1     41.93                     43.84  -1.91    40.01

SNOWFALL (IN)
  YESTERDAY        0.0           0.0    MM   0.0    0.0      0.0
  MONTH TO DATE    0.0                       0.0    0.0      0.0
  SINCE DEC 1      0.0                       0.0    0.0      0.0
  SINCE JUL 1      0.0                       0.0    0.0      0.0
  SNOW DEPTH       0

DEGREE DAYS
 HEATING
  YESTERDAY        3                        11     -8        9
  MONTH TO DATE   44                        52     -8       31
  SINCE DEC 1     44                        52     -8       31
  SINCE JUL 1    232                       296    -64      149

 COOLING
  YESTERDAY        0                         1     -1        0
  MONTH TO DATE    0                         5     -5        0
  SINCE DEC 1      0                         5     -5        0
  SINCE JAN 1   2700                      2470    230     2705
..................................................................


WIND (MPH)
  HIGHEST WIND SPEED    17   HIGHEST WIND DIRECTION    SE (140)
  HIGHEST GUST SPEED    22   HIGHEST GUST DIRECTION     S (160)
  AVERAGE WIND SPEED     5.0


SKY COVER
  POSSIBLE SUNSHINE  MM
  AVERAGE SKY COVER 1.0


WEATHER CONDITIONS
 THE FOLLOWING WEATHER WAS RECORDED YESTERDAY.
  THUNDERSTORM
  HEAVY RAIN
  RAIN
  LIGHT RAIN
  FOG


RELATIVE HUMIDITY (PERCENT)
 HIGHEST   100           200 AM
 LOWEST     87          1200 AM
 AVERAGE    94

..........................................................


THE ALMA CLIMATE NORMALS FOR TODAY
                         NORMAL    RECORD    YEAR
 MAXIMUM TEMPERATURE (F)   66        82      2013
 MINIMUM TEMPERATURE (F)   44        24      1962


SUNRISE AND SUNSET
DECEMBER  6 2016......SUNRISE   716 AM EST   SUNSET   527 PM EST
DECEMBER  7 2016......SUNRISE   717 AM EST   SUNSET   527 PM EST


-  INDICATES NEGATIVE NUMBERS.
R  INDICATES RECORD WAS SET OR TIED.
MM INDICATES DATA IS MISSING.
T  INDICATES TRACE AMOUNT.




$$
