000
CDUS42 KJAX 290532
CLIAMG


CLIMATE REPORT
NATIONAL WEATHER SERVICE JACKSONVILLE FL
1232 AM EST THU JAN 29 2015


...................................

...THE ALMA CLIMATE SUMMARY FOR JANUARY 28 2015...

CLIMATE NORMAL PERIOD 1981 TO 2010
CLIMATE RECORD PERIOD 1948 TO 2015


WEATHER ITEM   OBSERVED TIME   RECORD YEAR NORMAL DEPARTURE LAST
                VALUE   (LST)  VALUE       VALUE  FROM      YEAR
                                                  NORMAL
..................................................................
TEMPERATURE (F)
 YESTERDAY
  MAXIMUM         55    403 PM  80    1957  63     -8       56
  MINIMUM         31   1159 PM  14    1986  41    -10       33
  AVERAGE         43                        52     -9       45

PRECIPITATION (IN)
  YESTERDAY        0.00          1.28 1991   0.15  -0.15     0.18
  MONTH TO DATE    2.21                      3.82  -1.61     1.51
  SINCE DEC 1      6.63                      7.11  -0.48     4.34
  SINCE JAN 1      2.21                      3.82  -1.61     1.51

SNOWFALL (IN)
  YESTERDAY        0.0           0.0    MM   0.0    0.0      0.0
  MONTH TO DATE    0.0                       0.0    0.0      0.0
  SINCE DEC 1      0.0                       0.1   -0.1      0.0
  SINCE JUL 1      0.0                       0.1   -0.1      0.0
  SNOW DEPTH       0

DEGREE DAYS
 HEATING
  YESTERDAY       22                        14      8       20
  MONTH TO DATE  428                       410     18      523
  SINCE DEC 1    748                       806    -58      808
  SINCE JUL 1   1146                      1050     96     1083

 COOLING
  YESTERDAY        0                         0      0        0
  MONTH TO DATE    3                         0      3        1
  SINCE DEC 1      4                        11     -7       31
  SINCE JAN 1      3                         0      3        1
..................................................................


WIND (MPH)
  HIGHEST WIND SPEED    13   HIGHEST WIND DIRECTION    NW (330)
  HIGHEST GUST SPEED    19   HIGHEST GUST DIRECTION    NW (320)
  AVERAGE WIND SPEED     3.9


SKY COVER
  POSSIBLE SUNSHINE  MM
  AVERAGE SKY COVER 0.0


WEATHER CONDITIONS
 THE FOLLOWING WEATHER WAS RECORDED YESTERDAY.
  NO SIGNIFICANT WEATHER WAS OBSERVED.


RELATIVE HUMIDITY (PERCENT)
 HIGHEST    96           900 PM
 LOWEST     30           400 PM
 AVERAGE    63

..........................................................


THE ALMA CLIMATE NORMALS FOR TODAY
                         NORMAL    RECORD    YEAR
 MAXIMUM TEMPERATURE (F)   63        83      2013
 MINIMUM TEMPERATURE (F)   41        23      2004
                                             1977


SUNRISE AND SUNSET
JANUARY 29 2015.......SUNRISE   725 AM EST   SUNSET   602 PM EST
JANUARY 30 2015.......SUNRISE   724 AM EST   SUNSET   603 PM EST


-  INDICATES NEGATIVE NUMBERS.
R  INDICATES RECORD WAS SET OR TIED.
MM INDICATES DATA IS MISSING.
T  INDICATES TRACE AMOUNT.




$$
