000
CDUS44 KBMX 230735
CLIANB


CLIMATE REPORT
NATIONAL WEATHER SERVICE BIRMINGHAM, AL
234 AM CDT TUE MAY 23 2017


...................................

...THE ANNISTON CLIMATE SUMMARY FOR MAY 22 2017...

CLIMATE NORMAL PERIOD 1981 TO 2010
CLIMATE RECORD PERIOD 1903 TO 2017


WEATHER ITEM   OBSERVED TIME   RECORD YEAR NORMAL DEPARTURE LAST
                VALUE   (LST)  VALUE       VALUE  FROM      YEAR
                                                  NORMAL
..................................................................
TEMPERATURE (F)
 YESTERDAY
  MAXIMUM         76    312 PM  94    2006  82     -6       80
                                      1970
  MINIMUM         65    513 AM  42    2002  61      4       57
  AVERAGE         71                        72     -1       69

PRECIPITATION (IN)
  YESTERDAY        0.26          2.42 1905   0.13   0.13     0.00
  MONTH TO DATE    3.93                      3.10   0.83     4.49
  SINCE MAR 1     14.17                     12.17   2.00    10.88
  SINCE JAN 1     24.69                     21.77   2.92    19.72

..................................................................


WIND (MPH)
  HIGHEST WIND SPEED    12   HIGHEST WIND DIRECTION     S (170)
  HIGHEST GUST SPEED    15   HIGHEST GUST DIRECTION     S (160)
  AVERAGE WIND SPEED     3.3


SKY COVER
  AVERAGE SKY COVER 0.5


WEATHER CONDITIONS
 THE FOLLOWING WEATHER WAS RECORDED YESTERDAY.
  THUNDERSTORM
  LIGHT RAIN
  FOG


RELATIVE HUMIDITY (PERCENT)
 HIGHEST   100
 LOWEST     82
 AVERAGE    91

..........................................................


THE ANNISTON CLIMATE NORMALS FOR TODAY
                         NORMAL    RECORD    YEAR
 MAXIMUM TEMPERATURE (F)   83        94      1996
 MINIMUM TEMPERATURE (F)   61        45      1948


SUNRISE AND SUNSET
MAY 23 2017...........SUNRISE   538 AM CDT   SUNSET   743 PM CDT
MAY 24 2017...........SUNRISE   537 AM CDT   SUNSET   744 PM CDT


-  INDICATES NEGATIVE NUMBERS.
R  INDICATES RECORD WAS SET OR TIED.
MM INDICATES DATA IS MISSING.
T  INDICATES TRACE AMOUNT.




$$
