000
CDUS44 KBMX 281211
CLIANB


CLIMATE REPORT
NATIONAL WEATHER SERVICE BIRMINGHAM, AL
611 AM CST SAT FEB 28 2015


...................................

...THE ANNISTON CLIMATE SUMMARY FOR FEBRUARY 27 2015...

CLIMATE NORMAL PERIOD 1981 TO 2010
CLIMATE RECORD PERIOD 1903 TO 2015


WEATHER ITEM   OBSERVED TIME   RECORD YEAR NORMAL DEPARTURE LAST
                VALUE   (LST)  VALUE       VALUE  FROM      YEAR
                                                  NORMAL
..................................................................
TEMPERATURE (F)
 YESTERDAY
  MAXIMUM         45    406 PM  82    1996  61    -16       50
  MINIMUM         27   1255 AM  14    1963  39    -12       22
  AVERAGE         36                        50    -14       36

PRECIPITATION (IN)
  YESTERDAY        0.00          2.56 2009   0.19  -0.19     0.00
  MONTH TO DATE    2.66                      4.89  -2.23     3.93
  SINCE DEC 1     14.38                     13.53   0.85    16.36
  SINCE JAN 1      8.16                      9.41  -1.25     7.14

SNOWFALL (IN)
  YESTERDAY        0.0                       0.1             0.0
  MONTH TO DATE    0.0                       0.4             0.8
  SINCE DEC 1      0.0                       1.1             2.3
  SINCE JUL 1      0.0                       1.1             2.3

DEGREE DAYS
 HEATING
  YESTERDAY       29
  MONTH TO DATE  673
  SINCE DEC 1   1875
  SINCE JUL 1   2503
..................................................................


WIND (MPH)
  HIGHEST WIND SPEED    14   HIGHEST WIND DIRECTION     N (10)
  HIGHEST GUST SPEED    19   HIGHEST GUST DIRECTION     N (10)
  AVERAGE WIND SPEED     6.6


SKY COVER
  AVERAGE SKY COVER 0.2


WEATHER CONDITIONS
 THE FOLLOWING WEATHER WAS RECORDED YESTERDAY.
  FOG
  HAZE


RELATIVE HUMIDITY (PERCENT)
 HIGHEST    92
 LOWEST     40
 AVERAGE    66

..........................................................


THE ANNISTON CLIMATE NORMALS FOR TODAY
                         NORMAL    RECORD    YEAR
 MAXIMUM TEMPERATURE (F)   62        80      2011
                                             1976
 MINIMUM TEMPERATURE (F)   39        16      2002


SUNRISE AND SUNSET
FEBRUARY 28 2015......SUNRISE   613 AM CST   SUNSET   539 PM CST
MARCH  1 2015.........SUNRISE   612 AM CST   SUNSET   540 PM CST


-  INDICATES NEGATIVE NUMBERS.
R  INDICATES RECORD WAS SET OR TIED.
MM INDICATES DATA IS MISSING.
T  INDICATES TRACE AMOUNT.




$$
