518
CDUS44 KBMX 190848
CLIANB


CLIMATE REPORT
NATIONAL WEATHER SERVICE BIRMINGHAM, AL
247 AM CST MON FEB 19 2018


...................................

...THE ANNISTON CLIMATE SUMMARY FOR FEBRUARY 18 2018...

CLIMATE NORMAL PERIOD 1981 TO 2010
CLIMATE RECORD PERIOD 1903 TO 2018


WEATHER ITEM   OBSERVED TIME   RECORD YEAR NORMAL DEPARTURE LAST
                VALUE   (LST)  VALUE       VALUE  FROM      YEAR
                                                  NORMAL
..................................................................
TEMPERATURE (F)
 YESTERDAY
  MAXIMUM         65    123 PM  78    1951  59      6       61
  MINIMUM         50    652 AM   6    1905  37     13       48
  AVERAGE         58                        48     10       55

PRECIPITATION (IN)
  YESTERDAY        0.07          1.45 1961   0.18  -0.11     0.05
  MONTH TO DATE    6.34                      3.21   3.13     1.98
  SINCE DEC 1     11.68                     11.85  -0.17    12.17
  SINCE JAN 1      8.23                      7.73   0.50     9.53

SNOWFALL (IN)
  YESTERDAY        0.0                       0.0             0.0
  MONTH TO DATE    0.0                       0.3             0.0
  SINCE DEC 1      0.0                       1.0             0.0
  SINCE JUL 1      0.0                       1.0             0.0

DEGREE DAYS
 HEATING
  YESTERDAY        7
  MONTH TO DATE  209
  SINCE DEC 1   1563
  SINCE JUL 1   2019
..................................................................


WIND (MPH)
  HIGHEST WIND SPEED    12   HIGHEST WIND DIRECTION     E (90)
  HIGHEST GUST SPEED    15   HIGHEST GUST DIRECTION     N (10)
  AVERAGE WIND SPEED     6.4


SKY COVER
  AVERAGE SKY COVER 0.8


WEATHER CONDITIONS
 THE FOLLOWING WEATHER WAS RECORDED YESTERDAY.
  LIGHT RAIN
  FOG


RELATIVE HUMIDITY (PERCENT)
 HIGHEST    93
 LOWEST     48
 AVERAGE    71

..........................................................


THE ANNISTON CLIMATE NORMALS FOR TODAY
                         NORMAL    RECORD    YEAR
 MAXIMUM TEMPERATURE (F)   59        76      2011
                                             1971
 MINIMUM TEMPERATURE (F)   37         9      1905


SUNRISE AND SUNSET
FEBRUARY 19 2018......SUNRISE   623 AM CST   SUNSET   532 PM CST
FEBRUARY 20 2018......SUNRISE   622 AM CST   SUNSET   532 PM CST


-  INDICATES NEGATIVE NUMBERS.
R  INDICATES RECORD WAS SET OR TIED.
MM INDICATES DATA IS MISSING.
T  INDICATES TRACE AMOUNT.




$$
