000
CDUS44 KBMX 220734
CLIANB


CLIMATE REPORT
NATIONAL WEATHER SERVICE BIRMINGHAM, AL
234 AM CDT SAT JUL 22 2017


...................................

...THE ANNISTON CLIMATE SUMMARY FOR JULY 21 2017...

CLIMATE NORMAL PERIOD 1981 TO 2010
CLIMATE RECORD PERIOD 1903 TO 2017


WEATHER ITEM   OBSERVED TIME   RECORD YEAR NORMAL DEPARTURE LAST
                VALUE   (LST)  VALUE       VALUE  FROM      YEAR
                                                  NORMAL
..................................................................
TEMPERATURE (F)
 YESTERDAY
  MAXIMUM         96    146 PM 101    1952  90      6       97
  MINIMUM         72    523 AM  57    2009  70      2       73
  AVERAGE         84                        80      4       85

PRECIPITATION (IN)
  YESTERDAY        0.00          1.03 1995   0.15  -0.15     0.08
  MONTH TO DATE    3.11                      3.17  -0.06     1.99
  SINCE JUN 1     10.84                      7.25   3.59     3.55
  SINCE JAN 1     36.76                     30.18   6.58    23.27

..................................................................


WIND (MPH)
  HIGHEST WIND SPEED    12   HIGHEST WIND DIRECTION    SW (220)
  HIGHEST GUST SPEED    15   HIGHEST GUST DIRECTION    SW (220)
  AVERAGE WIND SPEED     2.6


SKY COVER
  AVERAGE SKY COVER 0.2


WEATHER CONDITIONS
 THE FOLLOWING WEATHER WAS RECORDED YESTERDAY.
  FOG


RELATIVE HUMIDITY (PERCENT)
 HIGHEST   100
 LOWEST     46
 AVERAGE    73

..........................................................


THE ANNISTON CLIMATE NORMALS FOR TODAY
                         NORMAL    RECORD    YEAR
 MAXIMUM TEMPERATURE (F)   90        99      1993
 MINIMUM TEMPERATURE (F)   70        58      1947


SUNRISE AND SUNSET
JULY 22 2017..........SUNRISE   549 AM CDT   SUNSET   750 PM CDT
JULY 23 2017..........SUNRISE   550 AM CDT   SUNSET   750 PM CDT


-  INDICATES NEGATIVE NUMBERS.
R  INDICATES RECORD WAS SET OR TIED.
MM INDICATES DATA IS MISSING.
T  INDICATES TRACE AMOUNT.




$$
