000
CDUS44 KBMX 300945
CLIANB


CLIMATE REPORT
NATIONAL WEATHER SERVICE BIRMINGHAM, AL
444 AM CDT WED JUL 30 2014


...................................

...THE ANNISTON CLIMATE SUMMARY FOR JULY 29 2014...

CLIMATE NORMAL PERIOD 1981 TO 2010
CLIMATE RECORD PERIOD 1903 TO 2014


WEATHER ITEM   OBSERVED TIME   RECORD YEAR NORMAL DEPARTURE LAST
                VALUE   (LST)  VALUE       VALUE  FROM      YEAR
                                                  NORMAL
..................................................................
TEMPERATURE (F)
 YESTERDAY
  MAXIMUM         84    224 PM 102    1952  90     -6       86
  MINIMUM         62R  1159 PM  63    1994  70     -8       68
  AVERAGE         73                        80     -7       77

PRECIPITATION (IN)
  YESTERDAY        0.00          1.57 2003   0.14  -0.14     0.00
  MONTH TO DATE    0.57                      4.33  -3.76    10.65
  SINCE JUN 1      5.68                      8.41  -2.73    17.34
  SINCE JAN 1     29.20                     31.34  -2.14    50.27

..................................................................


WIND (MPH)
  HIGHEST WIND SPEED    17   HIGHEST WIND DIRECTION     N (360)
  HIGHEST GUST SPEED    28   HIGHEST GUST DIRECTION    NW (300)
  AVERAGE WIND SPEED     5.7


SKY COVER
  AVERAGE SKY COVER 0.1


WEATHER CONDITIONS
 THE FOLLOWING WEATHER WAS RECORDED YESTERDAY.
  NO SIGNIFICANT WEATHER WAS OBSERVED.


RELATIVE HUMIDITY (PERCENT)
 HIGHEST    93
 LOWEST     34
 AVERAGE    64

..........................................................


THE ANNISTON CLIMATE NORMALS FOR TODAY
                         NORMAL    RECORD    YEAR
 MAXIMUM TEMPERATURE (F)   90       100      1986
                                             1952
 MINIMUM TEMPERATURE (F)   70        61      1903


SUNRISE AND SUNSET
JULY 30 2014..........SUNRISE   554 AM CDT   SUNSET   745 PM CDT
JULY 31 2014..........SUNRISE   555 AM CDT   SUNSET   744 PM CDT


-  INDICATES NEGATIVE NUMBERS.
R  INDICATES RECORD WAS SET OR TIED.
MM INDICATES DATA IS MISSING.
T  INDICATES TRACE AMOUNT.




$$
