968
CDUS44 KBMX 240834
CLIANB


CLIMATE REPORT
NATIONAL WEATHER SERVICE BIRMINGHAM, AL
333 AM CDT MON APR 24 2017


...................................

...THE ANNISTON CLIMATE SUMMARY FOR APRIL 23 2017...

CLIMATE NORMAL PERIOD 1981 TO 2010
CLIMATE RECORD PERIOD 1903 TO 2017


WEATHER ITEM   OBSERVED TIME   RECORD YEAR NORMAL DEPARTURE LAST
                VALUE   (LST)  VALUE       VALUE  FROM      YEAR
                                                  NORMAL
..................................................................
TEMPERATURE (F)
 YESTERDAY
  MAXIMUM         70    316 PM  92    1980  76     -6       79
  MINIMUM         54   1159 PM  30    1986  52      2       51
  AVERAGE         62                        64     -2       65

PRECIPITATION (IN)
  YESTERDAY        0.77          1.34 1941   0.13   0.64     0.00
  MONTH TO DATE    5.30                      3.16   2.14     3.01
  SINCE MAR 1      9.55                      8.12   1.43     6.30
  SINCE JAN 1     20.07                     17.72   2.35    15.14

SNOWFALL (IN)
  YESTERDAY        0.0                       0.0             0.0
  MONTH TO DATE    0.0                       0.2             0.0
  SINCE MAR 1      0.0                       0.9             0.0
  SINCE JUL 1      0.0                       2.0              T

DEGREE DAYS
 HEATING
  YESTERDAY        3
  MONTH TO DATE   47
  SINCE MAR 1    322
  SINCE JUL 1   1795
..................................................................


WIND (MPH)
  HIGHEST WIND SPEED    16   HIGHEST WIND DIRECTION     W (270)
  HIGHEST GUST SPEED    21   HIGHEST GUST DIRECTION     W (270)
  AVERAGE WIND SPEED     6.0


SKY COVER
  AVERAGE SKY COVER 0.8


WEATHER CONDITIONS
 THE FOLLOWING WEATHER WAS RECORDED YESTERDAY.
  HEAVY RAIN
  RAIN
  LIGHT RAIN
  FOG


RELATIVE HUMIDITY (PERCENT)
 HIGHEST   100
 LOWEST     63
 AVERAGE    82

..........................................................


THE ANNISTON CLIMATE NORMALS FOR TODAY
                         NORMAL    RECORD    YEAR
 MAXIMUM TEMPERATURE (F)   76        90      1965
                                             1960
 MINIMUM TEMPERATURE (F)   52        34      2005
                                             1986


SUNRISE AND SUNSET
APRIL 24 2017.........SUNRISE   602 AM CDT   SUNSET   721 PM CDT
APRIL 25 2017.........SUNRISE   601 AM CDT   SUNSET   722 PM CDT


-  INDICATES NEGATIVE NUMBERS.
R  INDICATES RECORD WAS SET OR TIED.
MM INDICATES DATA IS MISSING.
T  INDICATES TRACE AMOUNT.




$$
