000
CDUS44 KBMX 060724
CLIANB


CLIMATE REPORT
NATIONAL WEATHER SERVICE BIRMINGHAM, AL
224 AM CDT MON JUL 6 2015


...................................

...THE ANNISTON CLIMATE SUMMARY FOR JULY 5 2015...

CLIMATE NORMAL PERIOD 1981 TO 2010
CLIMATE RECORD PERIOD 1903 TO 2015


WEATHER ITEM   OBSERVED TIME   RECORD YEAR NORMAL DEPARTURE LAST
                VALUE   (LST)  VALUE       VALUE  FROM      YEAR
                                                  NORMAL
..................................................................
TEMPERATURE (F)
 YESTERDAY
  MAXIMUM         85    318 PM 101    1954  90     -5       88
  MINIMUM         69    528 AM  59    1972  70     -1       61
                                      1961
  AVERAGE         77                        80     -3       75

PRECIPITATION (IN)
  YESTERDAY        0.33          1.52 2008   0.15   0.18     0.00
  MONTH TO DATE    3.01                      0.75   2.26     0.01
  SINCE JUN 1      5.64                      4.83   0.81     5.12
  SINCE JAN 1     30.16                     27.76   2.40    28.64

..................................................................


WIND (MPH)
  HIGHEST WIND SPEED    15   HIGHEST WIND DIRECTION     W (250)
  HIGHEST GUST SPEED    18   HIGHEST GUST DIRECTION     W (250)
  AVERAGE WIND SPEED     6.8


SKY COVER
  AVERAGE SKY COVER 0.5


WEATHER CONDITIONS
 THE FOLLOWING WEATHER WAS RECORDED YESTERDAY.
  HEAVY RAIN
  RAIN
  LIGHT RAIN
  FOG


RELATIVE HUMIDITY (PERCENT)
 HIGHEST    93
 LOWEST     55
 AVERAGE    74

..........................................................


THE ANNISTON CLIMATE NORMALS FOR TODAY
                         NORMAL    RECORD    YEAR
 MAXIMUM TEMPERATURE (F)   90       101      1954
 MINIMUM TEMPERATURE (F)   70        55      1970


SUNRISE AND SUNSET
JULY  6 2015..........SUNRISE   539 AM CDT   SUNSET   757 PM CDT
JULY  7 2015..........SUNRISE   540 AM CDT   SUNSET   757 PM CDT


-  INDICATES NEGATIVE NUMBERS.
R  INDICATES RECORD WAS SET OR TIED.
MM INDICATES DATA IS MISSING.
T  INDICATES TRACE AMOUNT.




$$
