070
CDUS44 KBMX 232147
CLIANB


CLIMATE REPORT
NATIONAL WEATHER SERVICE BIRMINGHAM, AL
446 PM CDT SAT SEP 23 2017


...................................

...THE ANNISTON CLIMATE SUMMARY FOR SEPTEMBER 23 2017...
VALID TODAY AS OF 0400 PM LOCAL TIME.

CLIMATE NORMAL PERIOD 1981 TO 2010
CLIMATE RECORD PERIOD 1903 TO 2017


WEATHER ITEM   OBSERVED RECORD YEAR NORMAL DEPARTURE LAST
                VALUE   VALUE       VALUE  FROM      YEAR
                                           NORMAL
...........................................................
TEMPERATURE (F)
 TODAY
  MAXIMUM         88     97    2016  82      6       97
  MINIMUM         68     40    1999  60      8       70
  AVERAGE         78

PRECIPITATION (IN)
  TODAY            0.00   3.33 1975   0.09  -0.09     0.00
  MONTH TO DATE    3.98               2.23   1.75     0.60
  SINCE SEP 1      3.98               2.23   1.75     0.60
  SINCE JAN 1     48.28              37.15  11.13    26.46

DEGREE DAYS

 COOLING
  TODAY           13                  7      6       19
  MONTH TO DATE  170                228    -58      364
  SINCE SEP 1    170                228    -58      364
  SINCE JAN 1   1736               1745     -9     2188
...........................................................


WIND (MPH)
  HIGHEST WIND SPEED     9   HIGHEST WIND DIRECTION    SE (140)
  HIGHEST GUST SPEED    13   HIGHEST GUST DIRECTION    SE (140)
  AVERAGE WIND SPEED     5.1


SKY COVER
  AVERAGE SKY COVER 0.0


WEATHER CONDITIONS
 THE FOLLOWING WEATHER WAS RECORDED TODAY.
  THUNDERSTORM
  FOG


RELATIVE HUMIDITY (PERCENT)
 HIGHEST    97
 LOWEST     46
 AVERAGE    72

..........................................................


THE ANNISTON CLIMATE NORMALS FOR TOMORROW
                         NORMAL    RECORD    YEAR
 MAXIMUM TEMPERATURE (F)   82        97      2016
 MINIMUM TEMPERATURE (F)   60        37      1903


SUNRISE AND SUNSET
SEPTEMBER 23 2017.....SUNRISE   632 AM CDT   SUNSET   638 PM CDT
SEPTEMBER 24 2017.....SUNRISE   633 AM CDT   SUNSET   637 PM CDT


-  INDICATES NEGATIVE NUMBERS.
R  INDICATES RECORD WAS SET OR TIED.
MM INDICATES DATA IS MISSING.
T  INDICATES TRACE AMOUNT.




$$
