000
CDUS44 KBMX 280647
CLIANB


CLIMATE REPORT
NATIONAL WEATHER SERVICE BIRMINGHAM, AL
145 AM CDT THU MAY 28 2015


...................................

...THE ANNISTON CLIMATE SUMMARY FOR MAY 27 2015...

CLIMATE NORMAL PERIOD 1981 TO 2010
CLIMATE RECORD PERIOD 1903 TO 2015


WEATHER ITEM   OBSERVED TIME   RECORD YEAR NORMAL DEPARTURE LAST
                VALUE   (LST)  VALUE       VALUE  FROM      YEAR
                                                  NORMAL
..................................................................
TEMPERATURE (F)
 YESTERDAY
  MAXIMUM         86    346 PM  93    1996  84      2       85
                                      1953
  MINIMUM         66   1258 AM  41    1961  62      4       66
  AVERAGE         76                        73      3       76

PRECIPITATION (IN)
  YESTERDAY        1.09          2.52 2008   0.12   0.97     0.00
  MONTH TO DATE    2.04                      3.74  -1.70     2.41
  SINCE MAR 1     15.87                     12.81   3.06    15.67
  SINCE JAN 1     24.03                     22.41   1.62    22.83

..................................................................


WIND (MPH)
  HIGHEST WIND SPEED    26   HIGHEST WIND DIRECTION     W (250)
  HIGHEST GUST SPEED    33   HIGHEST GUST DIRECTION     W (250)
  AVERAGE WIND SPEED     4.0


SKY COVER
  AVERAGE SKY COVER 0.4


WEATHER CONDITIONS
 THE FOLLOWING WEATHER WAS RECORDED YESTERDAY.
  THUNDERSTORM
  HEAVY RAIN
  RAIN
  LIGHT RAIN
  FOG


RELATIVE HUMIDITY (PERCENT)
 HIGHEST    93
 LOWEST     48
 AVERAGE    71

..........................................................


THE ANNISTON CLIMATE NORMALS FOR TODAY
                         NORMAL    RECORD    YEAR
 MAXIMUM TEMPERATURE (F)   84        96      1962
 MINIMUM TEMPERATURE (F)   62        42      1961


SUNRISE AND SUNSET
MAY 28 2015...........SUNRISE   536 AM CDT   SUNSET   746 PM CDT
MAY 29 2015...........SUNRISE   535 AM CDT   SUNSET   747 PM CDT


-  INDICATES NEGATIVE NUMBERS.
R  INDICATES RECORD WAS SET OR TIED.
MM INDICATES DATA IS MISSING.
T  INDICATES TRACE AMOUNT.




$$
