000
CDUS44 KBMX 132121
CLIANB


CLIMATE REPORT
NATIONAL WEATHER SERVICE BIRMINGHAM, AL
421 PM CDT SUN JUL 13 2014


...................................

...THE ANNISTON CLIMATE SUMMARY FOR JULY 13 2014...
VALID AS OF 0400 PM LOCAL TIME.

CLIMATE NORMAL PERIOD 1981 TO 2010
CLIMATE RECORD PERIOD 1903 TO 2014


WEATHER ITEM   OBSERVED TIME   RECORD YEAR NORMAL DEPARTURE LAST
                VALUE   (LST)  VALUE       VALUE  FROM      YEAR
                                                  NORMAL
..................................................................
TEMPERATURE (F)
 TODAY
  MAXIMUM         92    257 PM 105    1980  90      2       87
  MINIMUM         71    533 AM  60    1953  70      1       69
  AVERAGE         82

PRECIPITATION (IN)
  TODAY            0.00          2.14 2008   0.15  -0.15     0.00
  MONTH TO DATE    0.06                      1.94  -1.88     5.98
  SINCE JUN 1      5.17                      6.02  -0.85    12.67
  SINCE JAN 1     28.69                     28.95  -0.26    45.60

..................................................................


WIND (MPH)
  HIGHEST WIND SPEED    12   HIGHEST WIND DIRECTION     S (200)
  HIGHEST GUST SPEED    15   HIGHEST GUST DIRECTION     S (200)
  AVERAGE WIND SPEED     3.2


SKY COVER
  AVERAGE SKY COVER 0.1


WEATHER CONDITIONS
 THE FOLLOWING WEATHER WAS RECORDED TODAY.
  FOG


RELATIVE HUMIDITY (PERCENT)
 HIGHEST    93
 LOWEST     49
 AVERAGE    71

..........................................................


THE ANNISTON CLIMATE NORMALS FOR TOMORROW
                         NORMAL    RECORD    YEAR
 MAXIMUM TEMPERATURE (F)   90       101      1966
                                             1954
 MINIMUM TEMPERATURE (F)   70        56      1967


SUNRISE AND SUNSET
JULY 13 2014..........SUNRISE   543 AM CDT   SUNSET   755 PM CDT
JULY 14 2014..........SUNRISE   544 AM CDT   SUNSET   755 PM CDT


-  INDICATES NEGATIVE NUMBERS.
R  INDICATES RECORD WAS SET OR TIED.
MM INDICATES DATA IS MISSING.
T  INDICATES TRACE AMOUNT.




$$
