000
CDAK48 PAFC 261308
CLIANC

CLIMATE REPORT
NATIONAL WEATHER SERVICE ANCHORAGE, AK
407 AM AKST WED NOV 26 2014


...................................

...THE ANCHORAGE AK CLIMATE SUMMARY FOR NOVEMBER 25 2014...

CLIMATE NORMAL PERIOD 1981 TO 2010
CLIMATE RECORD PERIOD 1915 TO 2014


WEATHER ITEM   OBSERVED RECORD YEAR NORMAL DEPARTURE LAST
                VALUE   VALUE       VALUE  FROM      YEAR
                                           NORMAL
...........................................................
TEMPERATURE (F)
 YESTERDAY
  MAXIMUM         37     50    1943  26     11       28
                               1936
  MINIMUM         26    -15    1994  15     11       23
                               1927
  AVERAGE         32                 20     12       26

PRECIPITATION (IN)
  YESTERDAY        0.01   0.64 2010   0.04  -0.03
  MONTH TO DATE    0.23               0.97  -0.74
  SINCE SEP 1      5.44               5.99  -0.55
  SINCE JAN 1     17.75              15.28   2.47

SNOWFALL (IN)
  YESTERDAY        0.1    6.7  2010   0.5   -0.4
  MONTH TO DATE    0.1               10.4  -10.3
  SINCE SEP 1      3.9               18.7  -14.8
  SINCE JUL 1      3.9               18.7  -14.8
  SNOW DEPTH       T

DEGREE DAYS
 HEATING
  YESTERDAY       33                       -12
  MONTH TO DATE  792                      -266
  SINCE SEP 1   2154                      -334
  SINCE JUL 1   2503                      -435

 COOLING
  YESTERDAY        0                         0
  MONTH TO DATE    0                         0
  SINCE SEP 1      0                         0
  SINCE JAN 1      3                         1
...........................................................


WIND (MPH)
  HIGHEST WIND SPEED     8   HIGHEST WIND DIRECTION    SE (150)
  HIGHEST GUST SPEED    MM   HIGHEST GUST DIRECTION    MM
  AVERAGE WIND SPEED     1.7




RELATIVE HUMIDITY (PERCENT)
 HIGHEST    92
 LOWEST     75
 AVERAGE    84

..........................................................


THE ANCHORAGE AK CLIMATE NORMALS FOR TODAY
                         NORMAL    RECORD    YEAR
 MAXIMUM TEMPERATURE (F)   26        55      2002
 MINIMUM TEMPERATURE (F)   15       -18      1948
                                             1927


SUNRISE AND SUNSET
NOVEMBER 26 2014......SUNRISE   934 AM AKST  SUNSET   400 PM AKST
NOVEMBER 27 2014......SUNRISE   937 AM AKST  SUNSET   358 PM AKST

CIVIL TWILIGHT
NOVEMBER 26 2014        START   839 AM AKST     END   456 PM AKST
NOVEMBER 27 2014        START   841 AM AKST     END   455 PM AKST



-  INDICATES NEGATIVE NUMBERS.
R  INDICATES RECORD WAS SET OR TIED.
MM INDICATES DATA IS MISSING.
T  INDICATES TRACE AMOUNT.




$$
&&
------------------------------------------------------
AMOUNT OF DAYLIGHT TODAY  (HOUR:MIN)........ 6:25
GAIN/LOSS SINCE YESTERDAY (HOUR:MIN:SEC)....-0:04:10

-
