000
CDAK48 PAFC 102255
CLIANC


CLIMATE REPORT
NATIONAL WEATHER SERVICE ANCHORAGE, AK
255 PM AKDT THU JUL 10 2014


...................................

...THE ANCHORAGE AK CLIMATE SUMMARY FOR JULY 10 2014...
VALID TODAY AS OF 0200 PM LOCAL TIME.

CLIMATE NORMAL PERIOD 1981 TO 2010
CLIMATE RECORD PERIOD 1915 TO 2014


WEATHER ITEM   OBSERVED RECORD YEAR NORMAL DEPARTURE LAST
                VALUE   VALUE       VALUE  FROM      YEAR
                                           NORMAL
...........................................................
TEMPERATURE (F)
 TODAY
  MAXIMUM         MM     82    1951  65     MM       72
  MINIMUM         MM     37    1934  52     MM       53
  AVERAGE         MM                 59              63

PRECIPITATION (IN)
  TODAY            0.43   0.62 1981   0.05   0.38      T
  MONTH TO DATE    0.72               0.46   0.26     0.72
  SINCE JUN 1      4.05               1.43   2.62     1.18
  SINCE JAN 1      7.28               4.67   2.61     7.56

SNOWFALL (IN)
  TODAY           MM      0.0    MM   0.0   MM        0.0
  MONTH TO DATE    0.0                0.0    0.0      0.0
  SINCE JUN 1      0.0                0.0    0.0      0.0
  SINCE JUL 1      0.0                0.0    0.0      0.0
  SNOW DEPTH       0

DEGREE DAYS
 HEATING
  TODAY           MM                  6     MM        2
  MONTH TO DATE   34                 69    -35       85
  SINCE JUN 1    362                362      0      269
  SINCE JUL 1     34                 69    -35       85

 COOLING
  TODAY           MM                  0     MM        0
  MONTH TO DATE    3                  0      3        0
  SINCE JUN 1      3                  0      3        7
  SINCE JAN 1      3                  0      3        7
...........................................................


WIND (MPH)
  RESULTANT WIND SPEED   5   RESULTANT WIND DIRECTION   N (360)
  HIGHEST WIND SPEED     9   HIGHEST WIND DIRECTION     N (340)
  HIGHEST GUST SPEED    MM   HIGHEST GUST DIRECTION    MM
  AVERAGE WIND SPEED     5.4


SKY COVER
  POSSIBLE SUNSHINE  MM
  AVERAGE SKY COVER 1.0


WEATHER CONDITIONS
 THE FOLLOWING WEATHER WAS RECORDED TODAY.
  LIGHT RAIN
  FOG


RELATIVE HUMIDITY (PERCENT)
 HIGHEST    93          1200 AM
 LOWEST     86           100 AM
 AVERAGE    90

..........................................................


THE ANCHORAGE AK CLIMATE NORMALS FOR TOMORROW
                         NORMAL    RECORD    YEAR
 MAXIMUM TEMPERATURE (F)   65        81      2004
                                             1977
 MINIMUM TEMPERATURE (F)   52        35      1934


SUNRISE AND SUNSET
JULY 10 2014..........SUNRISE   443 AM AKDT  SUNSET  1127 PM AKDT
JULY 11 2014..........SUNRISE   445 AM AKDT  SUNSET  1125 PM AKDT


-  INDICATES NEGATIVE NUMBERS.
R  INDICATES RECORD WAS SET OR TIED.
MM INDICATES DATA IS MISSING.
T  INDICATES TRACE AMOUNT.




$$
