000
CDAK48 PAFC 291250
CLIANC

CLIMATE REPORT
NATIONAL WEATHER SERVICE ANCHORAGE, AK
449 AM AKDT WED JUL 29 2015


...................................

...THE ANCHORAGE AK CLIMATE SUMMARY FOR JULY 28 2015...

CLIMATE NORMAL PERIOD 1981 TO 2010
CLIMATE RECORD PERIOD 1952 TO 2015


WEATHER ITEM   OBSERVED RECORD YEAR NORMAL DEPARTURE LAST
                VALUE   VALUE       VALUE  FROM      YEAR
                                           NORMAL
...........................................................
TEMPERATURE (F)
 YESTERDAY
  MAXIMUM         68     76    1993  66      2       66
                               1987
  MINIMUM         58     43    1957  53      5       53
  AVERAGE         63                 59      4       60

PRECIPITATION (IN)
  YESTERDAY        0.10   1.03 1952   0.07   0.03
  MONTH TO DATE    2.14               1.60   0.54
  SINCE JUN 1      3.07               2.57   0.50
  SINCE JAN 1      6.13               5.81   0.32

SNOWFALL (IN)
  YESTERDAY        0.0    0.0    MM   0.0    0.0
  MONTH TO DATE    0.0                0.0    0.0
  SINCE JUN 1      0.0                0.0    0.0
  SINCE JUL 1      0.0                0.0    0.0
  SNOW DEPTH       0

DEGREE DAYS
 HEATING
  YESTERDAY        2                        -4
  MONTH TO DATE   87                       -90
  SINCE JUN 1    260                      -210
  SINCE JUL 1     87                       -90

 COOLING
  YESTERDAY        0                         0
  MONTH TO DATE   10                        10
  SINCE JUN 1     26                        26
  SINCE JAN 1     26                        26
...........................................................


WIND (MPH)
  HIGHEST WIND SPEED    10   HIGHEST WIND DIRECTION    SE (150)
  HIGHEST GUST SPEED    21   HIGHEST GUST DIRECTION    SE (150)
  AVERAGE WIND SPEED     5.9




RELATIVE HUMIDITY (PERCENT)
 HIGHEST    86
 LOWEST     56
 AVERAGE    71

..........................................................


THE ANCHORAGE AK CLIMATE NORMALS FOR TODAY
                         NORMAL    RECORD    YEAR
 MAXIMUM TEMPERATURE (F)   66        79      1977
 MINIMUM TEMPERATURE (F)   53        44      1971


SUNRISE AND SUNSET
JULY 29 2015..........SUNRISE   525 AM AKDT  SUNSET  1046 PM AKDT
JULY 30 2015..........SUNRISE   528 AM AKDT  SUNSET  1044 PM AKDT

CIVIL TWILIGHT
JULY 29 2015            START   416 AM AKDT     END  1155 PM AKDT
JULY 30 2015            START   420 AM AKDT     END  1151 PM AKDT



-  INDICATES NEGATIVE NUMBERS.
R  INDICATES RECORD WAS SET OR TIED.
MM INDICATES DATA IS MISSING.
T  INDICATES TRACE AMOUNT.




$$
&&
------------------------------------------------------
AMOUNT OF DAYLIGHT TODAY  (HOUR:MIN)........17:21
GAIN/LOSS SINCE YESTERDAY (HOUR:MIN:SEC)....-0:05:03
