000
CDAK48 PAFC 071242
CLIANC

CLIMATE REPORT
NATIONAL WEATHER SERVICE ANCHORAGE, AK
441 AM AKDT TUE JUL 7 2015


...................................

...THE ANCHORAGE AK CLIMATE SUMMARY FOR JULY 6 2015...

CLIMATE NORMAL PERIOD 1981 TO 2010
CLIMATE RECORD PERIOD 1952 TO 2015


WEATHER ITEM   OBSERVED RECORD YEAR NORMAL DEPARTURE LAST
                VALUE   VALUE       VALUE  FROM      YEAR
                                           NORMAL
...........................................................
TEMPERATURE (F)
 YESTERDAY
  MAXIMUM         81R    80    1972  65     16       60
  MINIMUM         59     43    1958  52      7       56
  AVERAGE         70                 58     12       58

PRECIPITATION (IN)
  YESTERDAY        T      0.32 1960   0.04  -0.04
  MONTH TO DATE    0.02               0.26  -0.24
  SINCE JUN 1      0.95               1.23  -0.28
  SINCE JAN 1      4.01               4.47  -0.46

SNOWFALL (IN)
  YESTERDAY        0.0    0.0    MM   0.0    0.0
  MONTH TO DATE    0.0                0.0    0.0
  SINCE JUN 1      0.0                0.0    0.0
  SINCE JUL 1      0.0                0.0    0.0
  SNOW DEPTH       0

DEGREE DAYS
 HEATING
  YESTERDAY        0                        -7
  MONTH TO DATE   18                       -24
  SINCE JUN 1    191                      -144
  SINCE JUL 1     18                       -24

 COOLING
  YESTERDAY        5                         5
  MONTH TO DATE    8                         8
  SINCE JUN 1     24                        24
  SINCE JAN 1     24                        24
...........................................................


WIND (MPH)
  HIGHEST WIND SPEED    21   HIGHEST WIND DIRECTION    SE (150)
  HIGHEST GUST SPEED    37   HIGHEST GUST DIRECTION     S (160)
  AVERAGE WIND SPEED     7.1




RELATIVE HUMIDITY (PERCENT)
 HIGHEST    78
 LOWEST     35
 AVERAGE    57

..........................................................


THE ANCHORAGE AK CLIMATE NORMALS FOR TODAY
                         NORMAL    RECORD    YEAR
 MAXIMUM TEMPERATURE (F)   65        79      2009
 MINIMUM TEMPERATURE (F)   52        43      1987
                                             1964


SUNRISE AND SUNSET
JULY  7 2015..........SUNRISE   437 AM AKDT  SUNSET  1132 PM AKDT
JULY  8 2015..........SUNRISE   439 AM AKDT  SUNSET  1130 PM AKDT

CIVIL TWILIGHT
JULY 7 2015             START   237 AM AKDT     END   128 AM AKDT
JULY 8 2015             START   243 AM AKDT     END   122 AM AKDT



-  INDICATES NEGATIVE NUMBERS.
R  INDICATES RECORD WAS SET OR TIED.
MM INDICATES DATA IS MISSING.
T  INDICATES TRACE AMOUNT.




$$
&&
------------------------------------------------------
AMOUNT OF DAYLIGHT TODAY  (HOUR:MIN)........18:55
GAIN/LOSS SINCE YESTERDAY (HOUR:MIN:SEC)....-0:02:58

$$
