000
CDAK48 PAFC 201004
CLIANC

CLIMATE REPORT
NATIONAL WEATHER SERVICE ANCHORAGE, AK
202 AM AKDT THU JUL 20 2017


...................................

...THE ANCHORAGE AK CLIMATE SUMMARY FOR JULY 19 2017...

CLIMATE NORMAL PERIOD 1981 TO 2010
CLIMATE RECORD PERIOD 1952 TO 2017


WEATHER ITEM   OBSERVED TIME   RECORD YEAR NORMAL DEPARTURE LAST
                VALUE   (LST)  VALUE       VALUE  FROM      YEAR
                                                  NORMAL
..................................................................
TEMPERATURE (F)
 YESTERDAY
  MAXIMUM         59    818 PM  79    2016  66     -7       79
  MINIMUM         55    721 AM  42    1955  53      2       62
  AVERAGE         57                        59     -2       71

PRECIPITATION (IN)
  YESTERDAY        0.37          0.39 1981   0.06   0.31
  MONTH TO DATE    1.88                      1.00   0.88
  SINCE JUN 1      2.75                      1.97   0.78
  SINCE JAN 1      7.58                      5.21   2.37

SNOWFALL (IN)
  YESTERDAY        0.0           0.0    MM   0.0    0.0      0.0
  MONTH TO DATE    0.0                       0.0    0.0      0.0
  SINCE JUN 1      0.0                       0.0    0.0      0.0
  SINCE JUL 1      0.0                       0.0    0.0      0.0
  SNOW DEPTH       0

DEGREE DAYS
 HEATING
  YESTERDAY        8                                2
  MONTH TO DATE  105                              -18
  SINCE JUN 1    388                              -28
  SINCE JUL 1    105                              -18

 COOLING
  YESTERDAY        0                                0
  MONTH TO DATE    1                                1
  SINCE JUN 1      1                                1
  SINCE JAN 1      1                                1
..................................................................


WIND (MPH)
  HIGHEST WIND SPEED     9   HIGHEST WIND DIRECTION    NW (320)
  HIGHEST GUST SPEED    12   HIGHEST GUST DIRECTION     N (350)
  AVERAGE WIND SPEED     3.3




RELATIVE HUMIDITY (PERCENT)
 HIGHEST   100
 LOWEST     86
 AVERAGE    93

..........................................................


THE ANCHORAGE AK CLIMATE NORMALS FOR TODAY
                         NORMAL    RECORD    YEAR
 MAXIMUM TEMPERATURE (F)   66        76      2016
 MINIMUM TEMPERATURE (F)   53        41      1956


SUNRISE AND SUNSET
JULY 20 2017..........SUNRISE   504 AM AKDT  SUNSET  1107 PM AKDT
JULY 21 2017..........SUNRISE   507 AM AKDT  SUNSET  1105 PM AKDT

CIVIL TWILIGHT
JULY 20 2017            START    343 AM GMT     END   1227 AM GMT
JULY 21 2017            START    347 AM GMT     END   1223 AM GMT



-  INDICATES NEGATIVE NUMBERS.
R  INDICATES RECORD WAS SET OR TIED.
MM INDICATES DATA IS MISSING.
T  INDICATES TRACE AMOUNT.




$$
&&
------------------------------------------------------
AMOUNT OF DAYLIGHT TODAY  (HOUR:MIN)........18:03
GAIN/LOSS SINCE YESTERDAY (HOUR:MIN:SEC)....-0:04:31
