000
CDAK48 PAFC 211331 RRA
CLIANC

CLIMATE REPORT
NATIONAL WEATHER SERVICE ANCHORAGE, AK
429 AM AKST SUN JAN 21 2018


...................................

...THE ANCHORAGE AK CLIMATE SUMMARY FOR JANUARY 20 2018...

CLIMATE NORMAL PERIOD 1981 TO 2010
CLIMATE RECORD PERIOD 1952 TO 2018


WEATHER ITEM   OBSERVED TIME   RECORD YEAR NORMAL DEPARTURE LAST
                VALUE   (LST)  VALUE       VALUE  FROM      YEAR
                                                  NORMAL
..................................................................
TEMPERATURE (F)
 YESTERDAY
  MAXIMUM         23        MM  46    1985  23      0       12
                                      1980
                                      1961
  MINIMUM         11        MM -20    1989  11      0       -5
  AVERAGE         17                        17      0        4

PRECIPITATION (IN)
  YESTERDAY        0.00          0.38 1961   0.02  -0.02
  MONTH TO DATE    0.56                      0.47   0.09
  SINCE SEP 1      7.27                      7.76  -0.49
  SINCE JAN 1      0.56                      0.47   0.09

SNOWFALL (IN)
  YESTERDAY        0.0           2.2  2017   0.4   -0.4      2.2
  MONTH TO DATE    4.2                       7.3   -3.1     13.0
  SINCE SEP 1     14.6                      45.4  -30.8     33.8
  SINCE JUL 1     14.6                      45.4  -30.8     33.8
  SNOW DEPTH       5

DEGREE DAYS
 HEATING
  YESTERDAY       48                                0
  MONTH TO DATE  814                             -143
  SINCE DEC 1   2000                             -383
  SINCE JUL 1   4874                             -673

 COOLING
  YESTERDAY        0                                0
  MONTH TO DATE    0                                0
  SINCE DEC 1      0                                0
  SINCE JAN 1      0                                0
..................................................................


WIND (MPH)
  HIGHEST WIND SPEED    10   HIGHEST WIND DIRECTION     N (20)
  HIGHEST GUST SPEED    MM   HIGHEST GUST DIRECTION    MM
  AVERAGE WIND SPEED     6.4




RELATIVE HUMIDITY (PERCENT)
 HIGHEST    92
 LOWEST     43
 AVERAGE    68

..........................................................


THE ANCHORAGE AK CLIMATE NORMALS FOR TODAY
                         NORMAL    RECORD    YEAR
 MAXIMUM TEMPERATURE (F)   23        45      2014
                                             1980
 MINIMUM TEMPERATURE (F)   11       -23      1989


SUNRISE AND SUNSET
JANUARY 21 2018.......SUNRISE   945 AM AKST  SUNSET   439 PM AKST
JANUARY 22 2018.......SUNRISE   943 AM AKST  SUNSET   441 PM AKST

CIVIL TWILIGHT
JANUARY 21 2018         START    852 AM GMT     END    532 PM GMT
JANUARY 22 2018         START    850 AM GMT     END    535 PM GMT



-  INDICATES NEGATIVE NUMBERS.
R  INDICATES RECORD WAS SET OR TIED.
MM INDICATES DATA IS MISSING.
T  INDICATES TRACE AMOUNT.




$$
&&
------------------------------------------------------
AMOUNT OF DAYLIGHT TODAY  (HOUR:MIN)........ 6:54
GAIN/LOSS SINCE YESTERDAY (HOUR:MIN:SEC)....+0:04:40

$$
