000
CDAK48 PAFC 220037
CLIANC

CLIMATE REPORT
NATIONAL WEATHER SERVICE ANCHORAGE, AK
337 PM AKST FRI NOV 21 2014


...................................

...THE ANCHORAGE AK CLIMATE SUMMARY FOR NOVEMBER 21 2014...
VALID TODAY AS OF 0300 PM LOCAL TIME.

CLIMATE NORMAL PERIOD 1981 TO 2010
CLIMATE RECORD PERIOD 1915 TO 2014


WEATHER ITEM   OBSERVED RECORD YEAR NORMAL DEPARTURE LAST
                VALUE   VALUE       VALUE  FROM      YEAR
                                           NORMAL
...........................................................
TEMPERATURE (F)
 TODAY
  MAXIMUM         36     50    1949  26     10       17
  MINIMUM         32    -13    1955  15     17        2
  AVERAGE         34                 21              10

PRECIPITATION (IN)
  TODAY            0.00   0.69 1967   0.04  -0.04     0.01
  MONTH TO DATE    0.22               0.82  -0.60     1.51
  SINCE SEP 1      5.43               5.84  -0.41    10.58
  SINCE JAN 1     17.74              15.13   2.61    23.94

SNOWFALL (IN)
  TODAY            0.0    5.2  1994   0.5   -0.5      0.2
  MONTH TO DATE    T                  8.4   -8.4      7.7
  SINCE SEP 1      3.8               16.7  -12.9      7.7
  SINCE JUL 1      3.8               16.7  -12.9      7.7
  SNOW DEPTH       0

DEGREE DAYS
 HEATING
  TODAY           31                 44    -13       55
  MONTH TO DATE  656                879   -223      873
  SINCE SEP 1   2018               2309   -291     2055
  SINCE JUL 1   2367               2759   -392     2396

 COOLING
  TODAY            0                  0      0        0
  MONTH TO DATE    0                  0      0        0
  SINCE SEP 1      0                  0      0        0
  SINCE JAN 1      3                  2      1       21
...........................................................


WIND (MPH)
  RESULTANT WIND SPEED   4   RESULTANT WIND DIRECTION  NW (330)
  HIGHEST WIND SPEED     7   HIGHEST WIND DIRECTION    NW (310)
  HIGHEST GUST SPEED    MM   HIGHEST GUST DIRECTION    MM
  AVERAGE WIND SPEED     5.0


SKY COVER
  POSSIBLE SUNSHINE  MM
  AVERAGE SKY COVER 0.9


WEATHER CONDITIONS
 THE FOLLOWING WEATHER WAS RECORDED TODAY.
  NO SIGNIFICANT WEATHER WAS OBSERVED.


RELATIVE HUMIDITY (PERCENT)
 HIGHEST    78           100 AM
 LOWEST     52           900 AM
 AVERAGE    65

..........................................................


THE ANCHORAGE AK CLIMATE NORMALS FOR TOMORROW
                         NORMAL    RECORD    YEAR
 MAXIMUM TEMPERATURE (F)   26        52      1947
 MINIMUM TEMPERATURE (F)   15       -15      1955


SUNRISE AND SUNSET
NOVEMBER 21 2014......SUNRISE   922 AM AKST  SUNSET   409 PM AKST
NOVEMBER 22 2014......SUNRISE   925 AM AKST  SUNSET   407 PM AKST

CIVIL TWILIGHT
NOVEMBER 21 2014        START   828 AM AKST     END   504 PM AKST
NOVEMBER 22 2014        START   831 AM AKST     END   502 PM AKST



-  INDICATES NEGATIVE NUMBERS.
R  INDICATES RECORD WAS SET OR TIED.
MM INDICATES DATA IS MISSING.
T  INDICATES TRACE AMOUNT.




$$
&&
------------------------------------------------------
AMOUNT OF DAYLIGHT TODAY  (HOUR:MIN)........ 6:47
GAIN/LOSS SINCE YESTERDAY (HOUR:MIN:SEC)....-0:04:36
