000
CDAK48 PAFC 221257
CLIANC

CLIMATE REPORT
NATIONAL WEATHER SERVICE ANCHORAGE, AK
455 AM AKDT FRI SEP 22 2017


...................................

...THE ANCHORAGE AK CLIMATE SUMMARY FOR SEPTEMBER 21 2017...

CLIMATE NORMAL PERIOD 1981 TO 2010
CLIMATE RECORD PERIOD 1952 TO 2017


WEATHER ITEM   OBSERVED TIME   RECORD YEAR NORMAL DEPARTURE LAST
                VALUE   (LST)  VALUE       VALUE  FROM      YEAR
                                                  NORMAL
..................................................................
TEMPERATURE (F)
 YESTERDAY
  MAXIMUM         48        MM  67    1995  53     -5       58
  MINIMUM         43        MM  28    1992  40      3       48
  AVERAGE         46                        47     -1       53

PRECIPITATION (IN)
  YESTERDAY        0.34          0.81 1996   0.10   0.24
  MONTH TO DATE    1.69                      2.11  -0.42
  SINCE SEP 1      1.69                      2.11  -0.42
  SINCE JAN 1     13.63                     11.40   2.23

SNOWFALL (IN)
  YESTERDAY        0.0           0.1  1996   0.0    0.0      0.0
  MONTH TO DATE    0.0                       0.1   -0.1      0.0
  SINCE SEP 1      0.0                       0.1   -0.1      0.0
  SINCE JUL 1      0.0                       0.1   -0.1      0.0
  SNOW DEPTH       0

DEGREE DAYS
 HEATING
  YESTERDAY       19                                1
  MONTH TO DATE  260                              -50
  SINCE SEP 1    260                              -50
  SINCE JUL 1    628                             -132

 COOLING
  YESTERDAY        0                                0
  MONTH TO DATE    0                                0
  SINCE SEP 1      0                                0
  SINCE JAN 1      3                                1
..................................................................


WIND (MPH)
  HIGHEST WIND SPEED     7   HIGHEST WIND DIRECTION     N (340)
  HIGHEST GUST SPEED    MM   HIGHEST GUST DIRECTION    MM
  AVERAGE WIND SPEED     4.3




RELATIVE HUMIDITY (PERCENT)
 HIGHEST   100
 LOWEST     86
 AVERAGE    93

..........................................................


THE ANCHORAGE AK CLIMATE NORMALS FOR TODAY
                         NORMAL    RECORD    YEAR
 MAXIMUM TEMPERATURE (F)   53        69      1965
 MINIMUM TEMPERATURE (F)   40        24      1992


SUNRISE AND SUNSET
SEPTEMBER 22 2017.....SUNRISE   745 AM AKDT  SUNSET   758 PM AKDT
SEPTEMBER 23 2017.....SUNRISE   748 AM AKDT  SUNSET   755 PM AKDT

CIVIL TWILIGHT
SEPTEMBER 22 2017       START    702 AM GMT     END    842 PM GMT
SEPTEMBER 23 2017       START    705 AM GMT     END    839 PM GMT



-  INDICATES NEGATIVE NUMBERS.
R  INDICATES RECORD WAS SET OR TIED.
MM INDICATES DATA IS MISSING.
T  INDICATES TRACE AMOUNT.




$$
&&
------------------------------------------------------
AMOUNT OF DAYLIGHT TODAY  (HOUR:MIN)........12:13
GAIN/LOSS SINCE YESTERDAY (HOUR:MIN:SEC)....-0:05:39

$$
