000
CDAK48 PAFC 031246
CLIANC

CLIMATE REPORT
NATIONAL WEATHER SERVICE ANCHORAGE, AK
445 AM AKDT WED JUN 3 2015


...................................

...THE ANCHORAGE AK CLIMATE SUMMARY FOR JUNE 2 2015...

CLIMATE NORMAL PERIOD 1981 TO 2010
CLIMATE RECORD PERIOD 1952 TO 2015


WEATHER ITEM   OBSERVED RECORD YEAR NORMAL DEPARTURE LAST
                VALUE   VALUE       VALUE  FROM      YEAR
                                           NORMAL
...........................................................
TEMPERATURE (F)
 YESTERDAY
  MAXIMUM         59     73    2001  61     -2       59
                               1953
  MINIMUM         52     34    1985  45      7       41
  AVERAGE         56                 53      3       50

PRECIPITATION (IN)
  YESTERDAY        0.40R  0.38 2013   0.03   0.37
  MONTH TO DATE    0.40               0.06   0.34
  SINCE MAR 1      2.38               1.85   0.53
  SINCE JAN 1      3.46               3.30   0.16

SNOWFALL (IN)
  YESTERDAY        0.0    0.0    MM   0.0    0.0
  MONTH TO DATE    0.0                0.0    0.0
  SINCE MAR 1      4.6               14.2   -9.6
  SINCE JUL 1     25.1               74.5  -49.4
  SNOW DEPTH       0

DEGREE DAYS
 HEATING
  YESTERDAY        9                        -3
  MONTH TO DATE   14                       -11
  SINCE JUN 1     14                       -11
  SINCE JUL 1   8628                     -1297

 COOLING
  YESTERDAY        0                         0
  MONTH TO DATE    0                         0
  SINCE JUN 1      0                         0
  SINCE JAN 1      0                         0
...........................................................


WIND (MPH)
  HIGHEST WIND SPEED    14   HIGHEST WIND DIRECTION    SE (150)
  HIGHEST GUST SPEED    21   HIGHEST GUST DIRECTION     S (180)
  AVERAGE WIND SPEED     6.7




RELATIVE HUMIDITY (PERCENT)
 HIGHEST    89
 LOWEST     72
 AVERAGE    81

..........................................................


THE ANCHORAGE AK CLIMATE NORMALS FOR TODAY
                         NORMAL    RECORD    YEAR
 MAXIMUM TEMPERATURE (F)   61        74      1957
 MINIMUM TEMPERATURE (F)   45        37      2000


SUNRISE AND SUNSET
JUNE  3 2015..........SUNRISE   434 AM AKDT  SUNSET  1124 PM AKDT
JUNE  4 2015..........SUNRISE   432 AM AKDT  SUNSET  1126 PM AKDT

CIVIL TWILIGHT
JUNE 3 2015             START   245 AM AKDT     END   117 AM AKDT
JUNE 4 2015             START   240 AM AKDT     END   124 AM AKDT



-  INDICATES NEGATIVE NUMBERS.
R  INDICATES RECORD WAS SET OR TIED.
MM INDICATES DATA IS MISSING.
T  INDICATES TRACE AMOUNT.




$$
&&
------------------------------------------------------
AMOUNT OF DAYLIGHT TODAY  (HOUR:MIN)........18:50
GAIN/LOSS SINCE YESTERDAY (HOUR:MIN:SEC)....+0:03:21
