360
CDAK48 PAFC 230040
CLIANC


CLIMATE REPORT
NATIONAL WEATHER SERVICE ANCHORAGE, AK
440 PM AKDT WED MAR 22 2017


...................................

...THE ANCHORAGE AK CLIMATE SUMMARY FOR MARCH 22 2017...
VALID TODAY AS OF 0400 PM LOCAL TIME.

CLIMATE NORMAL PERIOD 1981 TO 2010
CLIMATE RECORD PERIOD 1952 TO 2017


WEATHER ITEM   OBSERVED TIME   RECORD YEAR NORMAL DEPARTURE LAST
                VALUE   (LST)  VALUE       VALUE  FROM      YEAR
                                                  NORMAL
..................................................................
TEMPERATURE (F)
 TODAY
  MAXIMUM         30    100 PM  49    2016  35     -5       49
  MINIMUM          7        MM -10    1959  21    -14       31
  AVERAGE         19                        28     -9       40

PRECIPITATION (IN)
  TODAY            0.00          0.45 1964   0.02  -0.02     0.00
  MONTH TO DATE    0.00                      0.44  -0.44     0.65
  SINCE MAR 1      0.00                      0.44  -0.44     0.65
  SINCE JAN 1      2.70                      1.89   0.81     1.23

SNOWFALL (IN)
  TODAY            0.0           5.6  1964   0.3   -0.3      0.0
  MONTH TO DATE    0.0                       7.4   -7.4     10.7
  SINCE MAR 1      0.0                       7.4   -7.4     10.7
  SINCE JUL 1     72.1                      67.7    4.4     38.3
  SNOW DEPTH      21

DEGREE DAYS
 HEATING
  TODAY           46                        37      9       25
  MONTH TO DATE 1059                       873    186      740
  SINCE MAR 1   1059                       873    186      740
  SINCE JUL 1   8097                      8202   -105     7076

 COOLING
  TODAY            0                         0      0        0
  MONTH TO DATE    0                         0      0        0
  SINCE MAR 1      0                         0      0        0
  SINCE JAN 1      0                         0      0        0
..................................................................


WIND (MPH)
  RESULTANT WIND SPEED   3   RESULTANT WIND DIRECTION   N (20)
  HIGHEST WIND SPEED     9   HIGHEST WIND DIRECTION     N (360)
  HIGHEST GUST SPEED    MM   HIGHEST GUST DIRECTION    MM
  AVERAGE WIND SPEED     3.5


SKY COVER
  POSSIBLE SUNSHINE  MM
  AVERAGE SKY COVER 0.0


WEATHER CONDITIONS
 THE FOLLOWING WEATHER WAS RECORDED TODAY.
  NO SIGNIFICANT WEATHER WAS OBSERVED.


RELATIVE HUMIDITY (PERCENT)
 HIGHEST    67           600 AM
 LOWEST     39           100 PM
 AVERAGE    53

..........................................................


THE ANCHORAGE AK CLIMATE NORMALS FOR TOMORROW
                         NORMAL    RECORD    YEAR
 MAXIMUM TEMPERATURE (F)   36        50      2016
 MINIMUM TEMPERATURE (F)   21        -8      1962
                                             1959


SUNRISE AND SUNSET
MARCH 22 2017.........SUNRISE   754 AM AKDT  SUNSET   822 PM AKDT
MARCH 23 2017.........SUNRISE   750 AM AKDT  SUNSET   824 PM AKDT


-  INDICATES NEGATIVE NUMBERS.
R  INDICATES RECORD WAS SET OR TIED.
MM INDICATES DATA IS MISSING.
T  INDICATES TRACE AMOUNT.




$$
