361
CDAK48 PAFC 251331
CLIANC

CLIMATE REPORT
NATIONAL WEATHER SERVICE ANCHORAGE, AK
430 AM AKST SAT FEB 25 2017


...................................

...THE ANCHORAGE AK CLIMATE SUMMARY FOR FEBRUARY 24 2017...

CLIMATE NORMAL PERIOD 1981 TO 2010
CLIMATE RECORD PERIOD 1952 TO 2017


WEATHER ITEM   OBSERVED TIME   RECORD YEAR NORMAL DEPARTURE LAST
                VALUE   (LST)  VALUE       VALUE  FROM      YEAR
                                                  NORMAL
..................................................................
TEMPERATURE (F)
 YESTERDAY
  MAXIMUM         30    248 PM  46    1978  29      1       44
  MINIMUM         24    646 PM -11    1995  15      9       31
  AVERAGE         27                        22      5       38

PRECIPITATION (IN)
  YESTERDAY        0.06          0.24 1990   0.03   0.03
  MONTH TO DATE    0.97                      0.64   0.33
  SINCE DEC 1      4.15                      2.48   1.67
  SINCE JAN 1      2.68                      1.37   1.31

SNOWFALL (IN)
  YESTERDAY        0.3           3.5  1990   0.3    0.0       T
  MONTH TO DATE   19.1                       9.6    9.5      1.8
  SINCE DEC 1     67.7                      37.6   30.1      7.9
  SINCE JUL 1     71.6                      59.0   12.6     27.6
  SNOW DEPTH      25

DEGREE DAYS
 HEATING
  YESTERDAY       38                               -5
  MONTH TO DATE 1117                               32
  SINCE DEC 1   4213                              217
  SINCE JUL 1   6866                             -294

 COOLING
  YESTERDAY        0                                0
  MONTH TO DATE    0                                0
  SINCE DEC 1      0                                0
  SINCE JAN 1      0                                0
..................................................................


WIND (MPH)
  HIGHEST WIND SPEED     9   HIGHEST WIND DIRECTION     S (200)
  HIGHEST GUST SPEED    16   HIGHEST GUST DIRECTION     S (170)
  AVERAGE WIND SPEED     3.9




RELATIVE HUMIDITY (PERCENT)
 HIGHEST    92
 LOWEST     81
 AVERAGE    87

..........................................................


THE ANCHORAGE AK CLIMATE NORMALS FOR TODAY
                         NORMAL    RECORD    YEAR
 MAXIMUM TEMPERATURE (F)   29        46      2016
                                             1978
 MINIMUM TEMPERATURE (F)   15       -15      1971


SUNRISE AND SUNSET
FEBRUARY 25 2017......SUNRISE   811 AM AKST  SUNSET   616 PM AKST
FEBRUARY 26 2017......SUNRISE   808 AM AKST  SUNSET   619 PM AKST

CIVIL TWILIGHT
FEBRUARY 25 2017        START    728 AM GMT     END    700 PM GMT
FEBRUARY 26 2017        START    725 AM GMT     END    703 PM GMT



-  INDICATES NEGATIVE NUMBERS.
R  INDICATES RECORD WAS SET OR TIED.
MM INDICATES DATA IS MISSING.
T  INDICATES TRACE AMOUNT.




$$
&&
------------------------------------------------------
AMOUNT OF DAYLIGHT TODAY  (HOUR:MIN)........10:05
GAIN/LOSS SINCE YESTERDAY (HOUR:MIN:SEC)....+0:05:43

$$
